000
CXUS56 KOTX 111656
CF6GEG
PRELIMINARY LOCAL CLIMATOLOGICAL DATA (WS FORM: F-6)
STATION: SPOKANE WA AIRPORT
MONTH: OCTOBER
YEAR: 2023
LATITUDE: 47 37 N
LONGITUDE: 117 32 W
TEMPERATURE IN F: :PCPN: SNOW: WIND :SUNSHINE: SKY :PK WND
================================================================================
1 2 3 4 5 6A 6B 7 8 9 10 11 12 13 14 15 16 17 18
12Z AVG MX 2MIN
DY MAX MIN AVG DEP HDD CDD WTR SNW DPTH SPD SPD DIR MIN PSBL S-S WX SPD DR
================================================================================
1 65 42 54 -1 11 0 0.00 0.0 0 5.3 15 20 M M 4 8 20 20
2 64 46 55 1 10 0 0.01 0.0 0 8.3 17 230 M M 8 20 230
3 68 52 60 6 5 0 0.00 0.0 0 6.5 16 210 M M 8 1 21 200
4 73 48 61 7 4 0 0.00 0.0 0 8.2 15 240 M M 6 20 210
5 74 50 62 9 3 0 0.00 0.0 0 6.1 17 360 M M 2 22 360
6 73 47 60 7 5 0 0.00 0.0 0 5.6 10 60 M M 1 14 60
7 76 47 62 10 3 0 0.00 0.0 0 6.5 13 40 M M 1 14 40
8 81 52 67 15 0 2 0.00 0.0 0 6.3 13 210 M M 1 16 80
9 79 53 66 15 0 1 0.00 0.0 0 9.2 20 210 M M 6 26 200
10 58 48 53 2 12 0 0.07 0.0 0 6.1 13 210 M M 9 1 17 210
11 53 46 50 0 15 0 T 0.0 0 7.8 20 220 M M 8 25 220
12 56 41 49 -1 16 0 0.00 0.0 0 4.3 14 20 M M 6 128 20 360
13 66 39 53 4 12 0 0.00 0.0 0 3.5 12 60 M M 4 1 14 60
14 66 49 58 9 7 0 T 0.0 0 4.9 14 270 M M 9 16 200
15 68 52 60 12 5 0 T 0.0 0 5.5 10 30 M M 8 12 40
16 65 53 59 11 6 0 0.04 0.0 0 9.7 23 220 M M 8 28 220
17 59 43 51 4 14 0 0.00 0.0 0 8.4 20 230 M M 5 23 240
18 72 43 58 11 7 0 0.00 0.0 0 4.4 15 220 M M 3 18 210
19 76 44 60 14 5 0 0.00 0.0 0 7.5 16 230 M M 2 19 220
20 75 49 62 16 3 0 0.00 0.0 0 5.3 12 280 M M 3 17 250
21 72 47 60 15 5 0 T 0.0 0 4.1 13 60 M M 5 14 60
22 66 41 54 9 11 0 T 0.0 0 5.5 13 10 M M 7 14 60
23 57 39 48 4 17 0 T 0.0 0 11.7 25 220 M M 5 1 29 230
24 47 37 42 -2 23 0 0.13 0.0 0 7.4 15 220 M M 8 1 20 220
25 39 30 35 -9 30 0 0.20 1.1 T 8.6 17 70 M M 10 1 22 70
26 37 28 33 -10 32 0 T T T 3.4 8 80 M M 8 10 340
27 37 25 31 -12 34 0 T T 0 4.6 13 340 M M 7 1 14 340
28 38 20 29 -13 36 0 0.00 0.0 0 1.6 9 280 M M 2 1 12 280
29 42 22 32 -10 33 0 0.00 0.0 0 1.9 9 60 M M 2 10 60
30 46 23 35 -7 30 0 0.00 0.0 0 3.5 12 70 M M 2 18 13 70
31 47 27 37 -4 28 0 0.00 0.0 0 4.9 10 60 M M 5 13 50
================================================================================
SM 1895 1283 422 3 0.45 1.1 186.6 M 163
================================================================================
AV 61.1 41.4 6.0 FASTST M M 5 MAX(MPH)
MISC ----> 25 220 29 230
================================================================================
NOTES:
# LAST OF SEVERAL OCCURRENCES
COLUMN 17 PEAK WIND IN M.P.H.
PRELIMINARY LOCAL CLIMATOLOGICAL DATA (WS FORM: F-6) , PAGE 2
STATION: SPOKANE WA AIRPORT
MONTH: OCTOBER
YEAR: 2023
LATITUDE: 47 37 N
LONGITUDE: 117 32 W
[TEMPERATURE DATA] [PRECIPITATION DATA] SYMBOLS USED IN COLUMN 16
AVERAGE MONTHLY: 51.3 TOTAL FOR MONTH: 0.45 1 = FOG OR MIST
DPTR FM NORMAL: 3.4 DPTR FM NORMAL: -0.92 2 = FOG REDUCING VISIBILITY
HIGHEST: 81 ON 8 GRTST 24HR 0.33 ON 24-25 TO 1/4 MILE OR LESS
LOWEST: 20 ON 28 3 = THUNDER
SNOW, ICE PELLETS, HAIL 4 = ICE PELLETS
TOTAL MONTH: 1.1 INCHES 5 = HAIL
GRTST 24HR 1.1 ON 25-25 6 = FREEZING RAIN OR DRIZZLE
GRTST DEPTH: T 7 = DUSTSTORM OR SANDSTORM:
VSBY 1/2 MILE OR LESS
8 = SMOKE OR HAZE
[NO. OF DAYS WITH] [WEATHER - DAYS WITH] 9 = BLOWING SNOW
X = TORNADO
MAX 32 OR BELOW: 0 0.01 INCH OR MORE: 5
MAX 90 OR ABOVE: 0 0.10 INCH OR MORE: 2
MIN 32 OR BELOW: 7 0.50 INCH OR MORE: 0
MIN 0 OR BELOW: 0 1.00 INCH OR MORE: 0
[HDD (BASE 65) ]
TOTAL THIS MO. 422 CLEAR (SCALE 0-3) 10
DPTR FM NORMAL -110 PTCLDY (SCALE 4-7) 16
TOTAL FM JUL 1 575 CLOUDY (SCALE 8-10) 5
DPTR FM NORMAL -173
[CDD (BASE 65) ]
TOTAL THIS MO. 3
DPTR FM NORMAL 2 [PRESSURE DATA]
TOTAL FM JAN 1 795 HIGHEST SLP 30.66 ON 29
DPTR FM NORMAL 280 LOWEST SLP 29.53 ON 10
[REMARKS]
#FINAL-10-23#