000
CXUS53 KFGF 010915
CF6GFK
PRELIMINARY LOCAL CLIMATOLOGICAL DATA (WS FORM: F-6)
STATION: GRAND FORKS INTL AP ND
MONTH: FEBRUARY
YEAR: 2023
LATITUDE: 47 57 N
LONGITUDE: 97 11 W
TEMPERATURE IN F: :PCPN: SNOW: WIND :SUNSHINE: SKY :PK WND
================================================================================
1 2 3 4 5 6A 6B 7 8 9 10 11 12 13 14 15 16 17 18
12Z AVG MX 2MIN
DY MAX MIN AVG DEP HDD CDD WTR SNW DPTH SPD SPD DIR MIN PSBL S-S WX SPD DR
================================================================================
1 9 -17 -4 -11 69 0 T T 12 5.1 12 320 M M 5 1 14 320
2 10 -26 -8 -15 73 0 0.02 0.3 13 13.2 38 350 M M 2 1289 46 350
3 1 -24 -11 -18 76 0 0.00 0.0 12 14.0 25 180 M M 0 30 180
4 24 0 12 5 53 0 T T 12 11.3 25 180 M M 2 33 180
5 22 11 17 9 48 0 T T 11 9.6 20 160 M M 9 18 26 160
6 35 17 26 18 39 0 T 0.0 10 16.9 30 180 M M 6 1 37 180
7 32 9 21 13 44 0 0.00 0.0 10 9.4 17 310 M M 4 23 310
8 32 16 24 16 41 0 0.00 0.0 10 8.4 16 350 M M 3 21 350
9 31 0 16 7 49 0 0.00 0.0 10 18.6 37 360 M M 2 18 46 10
10 25 -1 12 3 53 0 0.00 0.0 10 12.2 20 180 M M 2 24 180
11 39 21 30 21 35 0 0.00 0.0 11 10.2 18 270 M M 5 24 270
12 37 10 24 15 41 0 0.00 0.0 11 10.0 20 300 M M 2 25 300
13 36 15 26 16 39 0 0.00 0.0 11 13.2 24 180 M M 3 30 180
14 35 9 22 12 43 0 T T 10 21.0 49 350 M M 5 189 65 360
15 9 -5 2 -8 63 0 T T 10 19.1 49 350 M M 6 189 60 340
16 11 -15 -2 -13 67 0 0.00 0.0 11 4.9 12 350 M M 1 13 170
17 34 -3 16 5 49 0 0.00 0.0 10 16.0 26 190 M M 4 34 180
18 32 9 21 10 44 0 0.00 0.0 10 9.6 20 190 M M 7 1 24 190
19 31 2 17 5 48 0 0.02 0.2 10 14.4 33 350 M M 7 1 41 340
20 17 -9 4 -8 61 0 0.24 5.4 12 14.0 33 340 M M 9 1289 43 340
21 4 -17 -6 -19 71 0 T T 12 6.4 14 350 M M 6 18 18 350
22 -5 -19 -12 -25 77 0 0.00 0.0 11 18.5 29 360 M M 6 89 36 360
23 -5 -15 -10 -24 75 0 T T 11 19.8 32 360 M M 8 8 38 360
24 -1 -25 -13 -27 78 0 T T 11 8.5 20 180 M M 4 89 24 180
25 12 -9 2 -12 63 0 0.00 0.0 11 11.3 20 180 M M 3 8 23 170
26 27 -7 10 -5 55 0 0.00 0.0 11 10.4 20 150 M M 2 24 150
27 36 7 22 7 43 0 0.00 0.0 9 8.3 20 290 M M 5 128 26 290
28 26 0 13 -3 52 0 T T 9 7.3 17 20 M M 5 21 20
================================================================================
SM 596 -66 1549 0 0.28 5.9 341.6 M 123
================================================================================
AV 21.3 -2.4 12.2 FASTST M M 4 MAX(MPH)
MISC ----> # 49 350 65 360
================================================================================
NOTES:
# LAST OF SEVERAL OCCURRENCES
COLUMN 17 PEAK WIND IN M.P.H.
PRELIMINARY LOCAL CLIMATOLOGICAL DATA (WS FORM: F-6) , PAGE 2
STATION: GRAND FORKS INTL AP ND
MONTH: FEBRUARY
YEAR: 2023
LATITUDE: 47 57 N
LONGITUDE: 97 11 W
[TEMPERATURE DATA] [PRECIPITATION DATA] SYMBOLS USED IN COLUMN 16
AVERAGE MONTHLY: 9.5 TOTAL FOR MONTH: 0.28 1 = FOG OR MIST
DPTR FM NORMAL: -1.1 DPTR FM NORMAL: -0.23 2 = FOG REDUCING VISIBILITY
HIGHEST: 39 ON 11 GRTST 24HR 0.29 ON 19-20 TO 1/4 MILE OR LESS
LOWEST: -26 ON 2 3 = THUNDER
SNOW, ICE PELLETS, HAIL 4 = ICE PELLETS
TOTAL MONTH: 5.9 INCHES 5 = HAIL
GRTST 24HR 5.4 ON 20-20 6 = FREEZING RAIN OR DRIZZLE
GRTST DEPTH: 13 ON 2 7 = DUSTSTORM OR SANDSTORM:
VSBY 1/2 MILE OR LESS
8 = SMOKE OR HAZE
[NO. OF DAYS WITH] [WEATHER - DAYS WITH] 9 = BLOWING SNOW
X = TORNADO
MAX 32 OR BELOW: 21 0.01 INCH OR MORE: 3
MAX 90 OR ABOVE: 0 0.10 INCH OR MORE: 1
MIN 32 OR BELOW: 28 0.50 INCH OR MORE: 0
MIN 0 OR BELOW: 17 1.00 INCH OR MORE: 0
[HDD (BASE 65) ]
TOTAL THIS MO. 1549 CLEAR (SCALE 0-3) 8
DPTR FM NORMAL 26 PTCLDY (SCALE 4-7) 17
TOTAL FM JUL 1 6926 CLOUDY (SCALE 8-10) 3
DPTR FM NORMAL -180
[CDD (BASE 65) ]
TOTAL THIS MO. 0
DPTR FM NORMAL 0 [PRESSURE DATA]
TOTAL FM JAN 1 0 HIGHEST SLP 30.79 ON 24
DPTR FM NORMAL 0 LOWEST SLP 29.33 ON 14
[REMARKS]
#FINAL-02-23#