987
CXUS55 KALY 010810
CF6GFL
PRELIMINARY LOCAL CLIMATOLOGICAL DATA (WS FORM: F-6)
STATION: GLENS FALLS NY
MONTH: DECEMBER
YEAR: 2020
LATITUDE: 43 20 N
LONGITUDE: 73 37 W
TEMPERATURE IN F: :PCPN: SNOW: WIND :SUNSHINE: SKY :PK WND
================================================================================
1 2 3 4 5 6A 6B 7 8 9 10 11 12 13 14 15 16 17 18
12Z AVG MX 2MIN
DY MAX MIN AVG DEP HDD CDD WTR SNW DPTH SPD SPD DIR MIN PSBL S-S WX SPD DR
================================================================================
1 58 37 48 17 17 0 0.21 M M 8.3 23 180 M M 8 12 34 190
2 38 30 34 3 31 0 T M M 9.3 17 210 M M 9 1 23 210
3 44 27 36 6 29 0 0.00 M M 7.6 17 200 M M 2 23 200
4 46 26 36 6 29 0 T M M 5.2 17 200 M M 8 24 200
5 40 32 36 7 29 0 0.03 M M 9.2 22 20 M M 6 28 20
6 35 21 28 -1 37 0 0.00 M M 9.3 22 320 M M 2 30 320
7 29 17 23 -5 42 0 T M M 5.7 13 30 M M 7 15 350
8 29 22 26 -2 39 0 T M M 4.0 12 320 M M 10 14 330
9 32 19 26 -2 39 0 T M M 4.8 10 200 M M 8 18 14 200
10 44 22 33 6 32 0 0.00 M M 2.1 10 300 M M 7 1 13 290
11 46 21 34 7 31 0 0.00 M M 1.6 10 210 M M 2 14 210
12 40 24 32 6 33 0 0.09 M M 1.6 10 360 M M 6 13 350
13 48 28 38 12 27 0 0.01 M M 5.4 18 250 M M 7 30 230
14 35 28 32 6 33 0 T M M 2.8 20 300 M M 9 28 300
15 33 15 24 -1 41 0 0.00 M M 9.6 25 320 M M 1 36 320
16 18 9 14 -11 51 0 0.08 M M 8.9 13 20 M M 7 1 16 40
17 19 8 14 -10 51 0 0.58 M M 8.7 17 20 M M 9 128 28 20
18 19 -12 4 -20 61 0 0.00 M M 1.3 8 100 M M 2 18 9 60
19 17 -12 3 -21 62 0 T M M 0.6 6 170 M M 5 128 6 160
20 28 10 19 -4 46 0 0.04 M M 0.9 7 120 M M 9 1 8 120
21 34 26 30 7 35 0 0.00 M M 1.0 7 160 M M 10 12 8 160
22 39 28 34 12 31 0 0.00 M M 6.4 22 290 M M 8 12 29 290
23 32 5 19 -3 46 0 0.00 M M 2.5 9 290 M M 2 13 230
24 49 14 32 10 33 0 0.10 M M 4.5 16 200 M M 9 12 20 200
25 57 33 45 23 20 0 0.51 M M 9.3 21 190 M M 10 12 28 190
26 33 24 29 8 36 0 0.00 M M 10.1 17 220 M M 9 23 210
27 34 21 28 7 37 0 0.00 M M 6.1 15 210 M M 7 8 18 210
28 40 19 30 9 35 0 0.01 M M 5.8 20 190 M M 6 1 30 190
29 35 11 23 3 42 0 T M M 7.1 21 300 M M 3 27 300
30 33 10 22 2 43 0 T M M 5.0 18 200 M M 5 26 190
31 39 23 31 11 34 0 0.02 M M 5.6 16 310 M M 9 1 23 290
================================================================================
SM 1123 586 1152 0 1.68 M 170.3 M 202
================================================================================
AV 36.2 18.9 5.5 FASTST M M 7 MAX(MPH)
MISC ----> 25 320 36 320
================================================================================
NOTES:
# LAST OF SEVERAL OCCURRENCES
COLUMN 17 PEAK WIND IN M.P.H.
PRELIMINARY LOCAL CLIMATOLOGICAL DATA (WS FORM: F-6) , PAGE 2
STATION: GLENS FALLS NY
MONTH: DECEMBER
YEAR: 2020
LATITUDE: 43 20 N
LONGITUDE: 73 37 W
[TEMPERATURE DATA] [PRECIPITATION DATA] SYMBOLS USED IN COLUMN 16
AVERAGE MONTHLY: 27.6 TOTAL FOR MONTH: 1.68 1 = FOG OR MIST
DPTR FM NORMAL: 2.6 DPTR FM NORMAL: -1.37 2 = FOG REDUCING VISIBILITY
HIGHEST: 58 ON 1 GRTST 24HR 1.71 ON 30- 1 TO 1/4 MILE OR LESS
LOWEST: -12 ON 19,18 3 = THUNDER
SNOW, ICE PELLETS, HAIL 4 = ICE PELLETS
TOTAL MONTH: M 5 = HAIL
GRTST 24HR M ON M 6 = FREEZING RAIN OR DRIZZLE
GRTST DEPTH: M ON M 7 = DUSTSTORM OR SANDSTORM:
VSBY 1/2 MILE OR LESS
8 = SMOKE OR HAZE
[NO. OF DAYS WITH] [WEATHER - DAYS WITH] 9 = BLOWING SNOW
X = TORNADO
MAX 32 OR BELOW: 9 0.01 INCH OR MORE: 11
MAX 90 OR ABOVE: 0 0.10 INCH OR MORE: 4
MIN 32 OR BELOW: 29 0.50 INCH OR MORE: 2
MIN 0 OR BELOW: 2 1.00 INCH OR MORE: 0
[HDD (BASE 65) ]
TOTAL THIS MO. 1152 CLEAR (SCALE 0-3) 6
DPTR FM NORMAL -88 PTCLDY (SCALE 4-7) 13
TOTAL FM JUL 1 2654 CLOUDY (SCALE 8-10) 12
DPTR FM NORMAL -283
[CDD (BASE 65) ]
TOTAL THIS MO. 0
DPTR FM NORMAL 0 [PRESSURE DATA]
TOTAL FM JAN 1 567 HIGHEST SLP 30.57 ON 29
DPTR FM NORMAL 215 LOWEST SLP 29.31 ON 25
[REMARKS]
#FINAL-12-20#