000
CXUS55 KALY 010710
CF6GFL
PRELIMINARY LOCAL CLIMATOLOGICAL DATA (WS FORM: F-6)
STATION: GLENS FALLS NY
MONTH: AUGUST
YEAR: 2023
LATITUDE: 43 20 N
LONGITUDE: 73 37 W
TEMPERATURE IN F: :PCPN: SNOW: WIND :SUNSHINE: SKY :PK WND
================================================================================
1 2 3 4 5 6A 6B 7 8 9 10 11 12 13 14 15 16 17 18
12Z AVG MX 2MIN
DY MAX MIN AVG DEP HDD CDD WTR SNW DPTH SPD SPD DIR MIN PSBL S-S WX SPD DR
================================================================================
1 72 48 60 -10 5 0 0.00 M M 4.0 15 310 M M 3 1 19 320
2 74 45 60 -9 5 0 T M M 1.7 12 250 M M 2 1 16 250
3 75 49 62 -7 3 0 0.43 M M 7.3 21 200 M M 4 123 27 200
4 75 60 68 -1 0 3 1.08 M M 4.5 15 150 M M 8 123 19 340
5 79 54 67 -2 0 2 0.00 M M 2.7 14 360 M M 4 12 18 340
6 79 51 65 -4 0 0 0.00 M M 2.4 13 150 M M 1 12 18 160
7 70 59 65 -4 0 0 0.57 M M 1.6 10 110 M M 7 13 13 110
8 80 64 72 3 0 7 0.10 M M 5.5 15 190 M M 10 1 21 200
9 83 59 71 2 0 6 T M M 4.9 17 320 M M 3 24 320
10 78 55 67 -2 0 2 1.02 M M 4.0 15 310 M M 4 123 21 240
11 79 54 67 -2 0 2 0.00 M M 5.9 20 300 M M 2 128 25 300
12 79 51 65 -3 0 0 0.50 M M 3.6 29 310 M M 3 13 41 300
13 82 59 71 3 0 6 0.06 M M 4.6 17 280 M M 5 1 25 290
14 82 59 71 3 0 6 0.00 M M 2.4 13 310 M M 4 1 16 310
15 72 63 68 0 0 3 0.23 M M 3.9 10 40 M M 9 1 13 350
16 81 65 73 5 0 8 0.04 M M 3.4 13 340 M M 9 1 17 190
17 80 66 73 5 0 8 T M M 6.2 17 160 M M 9 1 22 160
18 76 59 68 0 0 3 0.87 M M 6.0 17 260 M M 6 13 25 220
19 71 58 65 -3 0 0 0.03 M M 6.9 17 300 M M 8 23 290
20 78 52 65 -2 0 0 0.00 M M 4.3 15 160 M M 0 1 22 160
21 81 57 69 2 0 4 T M M 4.6 17 50 M M 6 21 30
22 76 50 63 -4 2 0 0.00 M M 4.0 13 50 M M 1 1 18 50
23 77 51 64 -3 1 0 0.00 M M 1.3 8 100 M M 0 1 11 120
24 71 48 60 -7 5 0 0.29 M M 4.6 16 180 M M 7 12 25 190
25 75 62 69 3 0 4 0.15 M M 4.9 10 200 M M 8 123 15 200
26 78 60 69 3 0 4 0.29 M M 2.9 14 280 M M 7 1238 18 260
27 74 57 66 0 0 1 T M M 5.2 15 70 M M 6 18 18 60
28 75 52 64 -2 1 0 0.13 M M 1.7 12 200 M M 5 12 15 190
29 80 62 71 5 0 6 T M M 2.6 12 200 M M 8 1 16 200
30 78 62 70 5 0 5 0.49 M M 6.4 16 240 M M 6 1 23 240
31 70 49 60 -5 5 0 0.00 M M 6.6 15 30 M M 1 1 19 80
================================================================================
SM 2380 1740 27 80 6.28 M 130.6 M 156
================================================================================
AV 76.8 56.1 4.2 FASTST M M 5 MAX(MPH)
MISC ----> 29 310 41 300
================================================================================
NOTES:
# LAST OF SEVERAL OCCURRENCES
COLUMN 17 PEAK WIND IN M.P.H.
PRELIMINARY LOCAL CLIMATOLOGICAL DATA (WS FORM: F-6) , PAGE 2
STATION: GLENS FALLS NY
MONTH: AUGUST
YEAR: 2023
LATITUDE: 43 20 N
LONGITUDE: 73 37 W
[TEMPERATURE DATA] [PRECIPITATION DATA] SYMBOLS USED IN COLUMN 16
AVERAGE MONTHLY: 66.5 TOTAL FOR MONTH: 6.28 1 = FOG OR MIST
DPTR FM NORMAL: -1.3 DPTR FM NORMAL: 2.80 2 = FOG REDUCING VISIBILITY
HIGHEST: 83 ON 9 GRTST 24HR 1.51 ON 3- 4 TO 1/4 MILE OR LESS
LOWEST: 45 ON 2 3 = THUNDER
SNOW, ICE PELLETS, HAIL 4 = ICE PELLETS
TOTAL MONTH: M 5 = HAIL
GRTST 24HR M ON M 6 = FREEZING RAIN OR DRIZZLE
GRTST DEPTH: M ON M 7 = DUSTSTORM OR SANDSTORM:
VSBY 1/2 MILE OR LESS
8 = SMOKE OR HAZE
[NO. OF DAYS WITH] [WEATHER - DAYS WITH] 9 = BLOWING SNOW
X = TORNADO
MAX 32 OR BELOW: 0 0.01 INCH OR MORE: 16
MAX 90 OR ABOVE: 0 0.10 INCH OR MORE: 13
MIN 32 OR BELOW: 0 0.50 INCH OR MORE: 5
MIN 0 OR BELOW: 0 1.00 INCH OR MORE: 2
[HDD (BASE 65) ]
TOTAL THIS MO. 27 CLEAR (SCALE 0-3) 9
DPTR FM NORMAL -6 PTCLDY (SCALE 4-7) 15
TOTAL FM JUL 1 30 CLOUDY (SCALE 8-10) 7
DPTR FM NORMAL -15
[CDD (BASE 65) ]
TOTAL THIS MO. 80
DPTR FM NORMAL -38 [PRESSURE DATA]
TOTAL FM JAN 1 364 HIGHEST SLP M ON M
DPTR FM NORMAL -8 LOWEST SLP 29.51 ON 8
[REMARKS]
#FINAL-08-23#