000
CXUS54 KSHV 011500
CF6GGG
PRELIMINARY LOCAL CLIMATOLOGICAL DATA (WS FORM: F-6)
STATION: LONGVIEW
MONTH: MAY
YEAR: 2020
LATITUDE: 32 22 N
LONGITUDE: 94 43 W
TEMPERATURE IN F: :PCPN: SNOW: WIND :SUNSHINE: SKY :PK WND
================================================================================
1 2 3 4 5 6A 6B 7 8 9 10 11 12 13 14 15 16 17 18
12Z AVG MX 2MIN
DY MAX MIN AVG DEP HDD CDD WTR SNW DPTH SPD SPD DIR MIN PSBL S-S WX SPD DR
================================================================================
1 84 53 69 0 0 4 0.00 0.0 0 9.0 18 200 M M 0 23 190
2 86 60 73 4 0 8 0.00 0.0 0 11.6 23 170 M M 1 29 170
3 87 69 78 8 0 13 0.00 0.0 0 11.5 20 200 M M 3 26 180
4 88 67 78 8 0 13 0.00 0.0 0 11.1 18 190 M M 3 24 200
5 81 60 71 1 0 6 0.01 0.0 0 7.6 17 360 M M 3 22 10
6 81 49 65 -5 0 0 0.00 0.0 0 4.1 13 40 M M 0 15 330
7 81 52 67 -4 0 2 0.00 0.0 0 9.4 26 190 M M 2 35 200
8 74 58 66 -5 0 1 1.28 0.0 0 12.4 29 200 M M 6 13 41 190
9 71 50 61 -10 4 0 0.00 0.0 0 5.6 15 80 M M 1 20 70
10 76 47 62 -10 3 0 0.00 0.0 0 2.8 13 80 M M 0 21 60
11 77 55 66 -6 0 1 0.00 0.0 0 6.9 15 130 M M 0 20 100
12 78 57 68 -4 0 3 T 0.0 0 8.6 15 170 M M 4 21 140
13 84 68 76 4 0 11 T 0.0 0 10.3 17 170 M M 5 22 170
14 87 69 78 5 0 13 T 0.0 0 9.7 21 150 M M 5 25 160
15 85 68 77 4 0 12 0.13 0.0 0 7.6 14 340 M M 6 3 19 170
16 80 67 74 1 0 9 0.27 0.0 0 10.0 21 160 M M 9 28 140
17 83 64 74 1 0 9 0.32 0.0 0 11.0 22 320 M M 6 28 320
18 86 58 72 -2 0 7 0.00 0.0 0 3.3 14 320 M M 0 16 320
19 91 65 78 4 0 13 0.00 0.0 0 5.7 14 60 M M 2 17 60
20 75 67 71 -3 0 6 0.00 0.0 0 7.3 14 130 M M 10 18 120
21 87 68 78 4 0 13 T 0.0 0 7.7 16 190 M M 6 24 190
22 90 71 81 7 0 16 0.00 0.0 0 10.0 21 160 M M 3 27 160
23 85 66 76 1 0 11 0.81 0.0 0 9.2 21 340 M M 3 13 29 330
24 88 67 78 3 0 13 1.62 0.0 0 7.5 36 200 M M 6 13 45 180
25 81 66 74 -1 0 9 0.54 0.0 0 9.8 25 220 M M 8 13 36 170
26 82 63 73 -2 0 8 0.00 0.0 0 5.5 14 270 M M 5 18 270
27 84 60 72 -4 0 7 0.00 0.0 0 4.8 14 310 M M 1 18 310
28 83 63 73 -3 0 8 T 0.0 0 4.7 18 160 M M 4 3 23 160
29 86 63 75 -1 0 10 0.00 0.0 0 4.9 17 50 M M 1 27 50
30 86 59 73 -3 0 8 0.00 0.0 0 4.0 14 80 M M 0 18 80
31 86 61 74 -2 0 9 0.00 0.0 0 3.3 12 70 M M 1 15 70
================================================================================
SM 2573 1910 7 243 4.98 0.0 236.9 M 104
================================================================================
AV 83.0 61.6 7.6 FASTST M M 3 MAX(MPH)
MISC ----> # 36 200 # 45 180
================================================================================
NOTES:
# LAST OF SEVERAL OCCURRENCES
COLUMN 17 PEAK WIND IN M.P.H.
PRELIMINARY LOCAL CLIMATOLOGICAL DATA (WS FORM: F-6) , PAGE 2
STATION: LONGVIEW
MONTH: MAY
YEAR: 2020
LATITUDE: 32 22 N
LONGITUDE: 94 43 W
[TEMPERATURE DATA] [PRECIPITATION DATA] SYMBOLS USED IN COLUMN 16
AVERAGE MONTHLY: 72.3 TOTAL FOR MONTH: 4.98 1 = FOG OR MIST
DPTR FM NORMAL: -0.7 DPTR FM NORMAL: 0.18 2 = FOG REDUCING VISIBILITY
HIGHEST: 91 ON 19 GRTST 24HR 1.62 ON 24-24 TO 1/4 MILE OR LESS
LOWEST: 47 ON 10 3 = THUNDER
SNOW, ICE PELLETS, HAIL 4 = ICE PELLETS
TOTAL MONTH: 0.0 INCH 5 = HAIL
GRTST 24HR 0.0 6 = FREEZING RAIN OR DRIZZLE
GRTST DEPTH: 0 7 = DUSTSTORM OR SANDSTORM:
VSBY 1/2 MILE OR LESS
8 = SMOKE OR HAZE
[NO. OF DAYS WITH] [WEATHER - DAYS WITH] 9 = BLOWING SNOW
X = TORNADO
MAX 32 OR BELOW: 0 0.01 INCH OR MORE: 8
MAX 90 OR ABOVE: 2 0.10 INCH OR MORE: 7
MIN 32 OR BELOW: 0 0.50 INCH OR MORE: 4
MIN 0 OR BELOW: 0 1.00 INCH OR MORE: 2
[HDD (BASE 65) ]
TOTAL THIS MO. 7 CLEAR (SCALE 0-3) 15
DPTR FM NORMAL -2 PTCLDY (SCALE 4-7) 14
TOTAL FM JUL 1 2034 CLOUDY (SCALE 8-10) 2
DPTR FM NORMAL -224
[CDD (BASE 65) ]
TOTAL THIS MO. 243
DPTR FM NORMAL -13 [PRESSURE DATA]
TOTAL FM JAN 1 406 HIGHEST SLP 30.28 ON 11
DPTR FM NORMAL 27 LOWEST SLP 29.58 ON 16
[REMARKS]
#FINAL-05-20#