000
CXUS54 KSHV 011300
CF6GGG
PRELIMINARY LOCAL CLIMATOLOGICAL DATA (WS FORM: F-6)
STATION: LONGVIEW
MONTH: OCTOBER
YEAR: 2023
LATITUDE: 32 22 N
LONGITUDE: 94 43 W
TEMPERATURE IN F: :PCPN: SNOW: WIND :SUNSHINE: SKY :PK WND
================================================================================
1 2 3 4 5 6A 6B 7 8 9 10 11 12 13 14 15 16 17 18
12Z AVG MX 2MIN
DY MAX MIN AVG DEP HDD CDD WTR SNW DPTH SPD SPD DIR MIN PSBL S-S WX SPD DR
================================================================================
1 94 64 79 6 0 14 0.00 0.0 0 3.4 14 60 M M 0 19 100
2 92 65 79 7 0 14 0.00 0.0 0 5.0 15 80 M M 2 24 100
3 92 64 78 6 0 13 0.03 0.0 0 6.2 17 140 M M 3 25 160
4 90 74 82 10 0 17 0.11 0.0 0 10.8 29 150 M M 8 138 37 160
5 78 64 71 0 0 6 1.85 0.0 0 6.0 24 290 M M 7 138 36 280
6 86 62 74 3 0 9 0.00 0.0 0 5.1 14 340 M M 1 12 19 350
7 72 48 60 -10 5 0 0.00 0.0 0 6.6 15 50 M M 1 24 30
8 77 45 61 -9 4 0 0.00 0.0 0 2.2 8 190 M M 0 14 350
9 86 53 70 0 0 5 0.00 0.0 0 8.0 16 230 M M 0 23 230
10 84 60 72 3 0 7 0.00 0.0 0 6.5 16 180 M M 0 19 160
11 72 60 66 -3 0 1 T 0.0 0 8.1 17 150 M M 6 22 160
12 76 58 67 -1 0 2 0.00 0.0 0 7.5 16 140 M M 5 24 140
13 86 56 71 3 0 6 0.00 0.0 0 8.1 17 210 M M 4 1 24 300
14 70 51 61 -7 4 0 0.00 0.0 0 8.3 20 340 M M 0 31 350
15 66 48 57 -10 8 0 0.00 0.0 0 9.3 20 340 M M 4 28 320
16 68 42 55 -12 10 0 0.00 0.0 0 5.8 16 320 M M 0 26 310
17 75 40 58 -9 7 0 0.00 0.0 0 2.5 8 200 M M 0 12 250
18 80 47 64 -2 1 0 0.00 0.0 0 6.8 18 170 M M 0 26 180
19 84 57 71 5 0 6 0.00 0.0 0 5.7 16 240 M M 0 22 250
20 90 51 71 5 0 6 0.00 0.0 0 3.9 13 300 M M 0 19 290
21 89 50 70 5 0 5 0.00 0.0 0 3.5 12 180 M M 0 18 180
22 84 58 71 6 0 6 0.00 0.0 0 2.9 9 220 M M 0 12 220
23 78 66 72 8 0 7 0.07 0.0 0 5.6 21 190 M M 2 18 26 190
24 86 68 77 13 0 12 0.00 0.0 0 11.5 23 140 M M 2 35 140
25 87 68 78 14 0 13 0.00 0.0 0 9.4 17 160 M M 4 24 160
26 77 69 73 10 0 8 1.78 0.0 0 9.7 20 150 M M 8 13 26 170
27 84 70 77 14 0 12 0.00 0.0 0 5.2 13 190 M M 8 16 190
28 85 72 79 17 0 14 T 0.0 0 5.3 14 180 M M 5 1 26 180
29 76 45 61 -1 4 0 0.06 0.0 0 10.1 18 330 M M 9 1 27 320
30 52 41 47 -15 18 0 0.53 0.0 0 9.1 18 320 M M 7 25 340
31 60 35 48 -13 17 0 0.00 0.0 0 7.2 16 350 M M 0 26 330
================================================================================
SM 2476 1751 78 183 4.43 0.0 205.3 M 86
================================================================================
AV 79.9 56.5 6.6 FASTST M M 3 MAX(MPH)
MISC ----> 29 150 37 160
================================================================================
NOTES:
# LAST OF SEVERAL OCCURRENCES
COLUMN 17 PEAK WIND IN M.P.H.
PRELIMINARY LOCAL CLIMATOLOGICAL DATA (WS FORM: F-6) , PAGE 2
STATION: LONGVIEW
MONTH: OCTOBER
YEAR: 2023
LATITUDE: 32 22 N
LONGITUDE: 94 43 W
[TEMPERATURE DATA] [PRECIPITATION DATA] SYMBOLS USED IN COLUMN 16
AVERAGE MONTHLY: 68.2 TOTAL FOR MONTH: 4.43 1 = FOG OR MIST
DPTR FM NORMAL: 1.2 DPTR FM NORMAL: 0.48 2 = FOG REDUCING VISIBILITY
HIGHEST: 94 ON 1 GRTST 24HR 1.94 ON 4- 5 TO 1/4 MILE OR LESS
LOWEST: 35 ON 31 3 = THUNDER
SNOW, ICE PELLETS, HAIL 4 = ICE PELLETS
TOTAL MONTH: 0.0 INCH 5 = HAIL
GRTST 24HR 0.0 6 = FREEZING RAIN OR DRIZZLE
GRTST DEPTH: 0 7 = DUSTSTORM OR SANDSTORM:
VSBY 1/2 MILE OR LESS
8 = SMOKE OR HAZE
[NO. OF DAYS WITH] [WEATHER - DAYS WITH] 9 = BLOWING SNOW
X = TORNADO
MAX 32 OR BELOW: 0 0.01 INCH OR MORE: 7
MAX 90 OR ABOVE: 5 0.10 INCH OR MORE: 4
MIN 32 OR BELOW: 0 0.50 INCH OR MORE: 3
MIN 0 OR BELOW: 0 1.00 INCH OR MORE: 2
[HDD (BASE 65) ]
TOTAL THIS MO. 78 CLEAR (SCALE 0-3) 19
DPTR FM NORMAL 2 PTCLDY (SCALE 4-7) 11
TOTAL FM JUL 1 78 CLOUDY (SCALE 8-10) 1
DPTR FM NORMAL -3
[CDD (BASE 65) ]
TOTAL THIS MO. 183
DPTR FM NORMAL 45 [PRESSURE DATA]
TOTAL FM JAN 1 3050 HIGHEST SLP 30.43 ON 31
DPTR FM NORMAL 472 LOWEST SLP 29.66 ON 12
[REMARKS]
#FINAL-10-23#