000
CXUS55 KGGW 010810
CF6GGW
PRELIMINARY LOCAL CLIMATOLOGICAL DATA (WS FORM: F-6)
STATION: GLASGOW MT
MONTH: APRIL
YEAR: 2021
LATITUDE: 48 13 N
LONGITUDE: 106 37 W
TEMPERATURE IN F: :PCPN: SNOW: WIND :SUNSHINE: SKY :PK WND
================================================================================
1 2 3 4 5 6A 6B 7 8 9 10 11 12 13 14 15 16 17 18
12Z AVG MX 2MIN
DY MAX MIN AVG DEP HDD CDD WTR SNW DPTH SPD SPD DIR MIN PSBL S-S WX SPD DR
================================================================================
1 72 27 50 11 15 0 0.00 0.0 0 11.0 23 250 M M 0 31 240
2 71 38 55 15 10 0 0.00 0.0 0 8.9 18 110 M M 0 22 110
3 74 35 55 15 10 0 0.00 0.0 0 9.8 20 280 M M 0 26 290
4 76 36 56 15 9 0 0.00 0.0 0 10.5 25 350 M M 0 32 350
5 59 38 49 8 16 0 T 0.0 0 11.1 24 10 M M 6 34 10
6 62 36 49 8 16 0 0.00 0.0 0 7.5 16 170 M M 5 24 260
7 70 32 51 9 14 0 0.00 0.0 0 11.4 20 160 M M 0 26 150
8 63 35 49 7 16 0 T 0.0 0 16.9 32 320 M M 2 42 300
9 58 27 43 0 22 0 0.00 0.0 0 10.9 23 320 M M 2 29 320
10 68 29 49 6 16 0 0.01 0.0 0 11.6 35 310 M M 4 48 300
11 44 30 37 -6 28 0 T T 0 19.5 33 320 M M 7 43 320
12 37 28 33 -11 32 0 0.03 0.2 0 20.1 32 340 M M 10 1 39 340
13 31 26 29 -15 36 0 0.17 2.2 T 12.7 23 340 M M 10 128 33 350
14 32 25 29 -16 36 0 0.08 0.8 2 5.9 14 50 M M 10 18 17 60
15 39 30 35 -10 30 0 T 0.0 2 3.6 9 330 M M 10 1 13 310
16 60 30 45 0 20 0 0.00 0.0 0 8.0 17 10 M M 4 12 22 320
17 66 27 47 1 18 0 0.00 0.0 0 7.0 15 300 M M 1 20 280
18 45 28 37 -9 28 0 0.10 T 0 12.1 23 50 M M 6 1 29 50
19 41 20 31 -15 34 0 0.03 T 0 9.0 24 320 M M 7 1 31 340
20 45 25 35 -12 30 0 0.01 0.1 0 9.1 18 330 M M 5 1 24 330
21 59 22 41 -6 24 0 0.00 0.0 0 8.7 18 200 M M 0 27 190
22 63 29 46 -1 19 0 T T 0 16.3 35 340 M M 2 46 340
23 44 29 37 -11 28 0 T T 0 7.0 16 20 M M 8 21 330
24 51 28 40 -8 25 0 0.00 0.0 0 9.7 17 70 M M 10 24 70
25 54 35 45 -3 20 0 T 0.0 0 11.6 23 80 M M 7 29 70
26 60 31 46 -3 19 0 0.00 0.0 0 6.1 15 300 M M 3 1 20 310
27 70 32 51 2 14 0 0.00 0.0 0 7.1 25 260 M M 1 34 270
28 66 40 53 4 12 0 0.00 0.0 0 10.4 22 300 M M 2 29 300
29 71 36 54 4 11 0 0.00 0.0 0 8.3 17 100 M M 3 24 80
30 85 46 66 16 0 1 0.00 0.0 0 14.6 32 300 M M 0 43 290
================================================================================
SM 1736 930 608 1 0.43 3.3 316.4 M 125
================================================================================
AV 57.9 31.0 10.5 FASTST M M 4 MAX(MPH)
MISC ----> # 35 310 48 300
================================================================================
NOTES:
# LAST OF SEVERAL OCCURRENCES
COLUMN 17 PEAK WIND IN M.P.H.
PRELIMINARY LOCAL CLIMATOLOGICAL DATA (WS FORM: F-6) , PAGE 2
STATION: GLASGOW MT
MONTH: APRIL
YEAR: 2021
LATITUDE: 48 13 N
LONGITUDE: 106 37 W
[TEMPERATURE DATA] [PRECIPITATION DATA] SYMBOLS USED IN COLUMN 16
AVERAGE MONTHLY: 44.4 TOTAL FOR MONTH: 0.43 1 = FOG OR MIST
DPTR FM NORMAL: -0.5 DPTR FM NORMAL: -0.42 2 = FOG REDUCING VISIBILITY
HIGHEST: 85 ON 30 GRTST 24HR 0.24 ON 13-14 TO 1/4 MILE OR LESS
LOWEST: 20 ON 19 3 = THUNDER
SNOW, ICE PELLETS, HAIL 4 = ICE PELLETS
TOTAL MONTH: 3.3 INCHES 5 = HAIL
GRTST 24HR 2.2 ON 13-13 6 = FREEZING RAIN OR DRIZZLE
GRTST DEPTH: 2 ON 15,14 7 = DUSTSTORM OR SANDSTORM:
VSBY 1/2 MILE OR LESS
8 = SMOKE OR HAZE
[NO. OF DAYS WITH] [WEATHER - DAYS WITH] 9 = BLOWING SNOW
X = TORNADO
MAX 32 OR BELOW: 2 0.01 INCH OR MORE: 7
MAX 90 OR ABOVE: 0 0.10 INCH OR MORE: 2
MIN 32 OR BELOW: 20 0.50 INCH OR MORE: 0
MIN 0 OR BELOW: 0 1.00 INCH OR MORE: 0
[HDD (BASE 65) ]
TOTAL THIS MO. 608 CLEAR (SCALE 0-3) 15
DPTR FM NORMAL 5 PTCLDY (SCALE 4-7) 10
TOTAL FM JUL 1 7190 CLOUDY (SCALE 8-10) 5
DPTR FM NORMAL -816
[CDD (BASE 65) ]
TOTAL THIS MO. 1
DPTR FM NORMAL 0 [PRESSURE DATA]
TOTAL FM JAN 1 1 HIGHEST SLP M ON M
DPTR FM NORMAL 0 LOWEST SLP 29.54 ON 10
[REMARKS]
#FINAL-04-21#