000
CXUS55 KGJT 011211
CF6GJT
PRELIMINARY LOCAL CLIMATOLOGICAL DATA (WS FORM: F-6)
STATION: GRAND JUNCTION CO
MONTH: AUGUST
YEAR: 2020
LATITUDE: 39 7 N
LONGITUDE: 108 32 W
TEMPERATURE IN F: :PCPN: SNOW: WIND :SUNSHINE: SKY :PK WND
================================================================================
1 2 3 4 5 6A 6B 7 8 9 10 11 12 13 14 15 16 17 18
12Z AVG MX 2MIN
DY MAX MIN AVG DEP HDD CDD WTR SNW DPTH SPD SPD DIR MIN PSBL S-S WX SPD DR
================================================================================
1 101 67 84 6 0 19 0.00 0.0 0 9.0 28 120 M M 0 32 120
2 103 71 87 9 0 22 0.00 0.0 0 8.7 21 30 M M 0 3 29 110
3 102 71 87 9 0 22 0.00 0.0 0 10.6 21 130 M M 0 31 240
4 100 72 86 8 0 21 0.00 0.0 0 8.2 15 120 M M 0 26 220
5 96 64 80 2 0 15 0.00 0.0 0 9.0 18 200 M M 0 25 200
6 96 69 83 6 0 18 0.00 0.0 0 10.2 22 120 M M 0 8 29 110
7 95 60 78 1 0 13 0.00 0.0 0 9.7 22 300 M M 0 29 300
8 96 60 78 1 0 13 0.00 0.0 0 7.5 17 300 M M 0 22 290
9 96 58 77 0 0 12 0.00 0.0 0 7.5 22 310 M M 0 31 300
10 98 63 81 4 0 16 0.00 0.0 0 9.9 21 340 M M 0 28 320
11 97 64 81 4 0 16 0.00 0.0 0 9.2 20 270 M M 0 8 27 250
12 96 67 82 6 0 17 0.00 0.0 0 9.1 23 300 M M 0 8 42 240
13 98 57 78 2 0 13 0.00 0.0 0 9.2 23 310 M M 0 33 300
14 99 62 81 5 0 16 0.00 0.0 0 7.6 18 320 M M 0 8 27 310
15 97 63 80 4 0 15 0.00 0.0 0 7.0 16 320 M M 2 8 25 240
16 96 61 79 3 0 14 0.00 0.0 0 6.5 16 110 M M 1 8 22 210
17 97 62 80 4 0 15 0.00 0.0 0 5.7 15 110 M M 0 8 19 240
18 101 62 82 7 0 17 0.00 0.0 0 6.6 16 110 M M 1 21 360
19 98 72 85 10 0 20 0.00 0.0 0 9.1 28 60 M M 4 8 37 60
20 100 66 83 8 0 18 0.00 0.0 0 10.8 31 320 M M 1 8 40 310
21 97 66 82 7 0 17 0.00 0.0 0 6.1 13 110 M M 0 8 16 250
22 99 64 82 8 0 17 0.00 0.0 0 8.1 20 290 M M 1 8 26 290
23 98 66 82 8 0 17 0.00 0.0 0 7.6 21 110 M M 0 8 24 110
24 99 64 82 8 0 17 0.00 0.0 0 8.2 22 140 M M 0 28 140
25 97 69 83 9 0 18 0.00 0.0 0 9.9 28 150 M M 0 8 37 160
26 98 74 86 12 0 21 T 0.0 0 13.0 31 170 M M 0 8 43 170
27 98 71 85 12 0 20 T 0.0 0 11.1 29 130 M M 1 35 130
28 92 72 82 9 0 17 0.00 0.0 0 12.9 31 150 M M 0 3 39 150
29 86 66 76 3 0 11 0.02 0.0 0 19.5 36 160 M M 2 3 45 160
30 92 58 75 3 0 10 0.00 0.0 0 8.7 30 330 M M 0 38 320
31 89 57 73 1 0 8 0.05 0.0 0 12.1 32 300 M M 2 57 290
================================================================================
SM 3007 2018 0 505 0.07 0.0 288.3 M 15
================================================================================
AV 97.0 65.1 9.3 FASTST M M 0 MAX(MPH)
MISC ----> # 36 160 # 57 290
================================================================================
NOTES:
# LAST OF SEVERAL OCCURRENCES
COLUMN 17 PEAK WIND IN M.P.H.
PRELIMINARY LOCAL CLIMATOLOGICAL DATA (WS FORM: F-6) , PAGE 2
STATION: GRAND JUNCTION CO
MONTH: AUGUST
YEAR: 2020
LATITUDE: 39 7 N
LONGITUDE: 108 32 W
[TEMPERATURE DATA] [PRECIPITATION DATA] SYMBOLS USED IN COLUMN 16
AVERAGE MONTHLY: 81.1 TOTAL FOR MONTH: 0.07 1 = FOG OR MIST
DPTR FM NORMAL: 5.5 DPTR FM NORMAL: -0.88 2 = FOG REDUCING VISIBILITY
HIGHEST: 103 ON 2 GRTST 24HR 0.05 ON 31-31 TO 1/4 MILE OR LESS
LOWEST: 57 ON 31,13 3 = THUNDER
SNOW, ICE PELLETS, HAIL 4 = ICE PELLETS
TOTAL MONTH: 0.0 INCH 5 = HAIL
GRTST 24HR 0.0 6 = FREEZING RAIN OR DRIZZLE
GRTST DEPTH: 0 7 = DUSTSTORM OR SANDSTORM:
VSBY 1/2 MILE OR LESS
8 = SMOKE OR HAZE
[NO. OF DAYS WITH] [WEATHER - DAYS WITH] 9 = BLOWING SNOW
X = TORNADO
MAX 32 OR BELOW: 0 0.01 INCH OR MORE: 2
MAX 90 OR ABOVE: 29 0.10 INCH OR MORE: 0
MIN 32 OR BELOW: 0 0.50 INCH OR MORE: 0
MIN 0 OR BELOW: 0 1.00 INCH OR MORE: 0
[HDD (BASE 65) ]
TOTAL THIS MO. 0 CLEAR (SCALE 0-3) 30
DPTR FM NORMAL -2 PTCLDY (SCALE 4-7) 1
TOTAL FM JUL 1 0 CLOUDY (SCALE 8-10) 0
DPTR FM NORMAL -3
[CDD (BASE 65) ]
TOTAL THIS MO. 505
DPTR FM NORMAL 178 [PRESSURE DATA]
TOTAL FM JAN 1 1357 HIGHEST SLP 30.11 ON 17
DPTR FM NORMAL 338 LOWEST SLP 29.50 ON 31
[REMARKS]
#FINAL-08-20#