000
CXUS53 KGLD 251333
CF6GLD
PRELIMINARY LOCAL CLIMATOLOGICAL DATA (WS FORM: F-6)
STATION: GOODLAND KS
MONTH: OCTOBER
YEAR: 2022
LATITUDE: 39 22 N
LONGITUDE: 101 42 W
TEMPERATURE IN F: :PCPN: SNOW: WIND :SUNSHINE: SKY :PK WND
================================================================================
1 2 3 4 5 6A 6B 7 8 9 10 11 12 13 14 15 16 17 18
12Z AVG MX 2MIN
DY MAX MIN AVG DEP HDD CDD WTR SNW DPTH SPD SPD DIR MIN PSBL S-S WX SPD DR
================================================================================
1 86 43 65 6 0 0 0.00 0.0 0 11.9 29 190 M M 0 38 200
2 86 53 70 12 0 5 0.00 0.0 0 16.4 30 170 M M 0 43 160
3 85 56 71 13 0 6 0.08 0.0 0 11.5 22 190 M M 4 1 29 170
4 73 48 61 4 4 0 0.03 0.0 0 8.0 16 330 M M 3 18 21 330
5 75 44 60 3 5 0 0.00 0.0 0 6.8 18 320 M M 1 26 340
6 76 42 59 3 6 0 0.00 0.0 0 8.2 21 80 M M 0 27 80
7 49 39 44 -12 21 0 0.00 0.0 0 8.1 16 50 M M 9 21 50
8 68 37 53 -2 12 0 0.00 0.0 0 7.9 13 220 M M 4 17 200
9 76 40 58 3 7 0 0.00 0.0 0 6.8 14 190 M M 0 18 180
10 79 36 58 4 7 0 0.00 0.0 0 10.7 21 180 M M 0 29 190
11 85 45 65 11 0 0 0.00 0.0 0 11.6 33 360 M M 1 8 45 360
12 72 38 55 1 10 0 0.00 0.0 0 12.7 33 10 M M 0 44 10
13 66 40 53 0 12 0 0.00 0.0 0 16.3 37 330 M M 2 55 340
14 79 42 61 8 4 0 0.00 0.0 0 11.4 26 340 M M 0 37 300
15 75 36 56 4 9 0 0.00 0.0 0 9.3 18 20 M M 0 24 30
16 64 31 48 -4 17 0 0.00 0.0 0 8.4 18 340 M M 2 25 350
17 64 26 45 -6 20 0 0.00 0.0 0 6.8 15 340 M M 0 21 350
18 63 26 45 -6 20 0 0.00 0.0 0 7.0 14 210 M M 2 19 200
19 78 35 57 7 8 0 0.00 0.0 0 11.4 24 340 M M 0 32 330
20 81 41 61 11 4 0 0.00 0.0 0 11.2 22 230 M M 0 32 220
21 80 48 64 14 1 0 0.00 0.0 0 10.8 21 330 M M 0 28 340
22 83 40 62 13 3 0 0.00 0.0 0 10.1 22 220 M M 0 30 220
23 82 41 62 13 3 0 0.00 0.0 0 21.3 39 220 M M 1 8 59 230
24 55 28 42 -6 23 0 0.00 0.0 0 14.3 32 340 M M 0 44 340
25 66 30 48 0 17 0 0.00 0.0 0 11.3 18 360 M M 0 29 360
26 63 37 50 2 15 0 T 0.0 0 M M M M M 0 3 M M
27 52 31 42 -5 23 0 0.00 0.0 0 M M M M M 0 M M
28 60 29 45 -2 20 0 0.00 0.0 0 M M M M M 0 M M
29 67 37 52 6 13 0 0.00 0.0 0 M M M M M 0 M M
30 63 29 46 0 19 0 0.00 0.0 0 M M M M M 0 M M
31 69 34 52 6 13 0 0.00 0.0 0 M M M M M 0 M M
================================================================================
SM 2220 1182 316 11 0.11 0.0 270.2 M 29
================================================================================
AV 71.6 38.1 10.8 FASTST M M 1 MAX(MPH)
MISC ----> 39 220 59 230
================================================================================
NOTES:
# LAST OF SEVERAL OCCURRENCES
COLUMN 17 PEAK WIND IN M.P.H.
PRELIMINARY LOCAL CLIMATOLOGICAL DATA (WS FORM: F-6) , PAGE 2
STATION: GOODLAND KS
MONTH: OCTOBER
YEAR: 2022
LATITUDE: 39 22 N
LONGITUDE: 101 42 W
[TEMPERATURE DATA] [PRECIPITATION DATA] SYMBOLS USED IN COLUMN 16
AVERAGE MONTHLY: 54.9 TOTAL FOR MONTH: 0.11 1 = FOG OR MIST
DPTR FM NORMAL: 3.1 DPTR FM NORMAL: -1.30 2 = FOG REDUCING VISIBILITY
HIGHEST: 86 ON 2, 1 GRTST 24HR 0.11 ON 3- 4 TO 1/4 MILE OR LESS
LOWEST: 26 ON 18,17 3 = THUNDER
SNOW, ICE PELLETS, HAIL 4 = ICE PELLETS
TOTAL MONTH: 0.0 INCH 5 = HAIL
GRTST 24HR 0.0 6 = FREEZING RAIN OR DRIZZLE
GRTST DEPTH: 0 7 = DUSTSTORM OR SANDSTORM:
VSBY 1/2 MILE OR LESS
8 = SMOKE OR HAZE
[NO. OF DAYS WITH] [WEATHER - DAYS WITH] 9 = BLOWING SNOW
X = TORNADO
MAX 32 OR BELOW: 0 0.01 INCH OR MORE: 2
MAX 90 OR ABOVE: 0 0.10 INCH OR MORE: 0
MIN 32 OR BELOW: 8 0.50 INCH OR MORE: 0
MIN 0 OR BELOW: 0 1.00 INCH OR MORE: 0
[HDD (BASE 65) ]
TOTAL THIS MO. 316 CLEAR (SCALE 0-3) 28
DPTR FM NORMAL -102 PTCLDY (SCALE 4-7) 2
TOTAL FM JUL 1 370 CLOUDY (SCALE 8-10) 1
DPTR FM NORMAL -160
[CDD (BASE 65) ]
TOTAL THIS MO. 11
DPTR FM NORMAL 1 [PRESSURE DATA]
TOTAL FM JAN 1 1352 HIGHEST SLP 9999.00 ON 1
DPTR FM NORMAL 363 LOWEST SLP 9999.00 ON 1
[REMARKS]
#FINAL-10-22#