000
CXUS54 KHGX 021158
CF6GLS
PRELIMINARY LOCAL CLIMATOLOGICAL DATA (WS FORM: F-6)
STATION: GALVESTON
MONTH: FEBRUARY
YEAR: 2023
LATITUDE: 29 16 N
LONGITUDE: 94 52 W
TEMPERATURE IN F: :PCPN: SNOW: WIND :SUNSHINE: SKY :PK WND
================================================================================
1 2 3 4 5 6A 6B 7 8 9 10 11 12 13 14 15 16 17 18
12Z AVG MX 2MIN
DY MAX MIN AVG DEP HDD CDD WTR SNW DPTH SPD SPD DIR MIN PSBL S-S WX SPD DR
================================================================================
1 47 43 45 -12 20 0 0.48 0.0 0 16.1 23 360 M M 10 1 30 360
2 45 43 44 -13 21 0 0.03 0.0 0 15.3 25 340 M M 10 1 34 350
3 58 45 52 -5 13 0 0.00 0.0 0 13.2 23 10 M M 4 31 350
4 61 45 53 -5 12 0 0.00 0.0 0 8.3 13 100 M M 0 18 90
5 71 57 64 6 1 0 0.00 0.0 0 8.9 15 160 M M 2 19 170
6 71 60 66 8 0 1 0.00 0.0 0 13.3 20 140 M M 1 26 140
7 74 64 69 11 0 4 0.00 0.0 0 13.1 18 100 M M 7 1 26 90
8 74 53 64 6 1 0 0.46 0.0 0 12.6 30 280 M M 9 1238 41 280
9 65 47 56 -2 9 0 0.00 0.0 0 3.8 13 10 M M 0 28 90
10 65 48 57 -1 8 0 0.00 0.0 0 14.8 26 330 M M 5 1 35 310
11 57 43 50 -9 15 0 0.00 0.0 0 14.3 25 320 M M 4 32 320
12 59 42 51 -8 14 0 0.00 0.0 0 6.1 14 180 M M 0 18 170
13 68 51 60 1 5 0 0.00 0.0 0 7.4 17 140 M M 1 18 22 160
14 72 64 68 9 0 3 0.01 0.0 0 15.2 23 170 M M 8 128 32 170
15 74 63 69 10 0 4 0.00 0.0 0 12.5 20 130 M M 10 128 26 130
16 71 52 62 2 3 0 0.09 0.0 0 19.6 32 340 M M 10 1 42 350
17 54 42 48 -12 17 0 0.00 0.0 0 22.7 36 340 M M 1 55 350
18 57 45 51 -9 14 0 0.00 0.0 0 11.2 18 70 M M 0 28 70
19 71 53 62 2 3 0 0.00 0.0 0 6.4 12 170 M M 3 1 31 100
20 76 63 70 10 0 5 0.00 0.0 0 12.7 22 210 M M 8 1 31 220
21 73 66 70 10 0 5 0.00 0.0 0 11.5 18 160 M M 10 18 26 210
22 75 65 70 9 0 5 0.01 0.0 0 12.3 22 150 M M 10 18 29 140
23 78 66 72 11 0 7 0.00 0.0 0 9.6 14 110 M M 10 128 18 120
24 77 68 73 12 0 8 0.00 0.0 0 7.8 13 90 M M 10 128 17 120
25 77 67 72 11 0 7 0.00 0.0 0 8.3 14 100 M M 9 128 18 120
26 78 68 73 12 0 8 0.00 0.0 0 13.3 22 170 M M 6 128 29 160
27 81 69 75 13 0 10 0.00 0.0 0 13.5 23 210 M M 9 18 31 200
28 78 68 73 11 0 8 0.00 0.0 0 8.7 16 140 M M 9 128 22 140
================================================================================
SM 1907 1560 156 75 1.08 0.0 332.5 M 166
================================================================================
AV 68.1 55.7 11.9 FASTST M M 6 MAX(MPH)
MISC ----> 36 340 55 350
================================================================================
NOTES:
# LAST OF SEVERAL OCCURRENCES
COLUMN 17 PEAK WIND IN M.P.H.
PRELIMINARY LOCAL CLIMATOLOGICAL DATA (WS FORM: F-6) , PAGE 2
STATION: GALVESTON
MONTH: FEBRUARY
YEAR: 2023
LATITUDE: 29 16 N
LONGITUDE: 94 52 W
[TEMPERATURE DATA] [PRECIPITATION DATA] SYMBOLS USED IN COLUMN 16
AVERAGE MONTHLY: 61.9 TOTAL FOR MONTH: 1.08 1 = FOG OR MIST
DPTR FM NORMAL: 2.6 DPTR FM NORMAL: -1.06 2 = FOG REDUCING VISIBILITY
HIGHEST: 81 ON 27 GRTST 24HR 0.49 ON 31- 1 TO 1/4 MILE OR LESS
LOWEST: 42 ON 17,12 3 = THUNDER
SNOW, ICE PELLETS, HAIL 4 = ICE PELLETS
TOTAL MONTH: 0.0 INCH 5 = HAIL
GRTST 24HR 0.0 6 = FREEZING RAIN OR DRIZZLE
GRTST DEPTH: 0 7 = DUSTSTORM OR SANDSTORM:
VSBY 1/2 MILE OR LESS
8 = SMOKE OR HAZE
[NO. OF DAYS WITH] [WEATHER - DAYS WITH] 9 = BLOWING SNOW
X = TORNADO
MAX 32 OR BELOW: 0 0.01 INCH OR MORE: 6
MAX 90 OR ABOVE: 0 0.10 INCH OR MORE: 2
MIN 32 OR BELOW: 0 0.50 INCH OR MORE: 0
MIN 0 OR BELOW: 0 1.00 INCH OR MORE: 0
[HDD (BASE 65) ]
TOTAL THIS MO. 156 CLEAR (SCALE 0-3) 9
DPTR FM NORMAL -26 PTCLDY (SCALE 4-7) 7
TOTAL FM JUL 1 680 CLOUDY (SCALE 8-10) 12
DPTR FM NORMAL -119
[CDD (BASE 65) ]
TOTAL THIS MO. 75
DPTR FM NORMAL 51 [PRESSURE DATA]
TOTAL FM JAN 1 114 HIGHEST SLP 30.53 ON 3
DPTR FM NORMAL 74 LOWEST SLP 29.68 ON 22
[REMARKS]
#FINAL-02-23#