000
CXUS54 KHGX 011410
CF6GLS
PRELIMINARY LOCAL CLIMATOLOGICAL DATA (WS FORM: F-6)
STATION: GALVESTON
MONTH: JULY
YEAR: 2022
LATITUDE: 29 16 N
LONGITUDE: 94 52 W
TEMPERATURE IN F: :PCPN: SNOW: WIND :SUNSHINE: SKY :PK WND
================================================================================
1 2 3 4 5 6A 6B 7 8 9 10 11 12 13 14 15 16 17 18
12Z AVG MX 2MIN
DY MAX MIN AVG DEP HDD CDD WTR SNW DPTH SPD SPD DIR MIN PSBL S-S WX SPD DR
================================================================================
1 87 78 83 -2 0 18 1.11 0.0 0 12.7 28 220 M M 5 138 38 240
2 91 83 87 2 0 22 0.00 0.0 0 14.8 24 180 M M 3 31 180
3 92 84 88 3 0 23 0.00 0.0 0 11.5 18 180 M M 1 24 170
4 92 85 89 4 0 24 0.00 0.0 0 12.4 16 180 M M 1 23 170
5 92 85 89 4 0 24 0.00 0.0 0 11.2 16 180 M M 2 21 190
6 93 85 89 4 0 24 0.00 0.0 0 11.1 15 170 M M 2 20 180
7 93 85 89 4 0 24 0.00 0.0 0 11.5 17 170 M M 2 24 180
8 94 85 90 5 0 25 T 0.0 0 11.7 17 180 M M 2 22 170
9 95 85 90 5 0 25 0.00 0.0 0 10.7 17 200 M M 2 22 170
10 96 85 91 6 0 26 0.00 0.0 0 13.3 25 200 M M 1 32 200
11 93 84 89 4 0 24 0.28 0.0 0 12.7 22 200 M M 4 38 27 200
12 95 85 90 5 0 25 0.00 0.0 0 9.9 18 180 M M 3 8 27 180
13 94 84 89 4 0 24 0.00 0.0 0 9.0 15 180 M M 2 19 190
14 92 75 84 -1 0 19 2.28 0.0 0 7.2 31 110 M M 4 138 40 120
15 91 81 86 1 0 21 0.15 0.0 0 8.4 25 230 M M 2 36 230
16 91 82 87 1 0 22 0.22 0.0 0 9.4 17 40 M M 2 26 40
17 91 83 87 1 0 22 0.00 0.0 0 9.7 17 180 M M 2 8 21 180
18 92 83 88 2 0 23 0.00 0.0 M 12.6 20 190 M M 1 26 210
19 93 86 90 4 0 25 0.00 0.0 0 15.6 23 190 M M 3 29 180
20 93 86 90 4 0 25 0.00 0.0 0 15.0 20 180 M M 4 26 200
21 94 85 90 4 0 25 0.00 0.0 0 11.6 17 180 M M 2 23 200
22 93 85 89 3 0 24 0.00 0.0 0 9.8 15 150 M M 2 23 170
23 94 86 90 4 0 25 0.01 0.0 0 12.2 17 170 M M 3 23 170
24 94 86 90 4 0 25 0.03 0.0 0 11.9 17 170 M M 2 23 170
25 94 85 90 4 0 25 0.00 0.0 0 10.3 17 150 M M 2 24 150
26 93 86 90 4 0 25 T 0.0 0 12.1 17 160 M M 3 22 170
27 94 86 90 4 0 25 0.00 0.0 0 11.9 17 180 M M 2 23 170
28 94 85 90 4 0 25 0.06 0.0 0 12.0 20 170 M M 2 25 180
29 95 86 91 5 0 26 0.00 0.0 0 13.2 21 160 M M 3 26 170
30 94 86 90 4 0 25 0.00 0.0 0 10.9 18 160 M M 2 22 160
31 95 84 90 4 0 25 0.00 0.0 0 11.1 18 150 M M 1 22 160
================================================================================
SM 2884 2609 0 740 4.14 0.0 357.4 M 72
================================================================================
AV 93.0 84.2 11.5 FASTST M M 2 MAX(MPH)
MISC ----> 31 110 40 120
================================================================================
NOTES:
# LAST OF SEVERAL OCCURRENCES
COLUMN 17 PEAK WIND IN M.P.H.
PRELIMINARY LOCAL CLIMATOLOGICAL DATA (WS FORM: F-6) , PAGE 2
STATION: GALVESTON
MONTH: JULY
YEAR: 2022
LATITUDE: 29 16 N
LONGITUDE: 94 52 W
[TEMPERATURE DATA] [PRECIPITATION DATA] SYMBOLS USED IN COLUMN 16
AVERAGE MONTHLY: 88.6 TOTAL FOR MONTH: 4.14 1 = FOG OR MIST
DPTR FM NORMAL: 3.1 DPTR FM NORMAL: 0.73 2 = FOG REDUCING VISIBILITY
HIGHEST: 96 ON 10 GRTST 24HR 2.28 ON 14-14 TO 1/4 MILE OR LESS
LOWEST: 75 ON 14 3 = THUNDER
SNOW, ICE PELLETS, HAIL 4 = ICE PELLETS
TOTAL MONTH: 0.0 INCH 5 = HAIL
GRTST 24HR 0.0 6 = FREEZING RAIN OR DRIZZLE
GRTST DEPTH: 0 7 = DUSTSTORM OR SANDSTORM:
VSBY 1/2 MILE OR LESS
8 = SMOKE OR HAZE
[NO. OF DAYS WITH] [WEATHER - DAYS WITH] 9 = BLOWING SNOW
X = TORNADO
MAX 32 OR BELOW: 0 0.01 INCH OR MORE: 8
MAX 90 OR ABOVE: 30 0.10 INCH OR MORE: 5
MIN 32 OR BELOW: 0 0.50 INCH OR MORE: 2
MIN 0 OR BELOW: 0 1.00 INCH OR MORE: 2
[HDD (BASE 65) ]
TOTAL THIS MO. 0 CLEAR (SCALE 0-3) 25
DPTR FM NORMAL 0 PTCLDY (SCALE 4-7) 6
TOTAL FM JUL 1 0 CLOUDY (SCALE 8-10) 0
DPTR FM NORMAL 0
[CDD (BASE 65) ]
TOTAL THIS MO. 740
DPTR FM NORMAL 104 [PRESSURE DATA]
TOTAL FM JAN 1 2449 HIGHEST SLP 30.14 ON 31
DPTR FM NORMAL 512 LOWEST SLP 29.80 ON 11
[REMARKS]
#FINAL-07-22#