000
CXUS54 KMAF 011210
CF6GNC
PRELIMINARY LOCAL CLIMATOLOGICAL DATA (WS FORM: F-6)
STATION: GAINES COUNTY AIRPORT
MONTH: DECEMBER
YEAR: 2021
LATITUDE: 32 40 N
LONGITUDE: 102 39 W
TEMPERATURE IN F: :PCPN: SNOW: WIND :SUNSHINE: SKY :PK WND
================================================================================
1 2 3 4 5 6A 6B 7 8 9 10 11 12 13 14 15 16 17 18
12Z AVG MX 2MIN
DY MAX MIN AVG DEP HDD CDD WTR SNW DPTH SPD SPD DIR MIN PSBL S-S WX SPD DR
================================================================================
1 79 37 58 M 7 0 M M M 7.6 12 280 M M 0 M M
2 79 39 59 M 6 0 M M M 7.4 14 260 M M 0 8 18 260
3 80 41 61 M 4 0 M M M 11.4 25 270 M M 0 32 270
4 66 40 53 M 12 0 M M M 7.0 14 350 M M 0 18 350
5 78 47 63 M 2 0 M M M 9.8 20 250 M M 0 23 250
6 51 32 42 M 23 0 M M M 11.3 32 20 M M 1 8 45 20
7 71 27 49 M 16 0 M M M 7.7 16 270 M M 0 25 260
8 73 37 55 M 10 0 M M M 10.1 18 250 M M 0 24 250
9 73 49 61 M 4 0 M M M 10.9 25 260 M M 0 33 260
10 70 47 59 M 6 0 M M M 16.8 36 260 M M 1 8 46 260
11 54 33 44 M 21 0 M M M 8.1 18 350 M M 0 28 340
12 67 24 46 M 19 0 M M M 8.5 17 210 M M 0 23 230
13 73 32 53 M 12 0 M M M 7.1 13 220 M M 0 17 240
14 79 37 58 M 7 0 M M M 8.1 15 240 M M 0 21 210
15 79 52 66 M 0 1 M M M 14.5 25 230 M M 1 36 230
16 66 38 52 M 13 0 M M M 5.6 15 250 M M 0 21 250
17 65 41 53 M 12 0 M M M 5.0 10 220 M M 4 1 M M
18 49 33 41 M 24 0 M M M 11.4 20 10 M M 2 29 30
19 50 23 37 M 28 0 M M M 4.5 10 160 M M 2 M M
20 65 23 44 M 21 0 M M M 5.2 14 310 M M 0 17 310
21 70 26 48 M 17 0 M M M 8.6 21 260 M M 0 29 260
22 74 32 53 M 12 0 M M M 9.8 18 290 M M 0 24 290
23 80 37 59 M 6 0 M M M 10.5 20 260 M M 0 26 260
24 80 50 65 M 0 0 M M M 13.5 25 240 M M 1 36 240
25 70 43 57 M 8 0 M M M 7.5 17 270 M M 0 30 270
26 81 50 66 M 0 1 M M M 13.1 26 240 M M 0 38 250
27 69 46 58 M 7 0 M M M 6.2 10 260 M M 2 M M
28 68 47 58 M 7 0 M M M 16.1 31 270 M M 1 41 270
29 65 39 52 M 13 0 M M M 11.7 33 260 M M 1 44 260
30 65 38 52 M 13 0 M M M 11.2 21 240 M M 2 25 240
31 56 46 51 M 14 0 0.01 M M 8.3 15 190 M M 7 22 230
================================================================================
SM 2145 1186 344 2 0.01 M 294.6 M 25
================================================================================
AV 69.2 38.3 9.5 FASTST M M 1 MAX(MPH)
MISC ----> 36 260 46 260
================================================================================
NOTES:
# LAST OF SEVERAL OCCURRENCES
COLUMN 17 PEAK WIND IN M.P.H.
PRELIMINARY LOCAL CLIMATOLOGICAL DATA (WS FORM: F-6) , PAGE 2
STATION: GAINES COUNTY AIRPORT
MONTH: DECEMBER
YEAR: 2021
LATITUDE: 32 40 N
LONGITUDE: 102 39 W
[TEMPERATURE DATA] [PRECIPITATION DATA] SYMBOLS USED IN COLUMN 16
AVERAGE MONTHLY: 53.7 TOTAL FOR MONTH: 0.01 1 = FOG OR MIST
DPTR FM NORMAL: 0.0 DPTR FM NORMAL: M 2 = FOG REDUCING VISIBILITY
HIGHEST: 81 ON 26 GRTST 24HR 0.01 ON 31-31 TO 1/4 MILE OR LESS
LOWEST: 23 ON 20,19 3 = THUNDER
SNOW, ICE PELLETS, HAIL 4 = ICE PELLETS
TOTAL MONTH: M 5 = HAIL
GRTST 24HR M ON M 6 = FREEZING RAIN OR DRIZZLE
GRTST DEPTH: M ON M 7 = DUSTSTORM OR SANDSTORM:
VSBY 1/2 MILE OR LESS
8 = SMOKE OR HAZE
[NO. OF DAYS WITH] [WEATHER - DAYS WITH] 9 = BLOWING SNOW
X = TORNADO
MAX 32 OR BELOW: 0 0.01 INCH OR MORE: 1
MAX 90 OR ABOVE: 0 0.10 INCH OR MORE: 0
MIN 32 OR BELOW: 8 0.50 INCH OR MORE: 0
MIN 0 OR BELOW: 0 1.00 INCH OR MORE: 0
[HDD (BASE 65) ]
TOTAL THIS MO. 344 CLEAR (SCALE 0-3) 29
DPTR FM NORMAL M PTCLDY (SCALE 4-7) 2
TOTAL FM JUL 1 732 CLOUDY (SCALE 8-10) 0
DPTR FM NORMAL M
[CDD (BASE 65) ]
TOTAL THIS MO. 2
DPTR FM NORMAL M [PRESSURE DATA]
TOTAL FM JAN 1 2005 HIGHEST SLP M ON M
DPTR FM NORMAL M LOWEST SLP M ON M
[REMARKS]
#FINAL-12-21#