000
CXUS54 KMAF 011110
CF6GNC
PRELIMINARY LOCAL CLIMATOLOGICAL DATA (WS FORM: F-6)
STATION: GAINES COUNTY AIRPORT
MONTH: MARCH
YEAR: 2021
LATITUDE: 32 40 N
LONGITUDE: 102 39 W
TEMPERATURE IN F: :PCPN: SNOW: WIND :SUNSHINE: SKY :PK WND
================================================================================
1 2 3 4 5 6A 6B 7 8 9 10 11 12 13 14 15 16 17 18
12Z AVG MX 2MIN
DY MAX MIN AVG DEP HDD CDD WTR SNW DPTH SPD SPD DIR MIN PSBL S-S WX SPD DR
================================================================================
1 47 27 37 M 28 0 M M M 10.0 20 50 M M 2 29 50
2 60 23 42 M 23 0 M M M 8.1 12 190 M M 0 18 220
3 77 27 52 M 13 0 M M M 7.1 14 270 M M 0 20 230
4 80 43 62 M 3 0 M M M 11.3 26 280 M M 0 35 280
5 59 39 49 M 16 0 M M M 15.4 31 350 M M 2 8 44 350
6 62 31 47 M 18 0 M M M 5.5 9 170 M M 0 17 110
7 68 34 51 M 14 0 M M M 9.1 15 180 M M 0 24 150
8 76 36 56 M 9 0 M M M 9.1 18 180 M M 0 25 180
9 76 52 64 M 1 0 M M M 12.9 17 180 M M 0 24 180
10 81 45 63 M 2 0 M M M 11.1 24 250 M M 0 35 240
11 77 46 62 M 3 0 M M M 7.4 15 150 M M 0 1 22 140
12 84 53 69 M 0 4 0.02 M M 8.7 16 170 M M 3 21 160
13 83 47 65 M 0 0 M M M 18.3 31 280 M M 5 8 47 280
14 63 36 50 M 15 0 M M M 18.8 32 250 M M 3 8 43 240
15 74 42 58 M 7 0 M M M 11.5 18 270 M M 0 23 270
16 83 46 65 M 0 0 M M M 14.7 31 260 M M 2 8 40 270
17 61 41 51 M 14 0 M M M 17.7 28 350 M M 2 8 43 350
18 63 30 47 M 18 0 M M M 5.9 10 10 M M 0 M M
19 65 32 49 M 16 0 M M M 7.2 10 120 M M 0 17 140
20 73 34 54 M 11 0 M M M 10.0 16 160 M M 0 24 170
21 78 45 62 M 3 0 M M M 9.5 16 230 M M 0 22 220
22 69 38 54 M 11 0 M M M 17.6 36 310 M M 2 8 51 310
23 72 30 51 M 14 0 M M M 8.0 20 100 M M 0 24 100
24 63 40 52 M 13 0 M M M 16.5 25 360 M M 0 32 360
25 67 30 49 M 16 0 M M M 8.1 16 270 M M 0 22 270
26 77 38 58 M 7 0 M M M 9.8 23 240 M M 0 31 250
27 75 45 60 M 5 0 M M M 11.7 26 350 M M 0 35 350
28 71 40 56 M 9 0 M M M 5.8 9 200 M M 0 9 70
29 81 43 62 M 3 0 M M M 13.1 22 220 M M 0 33 190
30 75 50 63 M 2 0 M M M 12.2 16 90 M M 0 25 220
31 63 38 51 M 14 0 M M M 12.3 18 60 M M 0 36 70
================================================================================
SM 2203 1201 308 4 0.02 M 344.5 M 21
================================================================================
AV 71.1 38.7 11.1 FASTST M M 1 MAX(MPH)
MISC ----> 36 310 51 310
================================================================================
NOTES:
# LAST OF SEVERAL OCCURRENCES
COLUMN 17 PEAK WIND IN M.P.H.
PRELIMINARY LOCAL CLIMATOLOGICAL DATA (WS FORM: F-6) , PAGE 2
STATION: GAINES COUNTY AIRPORT
MONTH: MARCH
YEAR: 2021
LATITUDE: 32 40 N
LONGITUDE: 102 39 W
[TEMPERATURE DATA] [PRECIPITATION DATA] SYMBOLS USED IN COLUMN 16
AVERAGE MONTHLY: 54.9 TOTAL FOR MONTH: 0.02 1 = FOG OR MIST
DPTR FM NORMAL: 0.0 DPTR FM NORMAL: M 2 = FOG REDUCING VISIBILITY
HIGHEST: 84 ON 12 GRTST 24HR 0.02 ON 12-12 TO 1/4 MILE OR LESS
LOWEST: 23 ON 2 3 = THUNDER
SNOW, ICE PELLETS, HAIL 4 = ICE PELLETS
TOTAL MONTH: M 5 = HAIL
GRTST 24HR M ON M 6 = FREEZING RAIN OR DRIZZLE
GRTST DEPTH: M ON M 7 = DUSTSTORM OR SANDSTORM:
VSBY 1/2 MILE OR LESS
8 = SMOKE OR HAZE
[NO. OF DAYS WITH] [WEATHER - DAYS WITH] 9 = BLOWING SNOW
X = TORNADO
MAX 32 OR BELOW: 0 0.01 INCH OR MORE: 1
MAX 90 OR ABOVE: 0 0.10 INCH OR MORE: 0
MIN 32 OR BELOW: 8 0.50 INCH OR MORE: 0
MIN 0 OR BELOW: 0 1.00 INCH OR MORE: 0
[HDD (BASE 65) ]
TOTAL THIS MO. 308 CLEAR (SCALE 0-3) 30
DPTR FM NORMAL M PTCLDY (SCALE 4-7) 1
TOTAL FM JUL 1 2839 CLOUDY (SCALE 8-10) 0
DPTR FM NORMAL M
[CDD (BASE 65) ]
TOTAL THIS MO. 4
DPTR FM NORMAL M [PRESSURE DATA]
TOTAL FM JAN 1 4 HIGHEST SLP M ON M
DPTR FM NORMAL M LOWEST SLP M ON M
[REMARKS]
#FINAL-03-21#