000
CXUS52 KJAX 011330
CLMGNV
CLIMATE REPORT
NATIONAL WEATHER SERVICE JACKSONVILLE FL
930 AM EDT THU JUN 01 2023
...................................
...THE GAINESVILLE CLIMATE SUMMARY FOR THE MONTH OF MAY 2023...
CLIMATE NORMAL PERIOD: 1991 TO 2020
CLIMATE RECORD PERIOD: 1890 TO 2023
WEATHER OBSERVED NORMAL DEPART LAST YEAR`S
VALUE DATE(S) VALUE FROM VALUE DATE(S)
NORMAL
................................................................
TEMPERATURE (F)
RECORD
HIGH 102 05/27/2019
LOW 42 05/08/1992
HIGHEST 93 05/10 94 -1 93 05/18
LOWEST 53 05/04 50 3 51 05/10
05/05
05/28
05/11
AVG. MAXIMUM 86.0 87.4 -1.4 88.1
AVG. MINIMUM 63.3 62.6 0.7 64.0
MEAN 74.6 75.0 -0.4 76.0
DAYS MAX >= 90 5 11.0 -6.0 11
DAYS MIN <= 32 0 0.0 0.0 0
PRECIPITATION (INCHES)
RECORD
MAXIMUM 9.25 1959
MINIMUM 0.16 1914
TOTALS 4.11 3.08 1.03 3.77
DAILY AVG. 0.13 0.10 0.03 0.12
DAYS >= .01 9 6.9 2.1 13
DAYS >= .10 6 4.5 1.5 10
DAYS >= .50 3 2.2 0.8 1
DAYS >= 1.00 2 1.0 1.0 1
GREATEST
24 HR. TOTAL 1.74 05/21 TO 05/22
SNOWFALL (INCHES)
RECORDS
TOTAL T 1975
TOTALS 0.0 0.0 0.0 0.0
DEGREE DAYS
HEATING TOTAL 0 3 -3 0
SINCE 7/1 748 1136 -388 MM
COOLING TOTAL 307 313 -6 350
SINCE 1/1 788 559 229 MM
................................................................
WIND (MPH)
AVERAGE WIND SPEED 6.0
HIGHEST WIND SPEED/DIRECTION 30/250 DATE 05/01
HIGHEST GUST SPEED/DIRECTION 40/240 DATE 05/01
40/270 05/02
SKY COVER
AVERAGE SKY COVER 0.31
AVERAGE RH (PERCENT) 71
WEATHER CONDITIONS. NUMBER OF DAYS WITH
THUNDERSTORM 10 MIXED PRECIP 0
HEAVY RAIN 5 RAIN 8
LIGHT RAIN 12 FREEZING RAIN 0
LT FREEZING RAIN 0 HAIL 0
HEAVY SNOW 0 SNOW 0
LIGHT SNOW 0 SLEET 0
FOG 15 FOG W/VIS <= 1/4 MILE 4
HAZE 0
- INDICATES NEGATIVE NUMBERS.
R INDICATES RECORD WAS SET OR TIED.
MM INDICATES DATA IS MISSING.
T INDICATES TRACE AMOUNT.
$$