000
CXUS55 KMSO 091513
CF6GPI
PRELIMINARY LOCAL CLIMATOLOGICAL DATA (WS FORM: F-6)
STATION: KALISPELL MT
MONTH: APRIL
YEAR: 2022
LATITUDE: 48 17 N
LONGITUDE: 114 16 W
TEMPERATURE IN F: :PCPN: SNOW: WIND :SUNSHINE: SKY :PK WND
================================================================================
1 2 3 4 5 6A 6B 7 8 9 10 11 12 13 14 15 16 17 18
12Z AVG MX 2MIN
DY MAX MIN AVG DEP HDD CDD WTR SNW DPTH SPD SPD DIR MIN PSBL S-S WX SPD DR
================================================================================
1 49 24 37 -2 28 0 0.00 0.0 0 4.5 18 220 M M 7 25 220
2 46 21 34 -6 31 0 0.16 0.9 0 7.4 18 230 M M 8 1 27 220
3 53 19 36 -4 29 0 0.00 0.0 0 5.6 24 250 M M 4 1 35 280
4 47 25 36 -4 29 0 0.14 0.1 0 10.6 38 220 M M 7 18 53 210
5 47 31 39 -1 26 0 0.00 0.0 0 12.3 25 270 M M 8 1 36 250
6 53 23 38 -2 27 0 0.00 0.0 0 7.6 16 260 M M 6 26 160
7 58 19 39 -2 26 0 0.00 0.0 0 3.1 12 170 M M 0 15 180
8 61 24 43 2 22 0 0.00 0.0 0 8.4 26 260 M M 4 40 270
9 47 32 40 -1 25 0 T 0.0 0 11.9 28 270 M M 8 1 40 250
10 38 29 34 -7 31 0 0.03 T 0 8.1 16 130 M M 9 18 25 120
11 38 27 33 -9 32 0 0.08 0.5 1 16.2 30 50 M M 9 1 41 40
12 33 22 28 -14 37 0 0.00 0.0 0 17.6 28 30 M M 9 37 40
13 35 18 27 -15 38 0 0.00 0.0 0 11.3 22 20 M M 4 30 10
14 38 17 28 -14 37 0 0.00 0.0 0 13.0 25 10 M M 3 37 20
15 39 17 28 -14 37 0 0.00 T 0 4.6 13 180 M M 5 17 180
16 41 14 28 -15 37 0 T T T 8.9 21 30 M M 5 18 25 30
17 43 20 32 -11 33 0 0.10 1.0 1 7.7 24 140 M M 9 1 33 130
18 48 19 34 -9 31 0 0.00 0.0 0 5.3 16 10 M M 3 19 10
19 50 26 38 -6 27 0 0.01 T 0 14.3 32 230 M M 6 1 51 230
20 50 18 34 -10 31 0 0.01 0.0 0 5.0 18 160 M M 4 1 25 160
21 53 32 43 -1 22 0 0.33 0.0 0 4.8 17 230 M M 9 1 24 230
22 54 29 42 -2 23 0 0.01 0.0 0 2.6 16 340 M M 9 12 24 340
23 53 33 43 -2 22 0 0.02 0.0 0 2.4 17 50 M M 9 20 50
24 58 24 41 -4 24 0 T 0.0 0 4.0 14 160 M M 2 12 23 280
25 66 27 47 2 18 0 0.00 0.0 0 5.1 21 180 M M 2 29 200
26 52 32 42 -4 23 0 0.05 0.0 0 6.7 22 220 M M 6 1 31 210
27 52 27 40 -6 25 0 T 0.0 0 6.6 20 150 M M 5 24 150
28 53 26 40 -6 25 0 0.00 0.0 0 2.2 9 50 M M 4 16 110
29 54 25 40 -6 25 0 0.04 0.0 0 4.3 18 180 M M 3 25 230
30 57 23 40 -7 25 0 T 0.0 0 3.9 15 190 M M 5 12 22 180
================================================================================
SM 1466 723 846 0 0.98 2.5 226.0 M 172
================================================================================
AV 48.9 24.1 7.5 FASTST M M 6 MAX(MPH)
MISC ----> 38 220 53 210
================================================================================
NOTES:
# LAST OF SEVERAL OCCURRENCES
COLUMN 17 PEAK WIND IN M.P.H.
PRELIMINARY LOCAL CLIMATOLOGICAL DATA (WS FORM: F-6) , PAGE 2
STATION: KALISPELL MT
MONTH: APRIL
YEAR: 2022
LATITUDE: 48 17 N
LONGITUDE: 114 16 W
[TEMPERATURE DATA] [PRECIPITATION DATA] SYMBOLS USED IN COLUMN 16
AVERAGE MONTHLY: 36.5 TOTAL FOR MONTH: 0.98 1 = FOG OR MIST
DPTR FM NORMAL: -6.2 DPTR FM NORMAL: -0.36 2 = FOG REDUCING VISIBILITY
HIGHEST: 66 ON 25 GRTST 24HR 0.33 ON 21-21 TO 1/4 MILE OR LESS
LOWEST: 14 ON 16 3 = THUNDER
SNOW, ICE PELLETS, HAIL 4 = ICE PELLETS
TOTAL MONTH: 2.5 INCHES 5 = HAIL
GRTST 24HR 1.0 ON 17-17 6 = FREEZING RAIN OR DRIZZLE
GRTST DEPTH: 1 ON 17,11 7 = DUSTSTORM OR SANDSTORM:
VSBY 1/2 MILE OR LESS
8 = SMOKE OR HAZE
[NO. OF DAYS WITH] [WEATHER - DAYS WITH] 9 = BLOWING SNOW
X = TORNADO
MAX 32 OR BELOW: 0 0.01 INCH OR MORE: 12
MAX 90 OR ABOVE: 0 0.10 INCH OR MORE: 4
MIN 32 OR BELOW: 29 0.50 INCH OR MORE: 0
MIN 0 OR BELOW: 0 1.00 INCH OR MORE: 0
[HDD (BASE 65) ]
TOTAL THIS MO. 846 CLEAR (SCALE 0-3) 5
DPTR FM NORMAL 178 PTCLDY (SCALE 4-7) 16
TOTAL FM JUL 1 7206 CLOUDY (SCALE 8-10) 9
DPTR FM NORMAL -252
[CDD (BASE 65) ]
TOTAL THIS MO. 0
DPTR FM NORMAL 0 [PRESSURE DATA]
TOTAL FM JAN 1 0 HIGHEST SLP 30.62 ON 7
DPTR FM NORMAL 0 LOWEST SLP 29.32 ON 4
[REMARKS]
#FINAL-04-22#