000
CXUS55 KMSO 062031
CF6GPI
PRELIMINARY LOCAL CLIMATOLOGICAL DATA (WS FORM: F-6)
STATION: KALISPELL MT
MONTH: JANUARY
YEAR: 2024
LATITUDE: 48 17 N
LONGITUDE: 114 16 W
TEMPERATURE IN F: :PCPN: SNOW: WIND :SUNSHINE: SKY :PK WND
================================================================================
1 2 3 4 5 6A 6B 7 8 9 10 11 12 13 14 15 16 17 18
12Z AVG MX 2MIN
DY MAX MIN AVG DEP HDD CDD WTR SNW DPTH SPD SPD DIR MIN PSBL S-S WX SPD DR
================================================================================
1 31 27 29 7 36 0 T 0.2 0 1.1 7 260 M M 10 12 8 260
2 32 24 28 6 37 0 0.00 0.0 0 0.3 5 360 M M 9 12 7 230
3 28 25 27 5 38 0 0.00 0.0 0 1.8 7 340 M M 10 1 9 340
4 33 28 31 9 34 0 0.11 1.0 1 1.4 10 150 M M 10 1 14 160
5 35 19 27 4 38 0 T 0.4 1 5.6 14 220 M M 9 12 19 130
6 35 25 30 7 35 0 0.04 0.7 1 5.6 13 140 M M 9 1 20 150
7 31 20 26 3 39 0 0.02 0.9 2 10.4 22 20 M M 10 189 31 10
8 30 17 24 1 41 0 T 0.2 3 3.6 15 140 M M 9 1 21 140
9 41 27 34 11 31 0 0.07 1.5 4 9.9 23 250 M M 9 1 35 250
10 34 12 23 0 42 0 T T 3 12.2 21 20 M M 10 1 27 20
11 28 -12 8 -15 57 0 0.19 3.0 5 26.7 43 10 M M 10 128 65 20
12 -12 -29 -20 -43 85 0 T T 4 15.9 31 10 M M 4 8 44 10
13 -10 -33 -21 -44 86 0 0.00 0.0 3 4.5 15 30 M M 0 8 20 20
14 -2 -16 -9 -32 74 0 0.02 T 3 1.3 13 360 M M 6 8 17 330
15 1 -28 -13 -37 78 0 0.00 0.0 3 1.0 6 20 M M 0 18 8 280
16 7 -10 -1 -25 66 0 0.00 0.0 3 1.0 8 40 M M 3 12 20
17 15 6 11 -13 54 0 0.84 9.3 3 8.3 33 360 M M 10 189 50 360
18 18 3 11 -13 54 0 T 1.0 13 13.0 29 360 M M 2 8 38 350
19 14 -1 7 -17 58 0 0.09 1.5 13 3.1 12 350 M M 8 18 16 360
20 23 14 19 -5 46 0 0.02 T 15 0.3 5 130 M M 10 1 6 120
21 31 22 27 3 38 0 0.12 1.9 16 0.3 3 250 M M 10 16 6 160
22 35 28 32 8 33 0 0.06 T 16 0.8 6 210 M M 10 16 7 140
23 38 31 35 11 30 0 T 0.0 15 0.4 6 10 M M 10 12 7 110
24 42 30 36 12 29 0 T T 14 0.5 7 130 M M 9 12 7 130
25 42 30 36 12 29 0 T 0.0 12 4.7 13 130 M M 10 1 16 130
26 44 26 35 10 30 0 0.00 0.0 11 3.6 13 160 M M 9 19 160
27 37 22 30 5 35 0 0.02 0.0 11 0.8 5 210 M M 9 18 5 210
28 43 33 38 13 27 0 T 0.0 10 0.7 9 40 M M 10 12 9 40
29 44 27 36 11 29 0 0.00 0.0 10 0.4 6 280 M M 6 12 7 280
30 35 28 32 7 33 0 0.00 0.0 9 0.6 7 70 M M 7 12 10 140
31 40 22 31 6 34 0 0.00 0.0 8 0.6 6 160 M M 6 12 9 140
================================================================================
SM 843 417 1376 0 1.60 21.6 140.4 M 244
================================================================================
AV 27.2 13.5 4.5 FASTST M M 8 MAX(MPH)
MISC ----> 43 10 65 20
================================================================================
NOTES:
# LAST OF SEVERAL OCCURRENCES
COLUMN 17 PEAK WIND IN M.P.H.
PRELIMINARY LOCAL CLIMATOLOGICAL DATA (WS FORM: F-6) , PAGE 2
STATION: KALISPELL MT
MONTH: JANUARY
YEAR: 2024
LATITUDE: 48 17 N
LONGITUDE: 114 16 W
[TEMPERATURE DATA] [PRECIPITATION DATA] SYMBOLS USED IN COLUMN 16
AVERAGE MONTHLY: 20.3 TOTAL FOR MONTH: 1.60 1 = FOG OR MIST
DPTR FM NORMAL: -3.4 DPTR FM NORMAL: 0.20 2 = FOG REDUCING VISIBILITY
HIGHEST: 44 ON 29,26 GRTST 24HR 0.87 ON 17-18 TO 1/4 MILE OR LESS
LOWEST: -33 ON 13 3 = THUNDER
SNOW, ICE PELLETS, HAIL 4 = ICE PELLETS
TOTAL MONTH: 21.7 INCHES 5 = HAIL
GRTST 24HR 9.3 ON 17-17 6 = FREEZING RAIN OR DRIZZLE
GRTST DEPTH: 16 ON 22,21 7 = DUSTSTORM OR SANDSTORM:
VSBY 1/2 MILE OR LESS
8 = SMOKE OR HAZE
[NO. OF DAYS WITH] [WEATHER - DAYS WITH] 9 = BLOWING SNOW
X = TORNADO
MAX 32 OR BELOW: 16 0.01 INCH OR MORE: 12
MAX 90 OR ABOVE: 0 0.10 INCH OR MORE: 4
MIN 32 OR BELOW: 30 0.50 INCH OR MORE: 1
MIN 0 OR BELOW: 7 1.00 INCH OR MORE: 0
[HDD (BASE 65) ]
TOTAL THIS MO. 1376 CLEAR (SCALE 0-3) 4
DPTR FM NORMAL 94 PTCLDY (SCALE 4-7) 6
TOTAL FM JUL 1 4435 CLOUDY (SCALE 8-10) 21
DPTR FM NORMAL -338
[CDD (BASE 65) ]
TOTAL THIS MO. 0
DPTR FM NORMAL 0 [PRESSURE DATA]
TOTAL FM JAN 1 0 HIGHEST SLP 30.91 ON 15
DPTR FM NORMAL 0 LOWEST SLP 29.37 ON 9
[REMARKS]
#FINAL-01-24#