000
CXUS54 KLIX 010810
CF6GPT
PRELIMINARY LOCAL CLIMATOLOGICAL DATA (WS FORM: F-6)
STATION: GULFPORT
MONTH: APRIL
YEAR: 2022
LATITUDE: 30 23 N
LONGITUDE: 89 4 W
TEMPERATURE IN F: :PCPN: SNOW: WIND :SUNSHINE: SKY :PK WND
================================================================================
1 2 3 4 5 6A 6B 7 8 9 10 11 12 13 14 15 16 17 18
12Z AVG MX 2MIN
DY MAX MIN AVG DEP HDD CDD WTR SNW DPTH SPD SPD DIR MIN PSBL S-S WX SPD DR
================================================================================
1 76 48 62 -2 3 0 0.00 M M 3.4 13 160 M M 0 16 170
2 78 54 66 2 0 1 T M M 4.6 17 50 M M 3 3 22 40
3 79 50 65 0 0 0 0.00 M M 3.1 12 160 M M 0 16 70
4 78 54 66 1 0 1 0.01 0.0 M 9.0 20 130 M M 1 3 24 120
5 77 63 70 5 0 5 0.29 0.0 M 11.4 30 320 M M 10 1 43 300
6 82 69 76 11 0 11 0.00 0.0 M 9.2 22 330 M M 7 1 28 330
7 76 53 65 -1 0 0 0.00 0.0 M 12.8 25 310 M M 3 34 300
8 71 47 59 -7 6 0 0.00 0.0 M 10.5 28 290 M M 0 42 280
9 72 41 57 -9 8 0 0.00 0.0 M 4.6 15 200 M M 0 23 190
10 74 49 62 -4 3 0 0.00 M M 8.4 20 160 M M 0 23 150
11 74 68 71 5 0 6 0.12 M M 12.1 38 140 M M 7 1 46 140
12 77 69 73 6 0 8 0.00 M M 13.5 23 130 M M 9 28 130
13 81 66 74 7 0 9 0.95 M M 13.8 28 340 M M 6 13 34 340
14 78 65 72 5 0 7 0.43 M M 4.1 22 140 M M 7 13 24 140
15 76 66 71 4 0 6 0.00 M M 10.1 21 130 M M 8 27 130
16 84 68 76 8 0 11 0.21 M M 7.2 25 50 M M 4 13 30 20
17 85 68 77 9 0 12 0.09 M M 7.2 20 10 M M 8 13 24 10
18 76 58 67 -1 0 2 T M M 9.3 22 360 M M 3 28 340
19 73 51 62 -6 3 0 0.00 M M 5.6 17 80 M M 0 22 50
20 76 51 64 -4 1 0 0.00 M M 13.7 25 110 M M 1 32 130
21 80 66 73 4 0 8 0.00 M M 11.7 23 120 M M 2 28 110
22 80 63 72 3 0 7 0.00 M M 10.1 22 140 M M 0 27 140
23 81 63 72 3 0 7 0.00 M M 13.2 25 110 M M 3 31 110
24 83 70 77 8 0 12 0.00 M M 12.0 17 130 M M 3 22 120
25 82 69 76 6 0 11 0.00 M M 6.7 16 150 M M 3 21 150
26 81 63 72 2 0 7 0.00 M M 9.2 17 330 M M 5 21 340
27 83 55 69 -1 0 4 0.00 0.0 M 6.0 13 320 M M 1 15 310
28 82 51 67 -3 0 2 0.00 0.0 M 2.9 12 150 M M 0 16 170
29 82 60 71 0 0 6 0.00 0.0 M 9.7 22 120 M M 5 12 25 120
30 84 71 78 7 0 13 0.00 0.0 M 7.7 16 160 M M 3 20 150
================================================================================
SM 2361 1789 24 156 2.10 0.0 262.8 M 102
================================================================================
AV 78.7 59.6 8.8 FASTST M M 3 MAX(MPH)
MISC ----> 38 140 46 140
================================================================================
NOTES:
# LAST OF SEVERAL OCCURRENCES
COLUMN 17 PEAK WIND IN M.P.H.
PRELIMINARY LOCAL CLIMATOLOGICAL DATA (WS FORM: F-6) , PAGE 2
STATION: GULFPORT
MONTH: APRIL
YEAR: 2022
LATITUDE: 30 23 N
LONGITUDE: 89 4 W
[TEMPERATURE DATA] [PRECIPITATION DATA] SYMBOLS USED IN COLUMN 16
AVERAGE MONTHLY: 69.2 TOTAL FOR MONTH: 2.10 1 = FOG OR MIST
DPTR FM NORMAL: 1.7 DPTR FM NORMAL: -3.41 2 = FOG REDUCING VISIBILITY
HIGHEST: 85 ON 17 GRTST 24HR 1.38 ON 13-14 TO 1/4 MILE OR LESS
LOWEST: 41 ON 9 3 = THUNDER
SNOW, ICE PELLETS, HAIL 4 = ICE PELLETS
TOTAL MONTH: 0.0 INCH 5 = HAIL
GRTST 24HR 0.0 6 = FREEZING RAIN OR DRIZZLE
GRTST DEPTH: M ON M 7 = DUSTSTORM OR SANDSTORM:
VSBY 1/2 MILE OR LESS
8 = SMOKE OR HAZE
[NO. OF DAYS WITH] [WEATHER - DAYS WITH] 9 = BLOWING SNOW
X = TORNADO
MAX 32 OR BELOW: 0 0.01 INCH OR MORE: 7
MAX 90 OR ABOVE: 0 0.10 INCH OR MORE: 5
MIN 32 OR BELOW: 0 0.50 INCH OR MORE: 1
MIN 0 OR BELOW: 0 1.00 INCH OR MORE: 0
[HDD (BASE 65) ]
TOTAL THIS MO. 24 CLEAR (SCALE 0-3) 14
DPTR FM NORMAL -24 PTCLDY (SCALE 4-7) 12
TOTAL FM JUL 1 1295 CLOUDY (SCALE 8-10) 4
DPTR FM NORMAL -208
[CDD (BASE 65) ]
TOTAL THIS MO. 156
DPTR FM NORMAL 34 [PRESSURE DATA]
TOTAL FM JAN 1 249 HIGHEST SLP M ON M
DPTR FM NORMAL 58 LOWEST SLP 29.66 ON 6
[REMARKS]
#FINAL-04-22#