158
CXUS54 KLIX 010910
CF6GPT
PRELIMINARY LOCAL CLIMATOLOGICAL DATA (WS FORM: F-6)
STATION: GULFPORT
MONTH: JANUARY
YEAR: 2021
LATITUDE: 30 23 N
LONGITUDE: 89 4 W
TEMPERATURE IN F: :PCPN: SNOW: WIND :SUNSHINE: SKY :PK WND
================================================================================
1 2 3 4 5 6A 6B 7 8 9 10 11 12 13 14 15 16 17 18
12Z AVG MX 2MIN
DY MAX MIN AVG DEP HDD CDD WTR SNW DPTH SPD SPD DIR MIN PSBL S-S WX SPD DR
================================================================================
1 67 51 59 8 6 0 0.02 M M 5.3 17 150 M M 2 1 24 220
2 62 41 52 1 13 0 0.00 M M 6.9 14 310 M M 3 17 310
3 61 35 48 -3 17 0 0.00 M M 3.0 10 330 M M 0 17 20
4 62 35 49 -2 16 0 0.00 M M 3.5 12 150 M M 0 15 160
5 69 40 55 4 10 0 0.00 M M 4.4 14 10 M M 2 12 20 20
6 62 39 51 0 14 0 0.00 M M 8.5 22 100 M M 0 26 100
7 61 47 54 4 11 0 0.34 0.0 M 12.6 37 150 M M 9 1 47 140
8 47 40 44 -6 21 0 0.00 0.0 M 12.8 22 330 M M 9 27 330
9 51 33 42 -8 23 0 0.00 0.0 M 6.8 17 310 M M 1 21 340
10 43 29 36 -14 29 0 T 0.0 M 6.1 16 50 M M 3 21 40
11 47 38 43 -7 22 0 0.43 0.0 M 12.8 20 340 M M 10 1 26 30
12 42 34 38 -12 27 0 0.00 M M 7.4 18 340 M M 8 23 330
13 53 33 43 -7 22 0 T M M 2.9 13 160 M M 2 1 15 160
14 61 32 47 -3 18 0 0.00 M M 4.6 12 220 M M 1 1 19 220
15 61 39 50 -1 15 0 0.00 M M 9.0 22 260 M M 0 31 280
16 55 34 45 -6 20 0 0.00 M M 6.2 17 310 M M 0 22 330
17 58 30 44 -7 21 0 0.00 0.0 M 3.4 10 220 M M 0 15 200
18 60 30 45 -6 20 0 0.00 0.0 M 2.3 12 160 M M 0 14 160
19 67 35 51 0 14 0 0.00 M M 3.8 14 140 M M 0 1 18 140
20 68 45 57 6 8 0 0.00 0.0 M 3.3 14 20 M M 2 1 18 20
21 70 51 61 10 4 0 T 0.0 M 4.7 16 240 M M 6 1 23 240
22 67 61 64 13 1 0 0.35 0.0 M 2.6 10 20 M M 10 1 13 220
23 64 57 61 10 4 0 T M M 8.3 13 120 M M 10 17 60
24 68 59 64 13 1 0 T M M 11.6 17 130 M M 10 1 22 110
25 72 64 68 17 0 3 T M M 9.2 17 160 M M 10 12 22 150
26 74 64 69 18 0 4 0.03 M M 7.1 22 340 M M 9 128 26 330
27 71 49 60 9 5 0 0.02 M M 11.2 25 330 M M 6 12 33 330
28 58 40 49 -3 16 0 0.00 M M 10.5 18 350 M M 0 25 20
29 56 32 44 -8 21 0 0.00 0.0 M 3.1 9 150 M M 0 13 170
30 66 38 52 0 13 0 0.01 0.0 M 9.0 24 140 M M 7 1 29 140
31 77 50 64 12 1 0 0.15 0.0 M 13.5 30 330 M M 7 1 42 340
================================================================================
SM 1900 1305 413 7 1.35 0.0 216.4 M 127
================================================================================
AV 61.3 42.1 7.0 FASTST M M 4 MAX(MPH)
MISC ----> 37 150 47 140
================================================================================
NOTES:
# LAST OF SEVERAL OCCURRENCES
COLUMN 17 PEAK WIND IN M.P.H.
PRELIMINARY LOCAL CLIMATOLOGICAL DATA (WS FORM: F-6) , PAGE 2
STATION: GULFPORT
MONTH: JANUARY
YEAR: 2021
LATITUDE: 30 23 N
LONGITUDE: 89 4 W
[TEMPERATURE DATA] [PRECIPITATION DATA] SYMBOLS USED IN COLUMN 16
AVERAGE MONTHLY: 51.7 TOTAL FOR MONTH: 1.35 1 = FOG OR MIST
DPTR FM NORMAL: 0.9 DPTR FM NORMAL: -3.84 2 = FOG REDUCING VISIBILITY
HIGHEST: 77 ON 31 GRTST 24HR 1.26 ON 22-22 TO 1/4 MILE OR LESS
LOWEST: 29 ON 10 3 = THUNDER
SNOW, ICE PELLETS, HAIL 4 = ICE PELLETS
TOTAL MONTH: 0.0 INCH 5 = HAIL
GRTST 24HR 0.0 6 = FREEZING RAIN OR DRIZZLE
GRTST DEPTH: M ON M 7 = DUSTSTORM OR SANDSTORM:
VSBY 1/2 MILE OR LESS
8 = SMOKE OR HAZE
[NO. OF DAYS WITH] [WEATHER - DAYS WITH] 9 = BLOWING SNOW
X = TORNADO
MAX 32 OR BELOW: 0 0.01 INCH OR MORE: 8
MAX 90 OR ABOVE: 0 0.10 INCH OR MORE: 4
MIN 32 OR BELOW: 5 0.50 INCH OR MORE: 0
MIN 0 OR BELOW: 0 1.00 INCH OR MORE: 0
[HDD (BASE 65) ]
TOTAL THIS MO. 413 CLEAR (SCALE 0-3) 16
DPTR FM NORMAL -30 PTCLDY (SCALE 4-7) 6
TOTAL FM JUL 1 905 CLOUDY (SCALE 8-10) 9
DPTR FM NORMAL -145
[CDD (BASE 65) ]
TOTAL THIS MO. 7
DPTR FM NORMAL 2 [PRESSURE DATA]
TOTAL FM JAN 1 7 HIGHEST SLP 30.50 ON 28
DPTR FM NORMAL 2 LOWEST SLP 29.76 ON 7
[REMARKS]
#FINAL-01-21#