000
CXUS53 KGID 010830
CF6GRI
PRELIMINARY LOCAL CLIMATOLOGICAL DATA (WS FORM: F-6)
STATION: GRAND ISLAND NE
MONTH: APRIL
YEAR: 2023
LATITUDE: 40 58 N
LONGITUDE: 98 19 W
TEMPERATURE IN F: :PCPN: SNOW: WIND :SUNSHINE: SKY :PK WND
================================================================================
1 2 3 4 5 6A 6B 7 8 9 10 11 12 13 14 15 16 17 18
12Z AVG MX 2MIN
DY MAX MIN AVG DEP HDD CDD WTR SNW DPTH SPD SPD DIR MIN PSBL S-S WX SPD DR
================================================================================
1 62 26 44 -3 21 0 0.00 0.0 0 14.8 35 330 M M 1 46 340
2 71 39 55 8 10 0 0.00 0.0 0 9.6 23 180 M M 0 31 170
3 62 35 49 2 16 0 0.00 0.0 0 16.7 29 70 M M 5 40 50
4 42 28 35 -13 30 0 0.00 0.0 0 19.4 30 320 M M 9 40 320
5 45 23 34 -14 31 0 0.00 0.0 0 18.6 31 310 M M 2 43 300
6 62 19 41 -7 24 0 0.00 0.0 0 10.5 26 220 M M 3 39 240
7 70 34 52 4 13 0 0.00 0.0 0 16.5 31 220 M M 0 44 210
8 77 41 59 10 6 0 0.00 0.0 0 18.5 31 170 M M 0 8 40 170
9 75 50 63 14 2 0 0.00 0.0 0 14.3 23 180 M M 2 8 32 170
10 77 40 59 10 6 0 0.00 0.0 0 7.3 16 70 M M 0 23 70
11 86 47 67 17 0 2 0.00 0.0 0 15.0 26 220 M M 0 37 170
12 90 58 74 24 0 9 0.00 0.0 0 19.1 32 180 M M 0 43 180
13 89 58 74 24 0 9 0.00 0.0 0 23.7 35 180 M M 0 47 170
14 69 49 59 9 6 0 0.00 0.0 0 16.9 28 350 M M 1 36 350
15 50 36 43 -8 22 0 T 0.0 0 20.5 31 350 M M 9 43 350
16 62 33 48 -3 17 0 0.00 0.0 0 18.5 39 330 M M 0 56 320
17 72 25 49 -2 16 0 0.00 0.0 0 9.3 18 120 M M 0 27 110
18 81 42 62 10 3 0 0.02 0.0 0 18.9 40 150 M M 1 38 55 150
19 70 51 61 9 4 0 0.00 0.0 0 12.0 23 360 M M 6 12 31 360
20 62 34 48 -4 17 0 0.01 0.0 0 17.7 35 270 M M 6 47 330
21 50 30 40 -12 25 0 0.00 0.0 0 17.7 31 320 M M 3 40 300
22 50 27 39 -14 26 0 0.00 0.0 0 15.4 29 330 M M 2 39 310
23 62 21 42 -11 23 0 0.00 0.0 0 7.9 22 290 M M 3 32 300
24 71 32 52 -1 13 0 0.00 0.0 0 9.2 25 210 M M 5 36 210
25 62 30 46 -8 19 0 0.00 0.0 0 7.0 15 100 M M 5 23 110
26 72 33 53 -1 12 0 0.00 0.0 0 8.8 18 220 M M 3 25 210
27 73 43 58 4 7 0 0.02 0.0 0 13.0 22 210 M M 3 31 210
28 59 37 48 -7 17 0 0.10 0.0 0 19.2 35 350 M M 8 1 47 360
29 73 35 54 -1 11 0 0.00 0.0 0 18.2 41 350 M M 0 56 350
30 61 35 48 -8 17 0 0.00 0.0 0 17.5 33 330 M M 0 43 340
================================================================================
SM 2007 1091 414 20 0.15 0.0 451.7 M 77
================================================================================
AV 66.9 36.4 15.1 FASTST M M 3 MAX(MPH)
MISC ----> 41 350 # 56 320
================================================================================
NOTES:
# LAST OF SEVERAL OCCURRENCES
COLUMN 17 PEAK WIND IN M.P.H.
PRELIMINARY LOCAL CLIMATOLOGICAL DATA (WS FORM: F-6) , PAGE 2
STATION: GRAND ISLAND NE
MONTH: APRIL
YEAR: 2023
LATITUDE: 40 58 N
LONGITUDE: 98 19 W
[TEMPERATURE DATA] [PRECIPITATION DATA] SYMBOLS USED IN COLUMN 16
AVERAGE MONTHLY: 51.6 TOTAL FOR MONTH: 0.15 1 = FOG OR MIST
DPTR FM NORMAL: 0.6 DPTR FM NORMAL: -2.37 2 = FOG REDUCING VISIBILITY
HIGHEST: 90 ON 12 GRTST 24HR 0.12 ON 27-28 TO 1/4 MILE OR LESS
LOWEST: 19 ON 6 3 = THUNDER
SNOW, ICE PELLETS, HAIL 4 = ICE PELLETS
TOTAL MONTH: T 5 = HAIL
GRTST 24HR 0.0 6 = FREEZING RAIN OR DRIZZLE
GRTST DEPTH: 0 7 = DUSTSTORM OR SANDSTORM:
VSBY 1/2 MILE OR LESS
8 = SMOKE OR HAZE
[NO. OF DAYS WITH] [WEATHER - DAYS WITH] 9 = BLOWING SNOW
X = TORNADO
MAX 32 OR BELOW: 0 0.01 INCH OR MORE: 4
MAX 90 OR ABOVE: 1 0.10 INCH OR MORE: 1
MIN 32 OR BELOW: 10 0.50 INCH OR MORE: 0
MIN 0 OR BELOW: 0 1.00 INCH OR MORE: 0
[HDD (BASE 65) ]
TOTAL THIS MO. 414 CLEAR (SCALE 0-3) 22
DPTR FM NORMAL -17 PTCLDY (SCALE 4-7) 5
TOTAL FM JUL 1 5772 CLOUDY (SCALE 8-10) 3
DPTR FM NORMAL 35
[CDD (BASE 65) ]
TOTAL THIS MO. 20
DPTR FM NORMAL 10 [PRESSURE DATA]
TOTAL FM JAN 1 20 HIGHEST SLP 30.46 ON 6
DPTR FM NORMAL 9 LOWEST SLP 29.39 ON 18
[REMARKS]
#FINAL-04-23#