000
CXUS53 KGID 010830
CF6GRI
PRELIMINARY LOCAL CLIMATOLOGICAL DATA (WS FORM: F-6)
STATION: GRAND ISLAND NE
MONTH: MARCH
YEAR: 2023
LATITUDE: 40 58 N
LONGITUDE: 98 19 W
TEMPERATURE IN F: :PCPN: SNOW: WIND :SUNSHINE: SKY :PK WND
================================================================================
1 2 3 4 5 6A 6B 7 8 9 10 11 12 13 14 15 16 17 18
12Z AVG MX 2MIN
DY MAX MIN AVG DEP HDD CDD WTR SNW DPTH SPD SPD DIR MIN PSBL S-S WX SPD DR
================================================================================
1 51 27 39 5 26 0 0.00 0.0 0 12.5 22 360 M M 2 28 360
2 45 23 34 -1 31 0 0.00 0.0 0 6.6 18 50 M M 5 23 50
3 54 21 38 3 27 0 0.00 0.0 0 6.0 13 300 M M 0 18 16 290
4 50 28 39 3 26 0 0.00 0.0 0 8.7 21 290 M M 1 28 300
5 60 30 45 9 20 0 0.00 0.0 0 11.2 22 130 M M 4 1 31 110
6 38 30 34 -3 31 0 0.00 0.0 0 14.6 23 10 M M 9 12 32 340
7 36 30 33 -4 32 0 0.00 0.0 0 11.6 17 90 M M 10 23 70
8 35 29 32 -6 33 0 0.00 0.0 0 12.8 20 20 M M 10 18 24 20
9 36 27 32 -6 33 0 0.04 0.5 T 12.5 22 350 M M 10 16 29 350
10 37 24 31 -7 34 0 0.00 0.0 0 10.8 21 120 M M 8 18 29 100
11 52 26 39 0 26 0 0.09 0.0 0 9.0 22 20 M M 6 168 29 20
12 38 23 31 -8 34 0 0.00 0.0 0 16.8 30 330 M M 1 40 330
13 37 19 28 -12 37 0 0.00 0.0 0 8.8 21 350 M M 4 26 350
14 57 22 40 0 25 0 0.00 0.0 0 17.9 28 190 M M 0 40 170
15 70 39 55 15 10 0 0.00 0.0 0 18.2 29 190 M M 0 38 220
16 51 27 39 -2 26 0 0.14 0.3 0 23.3 39 350 M M 5 1 52 350
17 43 18 31 -10 34 0 T 0.1 0 16.8 35 320 M M 3 8 46 310
18 31 13 22 -20 43 0 T T 0 14.7 29 330 M M 2 38 340
19 55 13 34 -8 31 0 0.00 0.0 0 17.3 30 220 M M 0 40 210
20 59 25 42 0 23 0 0.00 0.0 0 10.3 26 200 M M 0 36 200
21 55 30 43 0 22 0 0.00 0.0 0 11.0 20 160 M M 4 1 26 160
22 52 27 40 -3 25 0 0.00 0.0 0 14.2 23 30 M M 5 1 33 50
23 47 28 38 -6 27 0 0.00 0.0 0 8.4 18 350 M M 6 26 350
24 57 25 41 -3 24 0 0.00 0.0 0 3.0 9 300 M M 3 13 130
25 53 29 41 -3 24 0 0.25 1.2 0 10.9 24 10 M M 3 18 34 10
26 34 20 27 -18 38 0 0.57 5.0 6 12.6 28 360 M M 7 12 36 360
27 33 9 21 -24 44 0 0.00 0.0 4 5.4 14 300 M M 4 18 250
28 45 15 30 -15 35 0 0.00 0.0 3 8.4 23 220 M M 1 128 31 210
29 41 23 32 -14 33 0 0.00 0.0 0 14.5 23 50 M M 0 29 60
30 76 30 53 7 12 0 0.00 0.0 0 17.0 26 170 M M 2 8 38 170
31 63 29 46 0 19 0 T T 0 24.9 39 300 M M 8 18 55 300
================================================================================
SM 1491 759 885 0 1.09 7.1 390.7 M 123
================================================================================
AV 48.1 24.5 12.6 FASTST M M 4 MAX(MPH)
MISC ----> # 39 350 55 300
================================================================================
NOTES:
# LAST OF SEVERAL OCCURRENCES
COLUMN 17 PEAK WIND IN M.P.H.
PRELIMINARY LOCAL CLIMATOLOGICAL DATA (WS FORM: F-6) , PAGE 2
STATION: GRAND ISLAND NE
MONTH: MARCH
YEAR: 2023
LATITUDE: 40 58 N
LONGITUDE: 98 19 W
[TEMPERATURE DATA] [PRECIPITATION DATA] SYMBOLS USED IN COLUMN 16
AVERAGE MONTHLY: 36.3 TOTAL FOR MONTH: 1.09 1 = FOG OR MIST
DPTR FM NORMAL: -4.4 DPTR FM NORMAL: -0.30 2 = FOG REDUCING VISIBILITY
HIGHEST: 76 ON 30 GRTST 24HR 0.57 ON 26-26 TO 1/4 MILE OR LESS
LOWEST: 9 ON 27 3 = THUNDER
SNOW, ICE PELLETS, HAIL 4 = ICE PELLETS
TOTAL MONTH: 7.1 INCHES 5 = HAIL
GRTST 24HR 5.0 ON 26-26 6 = FREEZING RAIN OR DRIZZLE
GRTST DEPTH: 6 ON 26 7 = DUSTSTORM OR SANDSTORM:
VSBY 1/2 MILE OR LESS
8 = SMOKE OR HAZE
[NO. OF DAYS WITH] [WEATHER - DAYS WITH] 9 = BLOWING SNOW
X = TORNADO
MAX 32 OR BELOW: 1 0.01 INCH OR MORE: 5
MAX 90 OR ABOVE: 0 0.10 INCH OR MORE: 3
MIN 32 OR BELOW: 30 0.50 INCH OR MORE: 1
MIN 0 OR BELOW: 0 1.00 INCH OR MORE: 0
[HDD (BASE 65) ]
TOTAL THIS MO. 885 CLEAR (SCALE 0-3) 15
DPTR FM NORMAL 131 PTCLDY (SCALE 4-7) 12
TOTAL FM JUL 1 5358 CLOUDY (SCALE 8-10) 4
DPTR FM NORMAL 50
[CDD (BASE 65) ]
TOTAL THIS MO. 0
DPTR FM NORMAL -1 [PRESSURE DATA]
TOTAL FM JAN 1 0 HIGHEST SLP 30.56 ON 18
DPTR FM NORMAL -1 LOWEST SLP 29.29 ON 31
[REMARKS]
#FINAL-03-23#