000
CXUS53 KGID 011600
CF6GRI
PRELIMINARY LOCAL CLIMATOLOGICAL DATA (WS FORM: F-6)
STATION: GRAND ISLAND NE
MONTH: JUNE
YEAR: 2021
LATITUDE: 40 58 N
LONGITUDE: 98 19 W
TEMPERATURE IN F: :PCPN: SNOW: WIND :SUNSHINE: SKY :PK WND
================================================================================
1 2 3 4 5 6A 6B 7 8 9 10 11 12 13 14 15 16 17 18
12Z AVG MX 2MIN
DY MAX MIN AVG DEP HDD CDD WTR SNW DPTH SPD SPD DIR MIN PSBL S-S WX SPD DR
================================================================================
1 77 52 65 -3 0 0 0.00 0.0 0 4.2 13 140 M M 1 18 18 120
2 80 52 66 -3 0 1 0.00 0.0 0 5.0 12 130 M M 1 17 160
3 87 57 72 3 0 7 0.00 0.0 0 10.6 17 210 M M 1 23 190
4 93 60 77 7 0 12 0.00 0.0 0 11.8 21 190 M M 0 29 180
5 92 68 80 10 0 15 0.00 0.0 0 14.8 23 180 M M 0 39 200
6 89 67 78 8 0 13 0.00 0.0 0 14.6 23 190 M M 0 8 33 200
7 92 67 80 9 0 15 0.00 0.0 0 10.4 18 150 M M 0 29 140
8 91 66 79 8 0 14 0.00 0.0 0 8.6 17 150 M M 1 24 150
9 94 62 78 7 0 13 0.00 0.0 0 8.1 17 130 M M 0 24 180
10 98 71 85 13 0 20 0.00 0.0 0 11.5 20 170 M M 1 28 170
11 85 61 73 1 0 8 0.00 0.0 0 12.5 32 350 M M 4 38 47 350
12 88 54 71 -1 0 6 0.00 0.0 0 6.6 15 50 M M 0 22 100
13 94 60 77 5 0 12 0.00 0.0 0 7.1 16 200 M M 0 24 200
14 99 64 82 9 0 17 T 0.0 0 7.2 17 320 M M 0 29 320
15 98 70 84 11 0 19 0.00 0.0 0 8.5 16 120 M M 0 22 120
16 105 71 88 15 0 23 0.00 0.0 0 12.4 24 220 M M 0 33 210
17 106 73 90 17 0 25 0.00 0.0 0 11.2 26 210 M M 0 37 190
18 90 67 79 5 0 14 0.00 0.0 0 10.9 26 10 M M 0 33 10
19 88 61 75 1 0 10 T 0.0 0 10.0 21 240 M M 1 29 80
20 92 64 78 4 0 13 0.06 0.0 0 12.7 32 160 M M 1 45 160
21 80 59 70 -4 0 5 0.00 0.0 0 7.6 20 350 M M 1 8 29 360
22 92 57 75 0 0 10 0.00 0.0 0 15.0 26 190 M M 1 37 210
23 96 67 82 7 0 17 0.00 0.0 0 13.7 24 200 M M 0 35 210
24 82 66 74 -1 0 9 0.60 0.0 0 11.9 38 10 M M 3 138 52 360
25 86 65 76 1 0 11 T 0.0 0 6.5 28 330 M M 4 138 40 320
26 80 63 72 -3 0 7 T 0.0 0 9.9 17 300 M M 7 18 24 320
27 86 58 72 -4 0 7 0.00 0.0 0 4.5 20 290 M M 1 18 23 300
28 84 62 73 -3 0 8 1.19 0.0 0 5.8 30 360 M M 5 138 48 360
29 84 59 72 -4 0 7 0.00 0.0 0 5.0 9 50 M M 0 8 13 80
30 84 64 74 -2 0 9 0.00 0.0 0 3.9 10 40 M M 1 18 14 70
================================================================================
SM 2692 1887 0 347 1.85 0.0 282.5 M 34
================================================================================
AV 89.7 62.9 9.4 FASTST M M 1 MAX(MPH)
MISC ----> 38 10 52 360
================================================================================
NOTES:
# LAST OF SEVERAL OCCURRENCES
COLUMN 17 PEAK WIND IN M.P.H.
PRELIMINARY LOCAL CLIMATOLOGICAL DATA (WS FORM: F-6) , PAGE 2
STATION: GRAND ISLAND NE
MONTH: JUNE
YEAR: 2021
LATITUDE: 40 58 N
LONGITUDE: 98 19 W
[TEMPERATURE DATA] [PRECIPITATION DATA] SYMBOLS USED IN COLUMN 16
AVERAGE MONTHLY: 76.3 TOTAL FOR MONTH: 1.85 1 = FOG OR MIST
DPTR FM NORMAL: 3.5 DPTR FM NORMAL: -2.16 2 = FOG REDUCING VISIBILITY
HIGHEST: 106 ON 17 GRTST 24HR 1.19 ON 28-28 TO 1/4 MILE OR LESS
LOWEST: 52 ON 2, 1 3 = THUNDER
SNOW, ICE PELLETS, HAIL 4 = ICE PELLETS
TOTAL MONTH: 0.0 INCH 5 = HAIL
GRTST 24HR 0.0 6 = FREEZING RAIN OR DRIZZLE
GRTST DEPTH: 0 7 = DUSTSTORM OR SANDSTORM:
VSBY 1/2 MILE OR LESS
8 = SMOKE OR HAZE
[NO. OF DAYS WITH] [WEATHER - DAYS WITH] 9 = BLOWING SNOW
X = TORNADO
MAX 32 OR BELOW: 0 0.01 INCH OR MORE: 3
MAX 90 OR ABOVE: 15 0.10 INCH OR MORE: 2
MIN 32 OR BELOW: 0 0.50 INCH OR MORE: 2
MIN 0 OR BELOW: 0 1.00 INCH OR MORE: 1
[HDD (BASE 65) ]
TOTAL THIS MO. 0 CLEAR (SCALE 0-3) 26
DPTR FM NORMAL -17 PTCLDY (SCALE 4-7) 4
TOTAL FM JUL 1 5769 CLOUDY (SCALE 8-10) 0
DPTR FM NORMAL -151
[CDD (BASE 65) ]
TOTAL THIS MO. 347
DPTR FM NORMAL 98 [PRESSURE DATA]
TOTAL FM JAN 1 435 HIGHEST SLP 30.20 ON 01
DPTR FM NORMAL 103 LOWEST SLP 29.56 ON 20
[REMARKS]
#FINAL-06-21#