000
CXUS53 KGID 011634
CF6GRI
PRELIMINARY LOCAL CLIMATOLOGICAL DATA (WS FORM: F-6)
STATION: GRAND ISLAND NE
MONTH: AUGUST
YEAR: 2020
LATITUDE: 40 58 N
LONGITUDE: 98 19 W
TEMPERATURE IN F: :PCPN: SNOW: WIND :SUNSHINE: SKY :PK WND
================================================================================
1 2 3 4 5 6A 6B 7 8 9 10 11 12 13 14 15 16 17 18
12Z AVG MX 2MIN
DY MAX MIN AVG DEP HDD CDD WTR SNW DPTH SPD SPD DIR MIN PSBL S-S WX SPD DR
================================================================================
1 86 62 74 -2 0 9 0.00 0.0 0 9.5 22 10 M M 1 18 32 10
2 80 57 69 -7 0 4 0.00 0.0 0 8.8 20 20 M M 1 26 20
3 79 54 67 -9 0 2 0.00 0.0 0 4.1 14 110 M M 2 19 90
4 74 57 66 -10 0 1 T 0.0 0 10.2 17 170 M M 4 25 180
5 83 59 71 -4 0 6 0.00 0.0 0 10.2 17 190 M M 2 24 220
6 89 66 78 3 0 13 0.00 0.0 0 9.9 16 150 M M 1 1 23 150
7 88 70 79 4 0 14 0.00 0.0 0 11.5 20 170 M M 5 18 28 200
8 91 72 82 7 0 17 0.00 0.0 0 10.2 17 150 M M 3 128 23 160
9 94 72 83 8 0 18 0.07 0.0 0 7.8 22 330 M M 0 138 30 330
10 84 64 74 -1 0 9 0.00 0.0 0 10.1 26 360 M M 1 1 36 360
11 90 62 76 1 0 11 0.00 0.0 0 9.2 21 190 M M 1 1 29 190
12 90 69 80 5 0 15 0.00 0.0 0 10.6 17 150 M M 0 25 140
13 92 71 82 7 0 17 0.00 0.0 0 11.5 20 190 M M 3 28 170
14 92 65 79 5 0 14 0.00 0.0 0 9.2 21 320 M M 2 18 28 170
15 85 58 72 -2 0 7 T 0.0 0 5.9 14 160 M M 0 3 18 160
16 92 63 78 4 0 13 0.47 0.0 0 9.3 35 260 M M 2 138 47 260
17 88 61 75 1 0 10 0.00 0.0 0 3.7 10 90 M M 0 13 80
18 83 61 72 -2 0 7 T 0.0 0 6.7 17 210 M M 1 1 24 210
19 85 64 75 1 0 10 T 0.0 0 11.4 18 190 M M 3 24 160
20 91 63 77 3 0 12 0.00 0.0 0 12.3 21 210 M M 0 29 210
21 93 67 80 6 0 15 0.00 0.0 0 10.2 17 180 M M 0 24 170
22 93 65 79 6 0 14 0.00 0.0 0 7.8 14 220 M M 0 18 230
23 95 67 81 8 0 16 0.00 0.0 0 7.4 14 140 M M 0 19 170
24 96 66 81 8 0 16 0.00 0.0 0 11.5 20 190 M M 0 27 160
25 97 68 83 10 0 18 0.00 0.0 0 13.6 22 210 M M 0 31 220
26 96 70 83 11 0 18 0.00 0.0 0 14.2 25 210 M M 0 41 210
27 96 72 84 12 0 19 0.00 0.0 0 9.9 17 170 M M 0 24 180
28 93 67 80 8 0 15 0.00 0.0 0 8.6 21 20 M M 1 27 30
29 79 59 69 -3 0 4 0.00 0.0 0 6.6 13 70 M M 0 19 90
30 82 59 71 -1 0 6 0.00 0.0 0 12.5 22 220 M M 2 28 220
31 76 55 66 -5 0 1 0.00 0.0 0 11.9 35 350 M M 3 46 350
================================================================================
SM 2732 1985 0 351 0.54 0.0 296.3 M 38
================================================================================
AV 88.1 64.0 9.6 FASTST M M 1 MAX(MPH)
MISC ----> # 35 260 # 47 260
================================================================================
NOTES:
# LAST OF SEVERAL OCCURRENCES
COLUMN 17 PEAK WIND IN M.P.H.
PRELIMINARY LOCAL CLIMATOLOGICAL DATA (WS FORM: F-6) , PAGE 2
STATION: GRAND ISLAND NE
MONTH: AUGUST
YEAR: 2020
LATITUDE: 40 58 N
LONGITUDE: 98 19 W
[TEMPERATURE DATA] [PRECIPITATION DATA] SYMBOLS USED IN COLUMN 16
AVERAGE MONTHLY: 76.1 TOTAL FOR MONTH: 0.54 1 = FOG OR MIST
DPTR FM NORMAL: 2.1 DPTR FM NORMAL: -2.58 2 = FOG REDUCING VISIBILITY
HIGHEST: 97 ON 25 GRTST 24HR 0.47 ON 16-16 TO 1/4 MILE OR LESS
LOWEST: 54 ON 3 3 = THUNDER
SNOW, ICE PELLETS, HAIL 4 = ICE PELLETS
TOTAL MONTH: 0.0 INCH 5 = HAIL
GRTST 24HR 0.0 6 = FREEZING RAIN OR DRIZZLE
GRTST DEPTH: 0 7 = DUSTSTORM OR SANDSTORM:
VSBY 1/2 MILE OR LESS
8 = SMOKE OR HAZE
[NO. OF DAYS WITH] [WEATHER - DAYS WITH] 9 = BLOWING SNOW
X = TORNADO
MAX 32 OR BELOW: 0 0.01 INCH OR MORE: 2
MAX 90 OR ABOVE: 16 0.10 INCH OR MORE: 1
MIN 32 OR BELOW: 0 0.50 INCH OR MORE: 0
MIN 0 OR BELOW: 0 1.00 INCH OR MORE: 0
[HDD (BASE 65) ]
TOTAL THIS MO. 0 CLEAR (SCALE 0-3) 29
DPTR FM NORMAL -8 PTCLDY (SCALE 4-7) 2
TOTAL FM JUL 1 0 CLOUDY (SCALE 8-10) 0
DPTR FM NORMAL -10
[CDD (BASE 65) ]
TOTAL THIS MO. 351
DPTR FM NORMAL 64 [PRESSURE DATA]
TOTAL FM JAN 1 1156 HIGHEST SLP 30.24 ON 17
DPTR FM NORMAL 242 LOWEST SLP 29.60 ON 30
[REMARKS]
#FINAL-08-20#