000
CXUS52 KRAH 010845
CF6GSO
PRELIMINARY LOCAL CLIMATOLOGICAL DATA (WS FORM: F-6)
STATION: GREENSBORO NC
MONTH: AUGUST
YEAR: 2023
LATITUDE: 36 4 N
LONGITUDE: 79 57 W
TEMPERATURE IN F: :PCPN: SNOW: WIND :SUNSHINE: SKY :PK WND
================================================================================
1 2 3 4 5 6A 6B 7 8 9 10 11 12 13 14 15 16 17 18
12Z AVG MX 2MIN
DY MAX MIN AVG DEP HDD CDD WTR SNW DPTH SPD SPD DIR MIN PSBL S-S WX SPD DR
================================================================================
1 84 66 75 -4 0 10 0.00 0.0 0 7.7 16 60 M M 3 22 60
2 83 62 73 -6 0 8 0.00 0.0 0 4.5 13 160 M M 5 17 110
3 72 67 70 -8 0 5 0.38 0.0 0 9.3 18 190 M M 10 1 24 190
4 80 66 73 -5 0 8 0.02 0.0 0 5.2 12 50 M M 9 1 14 50
5 90 65 78 0 0 13 0.00 0.0 0 3.5 10 50 M M 6 1 14 30
6 92 71 82 4 0 17 0.47 0.0 0 7.9 26 290 M M 6 138 33 310
7 87 69 78 0 0 13 0.13 0.0 0 8.0 36 310 M M 9 13 44 310
8 84 69 77 -1 0 12 0.00 0.0 0 9.6 13 300 M M 7 20 320
9 85 64 75 -3 0 10 0.00 0.0 0 6.8 10 330 M M 5 10 330
10 82 69 76 -2 0 11 0.90 0.0 0 9.3 16 240 M M 8 13 21 220
11 84 65 75 -3 0 10 0.00 0.0 0 4.9 10 250 M M 5 14 250
12 90 69 80 2 0 15 0.00 0.0 0 5.8 15 240 M M 5 19 240
13 91 68 80 2 0 15 0.00 0.0 0 5.8 14 250 M M 5 19 260
14 92 72 82 4 0 17 0.00 0.0 0 6.0 16 290 M M 6 3 22 230
15 91 73 82 4 0 17 0.18 0.0 0 8.3 24 230 M M 7 13 34 220
16 85 68 77 -1 0 12 0.00 0.0 0 4.9 13 30 M M 6 18 360
17 87 66 77 0 0 12 T 0.0 0 4.8 17 190 M M 6 24 180
18 86 67 77 0 0 12 0.00 0.0 0 7.5 17 330 M M 3 23 310
19 84 62 73 -4 0 8 0.00 0.0 0 4.7 10 230 M M 2 15 250
20 89 63 76 -1 0 11 0.00 0.0 0 3.0 12 270 M M 1 17 270
21 91 69 80 3 0 15 0.00 0.0 0 3.4 10 20 M M 5 15 340
22 92 72 82 5 0 17 T 0.0 0 5.4 18 60 M M 8 25 60
23 85 65 75 -2 0 10 0.00 0.0 0 5.1 16 90 M M 4 22 60
24 92 66 79 3 0 14 0.64 0.0 0 7.3 23 330 M M 7 13 38 350
25 88 70 79 3 0 14 0.00 0.0 0 5.6 12 280 M M 8 1 18 330
26 92 72 82 6 0 17 0.04 0.0 0 4.5 13 260 M M 6 13 16 260
27 87 72 80 4 0 15 0.57 0.0 0 6.6 18 180 M M 9 1 24 180
28 82 71 77 1 0 12 0.13 0.0 0 5.0 14 50 M M 9 3 19 50
29 83 70 77 1 0 12 T 0.0 0 3.7 18 220 M M 9 1 24 200
30 81 70 76 0 0 11 0.00 0.0 0 6.6 20 50 M M 10 28 30
31 80 65 73 -2 0 8 0.00 0.0 0 9.5 28 40 M M 3 39 50
================================================================================
SM 2671 2103 0 381 3.46 0.0 190.2 M 192
================================================================================
AV 86.2 67.8 6.1 FASTST M M 6 MAX(MPH)
MISC ----> 36 310 44 310
================================================================================
NOTES:
# LAST OF SEVERAL OCCURRENCES
COLUMN 17 PEAK WIND IN M.P.H.
PRELIMINARY LOCAL CLIMATOLOGICAL DATA (WS FORM: F-6) , PAGE 2
STATION: GREENSBORO NC
MONTH: AUGUST
YEAR: 2023
LATITUDE: 36 4 N
LONGITUDE: 79 57 W
[TEMPERATURE DATA] [PRECIPITATION DATA] SYMBOLS USED IN COLUMN 16
AVERAGE MONTHLY: 77.0 TOTAL FOR MONTH: 3.46 1 = FOG OR MIST
DPTR FM NORMAL: -0.3 DPTR FM NORMAL: -0.90 2 = FOG REDUCING VISIBILITY
HIGHEST: 92 ON 26,24 GRTST 24HR 0.90 ON 10-10 TO 1/4 MILE OR LESS
LOWEST: 62 ON 19, 2 3 = THUNDER
SNOW, ICE PELLETS, HAIL 4 = ICE PELLETS
TOTAL MONTH: 0.0 INCH 5 = HAIL
GRTST 24HR 0.0 6 = FREEZING RAIN OR DRIZZLE
GRTST DEPTH: 0 7 = DUSTSTORM OR SANDSTORM:
VSBY 1/2 MILE OR LESS
8 = SMOKE OR HAZE
[NO. OF DAYS WITH] [WEATHER - DAYS WITH] 9 = BLOWING SNOW
X = TORNADO
MAX 32 OR BELOW: 0 0.01 INCH OR MORE: 10
MAX 90 OR ABOVE: 10 0.10 INCH OR MORE: 8
MIN 32 OR BELOW: 0 0.50 INCH OR MORE: 3
MIN 0 OR BELOW: 0 1.00 INCH OR MORE: 0
[HDD (BASE 65) ]
TOTAL THIS MO. 0 CLEAR (SCALE 0-3) 3
DPTR FM NORMAL 0 PTCLDY (SCALE 4-7) 21
TOTAL FM JUL 1 0 CLOUDY (SCALE 8-10) 7
DPTR FM NORMAL 0
[CDD (BASE 65) ]
TOTAL THIS MO. 381
DPTR FM NORMAL -1 [PRESSURE DATA]
TOTAL FM JAN 1 1138 HIGHEST SLP 30.24 ON 2
DPTR FM NORMAL -172 LOWEST SLP 29.68 ON 31
[REMARKS]
#FINAL-08-23#