000
CXUS52 KFFC 011110
CF6GVL
PRELIMINARY LOCAL CLIMATOLOGICAL DATA (WS FORM: F-6)
STATION: GAINESVILLE
MONTH: NOVEMBER
YEAR: 2023
LATITUDE: 34 16 N
LONGITUDE: 83 50 W
TEMPERATURE IN F: :PCPN: SNOW: WIND :SUNSHINE: SKY :PK WND
================================================================================
1 2 3 4 5 6A 6B 7 8 9 10 11 12 13 14 15 16 17 18
12Z AVG MX 2MIN
DY MAX MIN AVG DEP HDD CDD WTR SNW DPTH SPD SPD DIR MIN PSBL S-S WX SPD DR
================================================================================
1 56 33 45 -11 20 0 0.00 M M 7.2 17 340 M M 0 8 26 340
2 55 34 45 -11 20 0 0.00 M M 4.9 14 100 M M 0 20 100
3 62 33 48 -8 17 0 0.00 M M 3.4 10 100 M M 0 13 90
4 73 36 55 0 10 0 0.00 M M 4.0 15 290 M M 0 20 290
5 76 46 61 6 4 0 0.00 M M 4.6 10 350 M M 0 16 280
6 75 47 61 6 4 0 0.00 M M 1.9 12 240 M M 0 16 250
7 79 48 64 10 1 0 0.00 M M 5.2 14 240 M M 0 20 260
8 79 51 65 11 0 0 0.00 M M 3.1 12 260 M M 0 18 17 260
9 77 59 68 14 0 3 0.00 M M 5.3 14 260 M M 0 28 270
10 66 55 61 8 4 0 0.01 M M 7.1 17 100 M M 5 1 25 90
11 55 48 52 -1 13 0 0.24 M M 9.6 20 80 M M 10 1 29 80
12 59 46 53 0 12 0 0.00 M M 6.2 15 60 M M 7 21 60
13 67 42 55 3 10 0 0.00 M M 3.4 12 90 M M 0 14 100
14 68 46 57 5 8 0 0.00 M M 6.9 17 90 M M 0 23 80
15 61 50 56 4 9 0 T M M 9.7 17 60 M M 9 8 25 60
16 69 53 61 9 4 0 0.00 M M 9.0 15 100 M M 8 21 110
17 69 58 64 13 1 0 0.01 M M 5.7 14 70 M M 9 18 18 60
18 75 51 63 12 2 0 0.00 M M 5.9 14 310 M M 1 12 21 300
19 64 49 57 6 8 0 0.00 M M 8.9 17 90 M M 2 23 70
20 59 54 57 7 8 0 T M M 12.3 18 90 M M 10 26 90
21 59 48 54 4 11 0 0.65 M M 8.2 20 90 M M 10 12 26 90
22 56 42 49 -1 16 0 0.00 M M 9.2 21 320 M M 7 1 30 310
23 58 36 47 -3 18 0 0.00 M M 3.4 10 270 M M 0 14 270
24 62 41 52 3 13 0 0.00 M M 3.5 10 260 M M 1 8 15 260
25 55 43 49 0 16 0 0.00 M M 9.1 18 80 M M 3 27 90
26 45 40 43 -6 22 0 0.01 M M 6.6 12 80 M M 10 1 17 70
27 52 38 45 -4 20 0 0.00 M M 12.0 18 280 M M 2 1 26 270
28 50 32 41 -7 24 0 0.00 M M 10.3 20 290 M M 0 28 280
29 52 27 40 -8 25 0 0.00 M M 4.7 13 260 M M 0 8 16 270
30 59 33 46 -2 19 0 0.00 M M 3.4 10 150 M M 0 18 15 210
================================================================================
SM 1892 1319 339 3 0.92 M 194.7 M 94
================================================================================
AV 63.1 44.0 6.5 FASTST M M 3 MAX(MPH)
MISC ----> 21 320 30 310
================================================================================
NOTES:
# LAST OF SEVERAL OCCURRENCES
COLUMN 17 PEAK WIND IN M.P.H.
PRELIMINARY LOCAL CLIMATOLOGICAL DATA (WS FORM: F-6) , PAGE 2
STATION: GAINESVILLE
MONTH: NOVEMBER
YEAR: 2023
LATITUDE: 34 16 N
LONGITUDE: 83 50 W
[TEMPERATURE DATA] [PRECIPITATION DATA] SYMBOLS USED IN COLUMN 16
AVERAGE MONTHLY: 53.5 TOTAL FOR MONTH: 0.92 1 = FOG OR MIST
DPTR FM NORMAL: 1.7 DPTR FM NORMAL: -3.26 2 = FOG REDUCING VISIBILITY
HIGHEST: 79 ON 8, 7 GRTST 24HR 0.65 ON 21-21 TO 1/4 MILE OR LESS
LOWEST: 27 ON 29 3 = THUNDER
SNOW, ICE PELLETS, HAIL 4 = ICE PELLETS
TOTAL MONTH: M 5 = HAIL
GRTST 24HR M ON M 6 = FREEZING RAIN OR DRIZZLE
GRTST DEPTH: M ON M 7 = DUSTSTORM OR SANDSTORM:
VSBY 1/2 MILE OR LESS
8 = SMOKE OR HAZE
[NO. OF DAYS WITH] [WEATHER - DAYS WITH] 9 = BLOWING SNOW
X = TORNADO
MAX 32 OR BELOW: 0 0.01 INCH OR MORE: 5
MAX 90 OR ABOVE: 0 0.10 INCH OR MORE: 2
MIN 32 OR BELOW: 2 0.50 INCH OR MORE: 1
MIN 0 OR BELOW: 0 1.00 INCH OR MORE: 0
[HDD (BASE 65) ]
TOTAL THIS MO. 339 CLEAR (SCALE 0-3) 20
DPTR FM NORMAL -59 PTCLDY (SCALE 4-7) 4
TOTAL FM JUL 1 442 CLOUDY (SCALE 8-10) 6
DPTR FM NORMAL -110
[CDD (BASE 65) ]
TOTAL THIS MO. 3
DPTR FM NORMAL 0 [PRESSURE DATA]
TOTAL FM JAN 1 1707 HIGHEST SLP 30.54 ON 2
DPTR FM NORMAL 76 LOWEST SLP 29.80 ON 21
[REMARKS]
#FINAL-11-23#