000
CXUS54 KFWD 010730
CF6GVT
PRELIMINARY LOCAL CLIMATOLOGICAL DATA (WS FORM: F-6)
STATION: GREENVILLE
MONTH: MARCH
YEAR: 2020
LATITUDE: 33 4 N
LONGITUDE: 96 4 W
TEMPERATURE IN F: :PCPN: SNOW: WIND :SUNSHINE: SKY :PK WND
================================================================================
1 2 3 4 5 6A 6B 7 8 9 10 11 12 13 14 15 16 17 18
12Z AVG MX 2MIN
DY MAX MIN AVG DEP HDD CDD WTR SNW DPTH SPD SPD DIR MIN PSBL S-S WX SPD DR
================================================================================
1 73 59 66 13 0 1 0.00 0.0 0 15.2 27 200 M M 9 35 200
2 73 63 68 15 0 3 0.00 0.0 0 9.5 14 200 M M 6 21 200
3 70 54 62 9 3 0 M 0.0 0 3.1 7 360 M M 4 M M
4 61 52 57 4 8 0 0.61 0.0 0 8.6 14 90 M M 10 3 23 10
5 73 45 59 5 6 0 0.02 0.0 0 5.4 10 340 M M 1 18 320
6 68 41 55 1 10 0 0.00 0.0 0 5.2 12 20 M M 0 16 40
7 64 39 52 -2 13 0 0.00 0.0 0 6.2 14 140 M M 0 18 140
8 72 43 58 4 7 0 0.00 0.0 0 10.2 15 150 M M 4 23 180
9 72 63 68 13 0 3 0.02 0.0 0 14.9 20 190 M M 8 27 170
10 79 46 63 8 2 0 0.00 0.0 0 3.3 9 350 M M 2 M M
11 86 63 75 20 0 10 0.00 0.0 0 11.1 16 190 M M 5 22 210
12 84 68 76 20 0 11 M 0.0 0 11.7 20 200 M M 5 25 190
13 73 57 65 9 0 0 0.96 0.0 0 6.8 14 100 M M 10 13 20 80
14 75 55 65 9 0 0 0.20 0.0 0 7.0 13 170 M M 10 13 17 170
15 57 52 55 -1 10 0 0.03 0.0 0 7.5 12 350 M M 10 38 16 60
16 64 52 58 1 7 0 0.53 0.0 0 4.6 15 90 M M 9 13 M M
17 68 59 64 7 1 0 0.05 0.0 0 4.6 9 110 M M 10 13 M M
18 81 64 73 16 0 8 0.91 0.0 0 9.5 17 180 M M 7 3 22 170
19 81 64 73 16 0 8 0.74 0.0 0 14.8 27 160 M M 7 3 35 160
20 68 46 57 -1 8 0 0.07 0.0 0 7.8 16 360 M M 10 13 25 350
21 59 45 52 -6 13 0 0.13 0.0 0 6.0 15 120 M M 10 18 120
22 63 54 59 1 6 0 0.05 0.0 0 1.9 6 140 M M 10 138 M M
23 68 61 65 7 0 0 0.01 0.0 0 3.4 9 90 M M 10 18 M M
24 88 61 75 16 0 10 0.00 0.0 0 9.9 18 270 M M 5 8 24 270
25 88 52 70 11 0 5 0.00 0.0 0 6.0 14 190 M M 0 21 190
26 86 68 77 18 0 12 0.00 0.0 0 10.8 17 180 M M 0 21 180
27 86 68 77 18 0 12 0.00 0.0 0 12.0 24 200 M M 4 31 200
28 77 50 64 4 1 0 M 0.0 0 7.6 16 170 M M 2 3 29 300
29 73 50 62 2 3 0 0.00 0.0 0 2.3 7 360 M M 1 M M
30 64 55 60 0 5 0 0.38 0.0 0 7.5 18 110 M M 10 38 25 110
31 68 50 59 -1 6 0 0.00 0.0 0 4.4 13 340 M M 7 20 340
================================================================================
SM 2262 1699 109 83 4.71 0.0 238.8 M 186
================================================================================
AV 73.0 54.8 7.7 FASTST M M 6 MAX(MPH)
MISC ----> # 27 200 # 35 200
================================================================================
NOTES:
# LAST OF SEVERAL OCCURRENCES
COLUMN 17 PEAK WIND IN M.P.H.
PRELIMINARY LOCAL CLIMATOLOGICAL DATA (WS FORM: F-6) , PAGE 2
STATION: GREENVILLE
MONTH: MARCH
YEAR: 2020
LATITUDE: 33 4 N
LONGITUDE: 96 4 W
[TEMPERATURE DATA] [PRECIPITATION DATA] SYMBOLS USED IN COLUMN 16
AVERAGE MONTHLY: 63.9 TOTAL FOR MONTH: 4.71 1 = FOG OR MIST
DPTR FM NORMAL: 7.4 DPTR FM NORMAL: 0.49 2 = FOG REDUCING VISIBILITY
HIGHEST: 88 ON 25,24 GRTST 24HR 0.96 ON 13-13 TO 1/4 MILE OR LESS
LOWEST: 39 ON 7 3 = THUNDER
SNOW, ICE PELLETS, HAIL 4 = ICE PELLETS
TOTAL MONTH: 0.0 INCH 5 = HAIL
GRTST 24HR 0.0 6 = FREEZING RAIN OR DRIZZLE
GRTST DEPTH: 0 7 = DUSTSTORM OR SANDSTORM:
VSBY 1/2 MILE OR LESS
8 = SMOKE OR HAZE
[NO. OF DAYS WITH] [WEATHER - DAYS WITH] 9 = BLOWING SNOW
X = TORNADO
MAX 32 OR BELOW: 0 0.01 INCH OR MORE: 15
MAX 90 OR ABOVE: 0 0.10 INCH OR MORE: 8
MIN 32 OR BELOW: 0 0.50 INCH OR MORE: 5
MIN 0 OR BELOW: 0 1.00 INCH OR MORE: 0
[HDD (BASE 65) ]
TOTAL THIS MO. 109 CLEAR (SCALE 0-3) 8
DPTR FM NORMAL -178 PTCLDY (SCALE 4-7) 11
TOTAL FM JUL 1 1845 CLOUDY (SCALE 8-10) 12
DPTR FM NORMAL -449
[CDD (BASE 65) ]
TOTAL THIS MO. 83
DPTR FM NORMAL 58 [PRESSURE DATA]
TOTAL FM JAN 1 92 HIGHEST SLP M ON M
DPTR FM NORMAL 59 LOWEST SLP M ON M
[REMARKS]
#FINAL-03-20#