000
CXUS54 KJAN 011410
CF6GWO
PRELIMINARY LOCAL CLIMATOLOGICAL DATA (WS FORM: F-6)
STATION: GREENWOOD
MONTH: APRIL
YEAR: 2022
LATITUDE: 33 30 N
LONGITUDE: 90 5 W
TEMPERATURE IN F: :PCPN: SNOW: WIND :SUNSHINE: SKY :PK WND
================================================================================
1 2 3 4 5 6A 6B 7 8 9 10 11 12 13 14 15 16 17 18
12Z AVG MX 2MIN
DY MAX MIN AVG DEP HDD CDD WTR SNW DPTH SPD SPD DIR MIN PSBL S-S WX SPD DR
================================================================================
1 64 38 51 -9 14 0 0.00 0.0 0 2.9 13 40 M M 0 15 30
2 75 47 61 1 4 0 0.00 0.0 0 3.0 10 340 M M 2 16 350
3 78 47 63 2 2 0 0.00 0.0 0 4.5 15 70 M M 0 20 60
4 84 51 68 7 0 3 0.00 0.0 0 5.9 15 190 M M 1 21 190
5 77 61 69 8 0 4 0.69 0.0 0 8.3 21 150 M M 6 13 29 240
6 78 51 65 3 0 0 0.00 0.0 0 8.5 17 360 M M 8 8 25 360
7 65 46 56 -6 9 0 0.00 0.0 0 5.4 17 340 M M 2 30 340
8 57 40 49 -13 16 0 0.00 0.0 0 7.4 17 340 M M 4 30 350
9 69 35 52 -10 13 0 0.00 0.0 0 4.5 15 230 M M 0 24 290
10 85 51 68 5 0 3 0.00 0.0 0 15.1 28 180 M M 0 37 190
11 81 64 73 10 0 8 0.10 0.0 0 15.8 26 180 M M 7 3 35 190
12 86 68 77 14 0 12 0.29 0.0 0 13.1 26 180 M M 7 13 37 170
13 83 58 71 8 0 6 1.28 0.0 0 15.0 39 210 M M 7 138 51 210
14 74 47 61 -3 4 0 0.00 0.0 0 4.7 16 350 M M 0 26 360
15 85 49 67 3 0 2 0.11 0.0 0 10.7 22 140 M M 4 3 35 150
16 73 64 69 5 0 4 0.83 0.0 0 5.8 18 110 M M 8 13 28 120
17 70 58 64 0 1 0 1.04 0.0 0 6.5 16 100 M M 9 13 22 80
18 63 48 56 -9 9 0 T 0.0 0 7.5 16 10 M M 6 1 26 350
19 71 45 58 -7 7 0 0.00 0.0 0 4.6 15 80 M M 0 20 80
20 80 54 67 2 0 2 0.03 0.0 0 9.7 23 160 M M 1 31 130
21 87 64 76 11 0 11 0.00 0.0 0 7.7 15 150 M M 3 22 170
22 87 62 75 9 0 10 0.00 0.0 0 7.0 17 160 M M 0 1 24 160
23 86 62 74 8 0 9 0.00 0.0 0 12.4 25 160 M M 1 37 160
24 87 67 77 11 0 12 0.00 0.0 0 11.4 20 170 M M 3 26 170
25 79 61 70 4 0 5 0.05 0.0 0 7.3 20 210 M M 6 1 27 210
26 73 51 62 -5 3 0 0.00 0.0 0 8.6 18 20 M M 0 26 30
27 78 42 60 -7 5 0 0.00 0.0 0 4.5 14 90 M M 0 24 20
28 82 49 66 -1 0 1 0.00 0.0 0 5.1 13 170 M M 0 17 180
29 85 54 70 2 0 5 0.00 0.0 0 8.0 20 180 M M 0 25 190
30 86 67 77 9 0 12 0.00 0.0 0 12.2 21 180 M M 4 29 230
================================================================================
SM 2328 1601 87 109 4.42 0.0 243.1 M 89
================================================================================
AV 77.6 53.4 8.1 FASTST M M 3 MAX(MPH)
MISC ----> 39 210 51 210
================================================================================
NOTES:
# LAST OF SEVERAL OCCURRENCES
COLUMN 17 PEAK WIND IN M.P.H.
PRELIMINARY LOCAL CLIMATOLOGICAL DATA (WS FORM: F-6) , PAGE 2
STATION: GREENWOOD
MONTH: APRIL
YEAR: 2022
LATITUDE: 33 30 N
LONGITUDE: 90 5 W
[TEMPERATURE DATA] [PRECIPITATION DATA] SYMBOLS USED IN COLUMN 16
AVERAGE MONTHLY: 65.5 TOTAL FOR MONTH: 4.42 1 = FOG OR MIST
DPTR FM NORMAL: 1.5 DPTR FM NORMAL: -1.40 2 = FOG REDUCING VISIBILITY
HIGHEST: 87 ON 24,22 GRTST 24HR 1.45 ON 12-13 TO 1/4 MILE OR LESS
LOWEST: 35 ON 9 3 = THUNDER
SNOW, ICE PELLETS, HAIL 4 = ICE PELLETS
TOTAL MONTH: 0.0 INCH 5 = HAIL
GRTST 24HR 0.0 6 = FREEZING RAIN OR DRIZZLE
GRTST DEPTH: 0 7 = DUSTSTORM OR SANDSTORM:
VSBY 1/2 MILE OR LESS
8 = SMOKE OR HAZE
[NO. OF DAYS WITH] [WEATHER - DAYS WITH] 9 = BLOWING SNOW
X = TORNADO
MAX 32 OR BELOW: 0 0.01 INCH OR MORE: 9
MAX 90 OR ABOVE: 0 0.10 INCH OR MORE: 7
MIN 32 OR BELOW: 0 0.50 INCH OR MORE: 4
MIN 0 OR BELOW: 0 1.00 INCH OR MORE: 2
[HDD (BASE 65) ]
TOTAL THIS MO. 87 CLEAR (SCALE 0-3) 17
DPTR FM NORMAL -25 PTCLDY (SCALE 4-7) 12
TOTAL FM JUL 1 2113 CLOUDY (SCALE 8-10) 1
DPTR FM NORMAL -445
[CDD (BASE 65) ]
TOTAL THIS MO. 109
DPTR FM NORMAL 27 [PRESSURE DATA]
TOTAL FM JAN 1 146 HIGHEST SLP 30.34 ON 22
DPTR FM NORMAL 32 LOWEST SLP 29.50 ON 5
[REMARKS]
#FINAL-04-22#