000
CXUS54 KFWD 010830
CF6GYI
PRELIMINARY LOCAL CLIMATOLOGICAL DATA (WS FORM: F-6)
STATION: SHERMAN/DENISON
MONTH: NOVEMBER
YEAR: 2022
LATITUDE: 33 42 N
LONGITUDE: 96 40 W
TEMPERATURE IN F: :PCPN: SNOW: WIND :SUNSHINE: SKY :PK WND
================================================================================
1 2 3 4 5 6A 6B 7 8 9 10 11 12 13 14 15 16 17 18
12Z AVG MX 2MIN
DY MAX MIN AVG DEP HDD CDD WTR SNW DPTH SPD SPD DIR MIN PSBL S-S WX SPD DR
================================================================================
1 78 50 64 5 1 0 0.00 M M 5.9 13 150 M M 0 17 150
2 74 55 65 6 0 0 0.00 M M 9.8 15 190 M M 4 1 22 190
3 77 63 70 11 0 5 0.00 M M 12.0 21 150 M M 6 18 29 150
4 73 45 59 1 6 0 0.00 M M 14.2 30 160 M M 7 1 40 160
5 62 40 51 -7 14 0 0.00 M M 8.4 17 290 M M 0 21 290
6 79 54 67 10 0 2 0.00 M M 12.2 21 180 M M 0 24 180
7 75 62 69 12 0 4 0.02 M M 7.0 15 110 M M 10 12 17 110
8 75 67 71 14 0 6 0.00 M M 9.3 13 110 M M 9 1 17 110
9 82 67 75 19 0 10 0.00 M M 11.1 20 160 M M 4 1 24 180
10 71 65 68 12 0 3 0.00 M M 9.8 16 200 M M 6 8 22 200
11 66 38 52 -3 13 0 0.50 M M 15.1 22 330 M M 9 31 20
12 51 31 41 -14 24 0 0.00 M M 8.0 16 350 M M 0 23 350
13 53 29 41 -13 24 0 0.00 M M 5.7 9 120 M M 0 M M
14 41 37 39 -15 26 0 0.00 M M 8.3 16 110 M M 9 1 21 100
15 48 34 41 -13 24 0 0.00 M M 5.8 13 320 M M 6 M M
16 55 31 43 -10 22 0 0.00 M M 4.3 13 300 M M 0 17 320
17 57 28 43 -10 22 0 0.00 M M 4.9 10 170 M M 1 M M
18 48 34 41 -11 24 0 T M M 11.0 15 10 M M 6 4 24 20
19 47 32 40 -12 25 0 0.00 M M 4.1 10 10 M M 5 16 10
20 51 28 40 -11 25 0 0.00 M M 3.8 10 100 M M 0 M M
21 54 39 47 -4 18 0 T M M 5.8 9 200 M M 7 M M
22 61 34 48 -3 17 0 0.00 M M 4.7 8 150 M M 2 M M
23 54 43 49 -1 16 0 0.30 M M 7.0 13 160 M M 10 1 M M
24 54 50 52 2 13 0 0.28 M M 7.9 16 30 M M 10 1 24 30
25 59 48 54 5 11 0 0.00 M M 8.7 15 350 M M 9 18 21 20
26 55 47 51 2 14 0 0.28 M M 8.3 16 240 M M 10 1 21 240
27 61 38 50 2 15 0 0.00 M M 6.6 14 250 M M 3 18 240
28 65 36 51 3 14 0 0.00 M M 8.8 18 170 M M 0 1 23 160
29 78 38 58 10 7 0 0.00 M M 17.5 23 350 M M 2 35 350
30 47 32 40 -7 25 0 0.00 M M 10.1 23 360 M M 0 30 360
================================================================================
SM 1851 1295 400 30 1.38 M 256.1 M 135
================================================================================
AV 61.7 43.2 8.5 FASTST M M 5 MAX(MPH)
MISC ----> 30 160 40 160
================================================================================
NOTES:
# LAST OF SEVERAL OCCURRENCES
COLUMN 17 PEAK WIND IN M.P.H.
PRELIMINARY LOCAL CLIMATOLOGICAL DATA (WS FORM: F-6) , PAGE 2
STATION: SHERMAN/DENISON
MONTH: NOVEMBER
YEAR: 2022
LATITUDE: 33 42 N
LONGITUDE: 96 40 W
[TEMPERATURE DATA] [PRECIPITATION DATA] SYMBOLS USED IN COLUMN 16
AVERAGE MONTHLY: 52.4 TOTAL FOR MONTH: 1.38 1 = FOG OR MIST
DPTR FM NORMAL: -1.0 DPTR FM NORMAL: -2.32 2 = FOG REDUCING VISIBILITY
HIGHEST: 82 ON 9 GRTST 24HR 0.50 ON 11-11 TO 1/4 MILE OR LESS
LOWEST: 28 ON 20,17 3 = THUNDER
SNOW, ICE PELLETS, HAIL 4 = ICE PELLETS
TOTAL MONTH: M 5 = HAIL
GRTST 24HR M ON M 6 = FREEZING RAIN OR DRIZZLE
GRTST DEPTH: M ON M 7 = DUSTSTORM OR SANDSTORM:
VSBY 1/2 MILE OR LESS
8 = SMOKE OR HAZE
[NO. OF DAYS WITH] [WEATHER - DAYS WITH] 9 = BLOWING SNOW
X = TORNADO
MAX 32 OR BELOW: 0 0.01 INCH OR MORE: 5
MAX 90 OR ABOVE: 0 0.10 INCH OR MORE: 4
MIN 32 OR BELOW: 7 0.50 INCH OR MORE: 1
MIN 0 OR BELOW: 0 1.00 INCH OR MORE: 0
[HDD (BASE 65) ]
TOTAL THIS MO. 400 CLEAR (SCALE 0-3) 13
DPTR FM NORMAL 39 PTCLDY (SCALE 4-7) 9
TOTAL FM JUL 1 484 CLOUDY (SCALE 8-10) 8
DPTR FM NORMAL 5
[CDD (BASE 65) ]
TOTAL THIS MO. 30
DPTR FM NORMAL 17 [PRESSURE DATA]
TOTAL FM JAN 1 2948 HIGHEST SLP M ON M
DPTR FM NORMAL 783 LOWEST SLP M ON M
[REMARKS]
#FINAL-11-22#