000
CXUS54 KFWD 010732
CF6GYI
PRELIMINARY LOCAL CLIMATOLOGICAL DATA (WS FORM: F-6)
STATION: SHERMAN/DENISON
MONTH: AUGUST
YEAR: 2023
LATITUDE: 33 42 N
LONGITUDE: 96 40 W
TEMPERATURE IN F: :PCPN: SNOW: WIND :SUNSHINE: SKY :PK WND
================================================================================
1 2 3 4 5 6A 6B 7 8 9 10 11 12 13 14 15 16 17 18
12Z AVG MX 2MIN
DY MAX MIN AVG DEP HDD CDD WTR SNW DPTH SPD SPD DIR MIN PSBL S-S WX SPD DR
================================================================================
1 108 79 94 10 0 29 0.00 M M 7.7 13 120 M M 0 16 120
2 107 82 95 11 0 30 0.00 M M 10.0 13 170 M M 0 20 180
3 107 83 95 11 0 30 0.00 M M 14.3110 190 M M 0 21 170
4 106 82 94 10 0 29 0.00 M M 9.4 14 200 M M 0 20 150
5 103 82 93 9 0 28 0.00 M M 10.0 16 40 M M 0 23 40
6 105 75 90 6 0 25 0.00 M M 9.7 17 80 M M 0 25 80
7 101 77 89 5 0 24 0.00 M M 9.7 16 20 M M 1 29 20
8 97 76 87 3 0 22 0.00 M M 13.3 23 100 M M 1 31 100
9 107 76 92 8 0 27 0.29 M M 14.0 22 190 M M 1 46 160
10 105 73 89 6 0 24 0.00 M M 2.9 10 100 M M 1 12 M M
11 106 83 95 12 0 30 0.00 M M 10.7 18 200 M M 0 24 200
12 106 82 94 11 0 29 0.00 M M 11.3 20 190 M M 0 24 200
13 106 78 92 9 0 27 0.00 M M 9.6 18 200 M M 0 25 200
14 92 72 82 -1 0 17 0.00 M M 9.6 20 350 M M 0 25 180
15 94 71 83 0 0 18 0.00 M M 6.9 14 20 M M 2 18 20
16 98 61 80 -3 0 15 0.00 M M 4.0 8 130 M M 0 M M
17 110 73 92 9 0 27 0.00 M M 8.9 13 160 M M 0 18 180
18 111 76 94 11 0 29 0.00 M M 9.1 16 200 M M 0 18 240
19 110 80 95 12 0 30 0.00 M M 7.5 12 190 M M 0 18 240
20 111 78 95 13 0 30 0.00 M M 4.8 13 60 M M 0 16 60
21 107 74 91 9 0 26 0.00 M M 6.3 13 90 M M 0 8 20 70
22 106 79 93 11 0 28 0.00 M M 6.4 12 90 M M 0 17 90
23 107 81 94 12 0 29 0.00 M M 6.1 10 140 M M 0 M M
24 109 82 96 14 0 31 0.00 M M 5.7 12 150 M M 0 M M
25 109 81 95 13 0 30 0.00 M M 4.8 10 140 M M 1 M M
26 113 81 97 15 0 32 0.00 M M 5.2 12 40 M M 1 22 20
27 100 81 91 10 0 26 0.00 M M 10.3 17 360 M M 1 21 350
28 94 73 84 3 0 19 0.00 M M 8.1 15 350 M M 1 21 350
29 100 69 85 4 0 20 0.00 M M 6.6 13 10 M M 0 20 20
30 99 70 85 5 0 20 0.00 M M 5.8 15 350 M M 0 18 350
31 100 66 83 3 0 18 0.00 M M 5.3 12 130 M M 0 M M
================================================================================
SM 3234 2376 0 799 0.29 M 253.8 M 10
================================================================================
AV104.3 76.6 8.2 FASTST M M 0 MAX(MPH)
MISC ----> 110 190 46 160
================================================================================
NOTES:
# LAST OF SEVERAL OCCURRENCES
COLUMN 17 PEAK WIND IN M.P.H.
PRELIMINARY LOCAL CLIMATOLOGICAL DATA (WS FORM: F-6) , PAGE 2
STATION: SHERMAN/DENISON
MONTH: AUGUST
YEAR: 2023
LATITUDE: 33 42 N
LONGITUDE: 96 40 W
[TEMPERATURE DATA] [PRECIPITATION DATA] SYMBOLS USED IN COLUMN 16
AVERAGE MONTHLY: 90.5 TOTAL FOR MONTH: 0.29 1 = FOG OR MIST
DPTR FM NORMAL: 7.9 DPTR FM NORMAL: -1.77 2 = FOG REDUCING VISIBILITY
HIGHEST: 113 ON 26 GRTST 24HR 0.29 ON 9- 9 TO 1/4 MILE OR LESS
LOWEST: 61 ON 16 3 = THUNDER
SNOW, ICE PELLETS, HAIL 4 = ICE PELLETS
TOTAL MONTH: M 5 = HAIL
GRTST 24HR M ON M 6 = FREEZING RAIN OR DRIZZLE
GRTST DEPTH: M ON M 7 = DUSTSTORM OR SANDSTORM:
VSBY 1/2 MILE OR LESS
8 = SMOKE OR HAZE
[NO. OF DAYS WITH] [WEATHER - DAYS WITH] 9 = BLOWING SNOW
X = TORNADO
MAX 32 OR BELOW: 0 0.01 INCH OR MORE: 1
MAX 90 OR ABOVE: 31 0.10 INCH OR MORE: 1
MIN 32 OR BELOW: 0 0.50 INCH OR MORE: 0
MIN 0 OR BELOW: 0 1.00 INCH OR MORE: 0
[HDD (BASE 65) ]
TOTAL THIS MO. 0 CLEAR (SCALE 0-3) 31
DPTR FM NORMAL 0 PTCLDY (SCALE 4-7) 0
TOTAL FM JUL 1 0 CLOUDY (SCALE 8-10) 0
DPTR FM NORMAL 0
[CDD (BASE 65) ]
TOTAL THIS MO. 799
DPTR FM NORMAL 254 [PRESSURE DATA]
TOTAL FM JAN 1 2337 HIGHEST SLP M ON M
DPTR FM NORMAL 587 LOWEST SLP M ON M
[REMARKS]
#FINAL-08-23#