000
CXUS51 KGYX 250900
CF6GYX
PRELIMINARY LOCAL CLIMATOLOGICAL DATA (WS FORM: F-6)
STATION: GRAY ME
MONTH: APRIL
YEAR: 2024
LATITUDE: 43 53 N
LONGITUDE: 70 15 W
TEMPERATURE IN F: :PCPN: SNOW: WIND :SUNSHINE: SKY :PK WND
================================================================================
1 2 3 4 5 6A 6B 7 8 9 10 11 12 13 14 15 16 17 18
12Z AVG MX 2MIN
DY MAX MIN AVG DEP HDD CDD WTR SNW DPTH SPD SPD DIR MIN PSBL S-S WX SPD DR
================================================================================
1 55 34 45 7 20 0 0.00 0.0 0 M M M M M M 23 M
2 52 34 43 5 22 0 0.00 0.0 0 M M M M M M M M
3 40 31 36 -3 29 0 0.34 2.4 0 M M M M M M 31 M
4 32 30 31 -8 34 0 1.72 15.1 10 M M M M M M M M
5 40 31 36 -3 29 0 0.17 0.5 17 M M M M M M M M
6 39 32 36 -4 29 0 0.05 T 11 M M M M M M M M
7 48 34 41 1 24 0 0.00 0.0 5 M M M M M M M M
8 64 36 50 10 15 0 0.00 0.0 3 M M M M M M M M
9 61 31 46 5 19 0 0.00 0.0 1 M M M M M M M M
10 45 29 37 -4 28 0 0.63 0.0 T M M M M M M M M
11 44 39 42 0 23 0 0.00 0.0 0 M M M M M M M M
12 54 43 49 7 16 0 1.25 0.0 0 M M M M M M 48 M
13 56 41 49 7 16 0 0.09 0.0 0 M M M M M M M M
14 60 36 48 5 17 0 T 0.0 0 M M M M M M M M
15 64 40 52 9 13 0 0.00 0.0 0 M M M M M M M M
16 63 37 50 6 15 0 0.00 0.0 0 M M M M M M M M
17 56 35 46 2 19 0 0.00 0.0 0 M M M M M M M M
18 55 36 46 2 19 0 0.00 0.0 0 M M M M M M M M
19 53 41 47 2 18 0 T 0.0 0 M M M M M M M M
20 53 40 47 2 18 0 0.25 0.0 0 M M M M M M M M
21 55 33 44 -2 21 0 0.00 0.0 0 M M M M M M M M
22 52 33 43 -3 22 0 0.00 0.0 0 M M M M M M M M
23 58 33 46 0 19 0 0.00 0.0 0 M M M M M M 26 M
24 56 30 43 -4 22 0 0.00 0.0 0 M M M M M M M M
================================================================================
SM 1255 839 507 0 4.50 18.0 M M M
================================================================================
AV 52.3 35.0 M FASTST M M M MAX(MPH)
MISC ----> M M 48 9999
================================================================================
NOTES:
# LAST OF SEVERAL OCCURRENCES
COLUMN 17 PEAK WIND IN M.P.H.
PRELIMINARY LOCAL CLIMATOLOGICAL DATA (WS FORM: F-6) , PAGE 2
STATION: GRAY ME
MONTH: APRIL
YEAR: 2024
LATITUDE: 43 53 N
LONGITUDE: 70 15 W
[TEMPERATURE DATA] [PRECIPITATION DATA] SYMBOLS USED IN COLUMN 16
AVERAGE MONTHLY: 43.6 TOTAL FOR MONTH: 4.50 1 = FOG OR MIST
DPTR FM NORMAL: 1.4 DPTR FM NORMAL: 0.97 2 = FOG REDUCING VISIBILITY
HIGHEST: 64 ON 15, 8 GRTST 24HR 1.72 ON 4- 4 TO 1/4 MILE OR LESS
LOWEST: 29 ON 10 3 = THUNDER
SNOW, ICE PELLETS, HAIL 4 = ICE PELLETS
TOTAL MONTH: 18.0 INCHES 5 = HAIL
GRTST 24HR 15.1 ON 4- 4 6 = FREEZING RAIN OR DRIZZLE
GRTST DEPTH: 17 ON 5 7 = DUSTSTORM OR SANDSTORM:
VSBY 1/2 MILE OR LESS
8 = SMOKE OR HAZE
[NO. OF DAYS WITH] [WEATHER - DAYS WITH] 9 = BLOWING SNOW
X = TORNADO
MAX 32 OR BELOW: 1 0.01 INCH OR MORE: 8
MAX 90 OR ABOVE: 0 0.10 INCH OR MORE: 6
MIN 32 OR BELOW: 7 0.50 INCH OR MORE: 3
MIN 0 OR BELOW: 0 1.00 INCH OR MORE: 2
[HDD (BASE 65) ]
TOTAL THIS MO. 507 CLEAR (SCALE 0-3) 0
DPTR FM NORMAL -38 PTCLDY (SCALE 4-7) 0
TOTAL FM JUL 1 5905 CLOUDY (SCALE 8-10) 24
DPTR FM NORMAL -708
[CDD (BASE 65) ]
TOTAL THIS MO. 0
DPTR FM NORMAL 0 [PRESSURE DATA]
TOTAL FM JAN 1 0 HIGHEST SLP M ON M
DPTR FM NORMAL 0 LOWEST SLP M ON M
[REMARKS]