000
CXUS54 KOUN 010810
CF6HBR
PRELIMINARY LOCAL CLIMATOLOGICAL DATA (WS FORM: F-6)
STATION: HOBART
MONTH: AUGUST
YEAR: 2023
LATITUDE: 35 0 N
LONGITUDE: 99 3 W
TEMPERATURE IN F: :PCPN: SNOW: WIND :SUNSHINE: SKY :PK WND
================================================================================
1 2 3 4 5 6A 6B 7 8 9 10 11 12 13 14 15 16 17 18
12Z AVG MX 2MIN
DY MAX MIN AVG DEP HDD CDD WTR SNW DPTH SPD SPD DIR MIN PSBL S-S WX SPD DR
================================================================================
1 M M M M M M M M M M M M M M M M M
2 M M M M M M M M M M M M M M M M M
3 M M M M M M 0.00 M M M M M M M M M M
4 M M M M M M M M M M M M M M M M M
5 M M M M M M M M M M M M M M M M M
6 M M M M M M M M M M M M M M M M M
7 M M M M M M M M M M M M M M M M M
8 97 86 92 7 0 27 M M M 15.9 20 130 M M 0 23 170
9 97 72 85 0 0 20 M M M 10.6 22 30 M M 0 3 32 30
10 101 68 85 0 0 20 0.00 M M 10.0 22 140 M M 0 28 150
11 111 74 93 9 0 28 0.28 M M 13.9 32 320 M M 0 3 56 300
12 106 74 90 6 0 25 0.22 M M 14.5 31 130 M M 1 13 37 130
13 105 73 89 5 0 24 0.09 M M 12.2 28 350 M M 2 3 36 350
14 88 65 77 -7 0 12 0.13 0.0 M 11.3 22 10 M M 2 13 29 30
15 92 62 77 -7 0 12 0.00 0.0 M 7.3 16 130 M M 0 25 50
16 101 63 82 -2 0 17 0.00 0.0 M 12.7 24 210 M M 0 30 210
17 108 75 92 8 0 27 0.00 M M 14.4 22 220 M M 0 31 30
18 109 69 89 6 0 24 0.00 M M 10.9 21 220 M M 0 24 220
19 110 75 93 10 0 28 0.00 M M 12.7 22 220 M M 0 30 220
20 108 74 91 8 0 26 0.00 M M 12.0 22 130 M M 0 28 140
21 107 75 91 8 0 26 0.00 M M 12.7 25 130 M M 0 35 130
22 105 75 90 8 0 25 0.00 M M 12.7 24 130 M M 0 30 140
23 103 75 89 7 0 24 0.00 M M 9.9 22 150 M M 0 28 140
24 104 76 90 8 0 25 0.00 M M 13.3 28 220 M M 0 35 220
25 107 81 94 12 0 29 0.00 M M 11.0 22 220 M M 1 30 220
26 103 75 89 7 0 24 0.00 M M 10.4 21 30 M M 0 8 32 30
27 94 74 84 3 0 19 0.00 M M 9.2 17 20 M M 1 26 40
28 95 65 80 -1 0 15 0.00 M M 8.3 18 100 M M 0 27 80
29 94 62 78 -3 0 13 0.00 M M 7.1 16 100 M M 0 21 60
30 97 65 81 1 0 16 0.00 M M 8.1 18 130 M M 0 23 130
31 99 65 82 2 0 17 0.00 M M 6.4 14 130 M M 0 8 18 110
================================================================================
SM 2441 1718 0 523 0.72 0.0 267.5 M 7
================================================================================
AV101.7 71.6 11.1 FASTST M M 0 MAX(MPH)
MISC ----> 32 320 56 300
================================================================================
NOTES:
# LAST OF SEVERAL OCCURRENCES
COLUMN 17 PEAK WIND IN M.P.H.
PRELIMINARY LOCAL CLIMATOLOGICAL DATA (WS FORM: F-6) , PAGE 2
STATION: HOBART
MONTH: AUGUST
YEAR: 2023
LATITUDE: 35 0 N
LONGITUDE: 99 3 W
[TEMPERATURE DATA] [PRECIPITATION DATA] SYMBOLS USED IN COLUMN 16
AVERAGE MONTHLY: 86.6 TOTAL FOR MONTH: 0.72 1 = FOG OR MIST
DPTR FM NORMAL: 3.2 DPTR FM NORMAL: -2.04 2 = FOG REDUCING VISIBILITY
HIGHEST: 111 ON 11 GRTST 24HR 0.40 ON 11-12 TO 1/4 MILE OR LESS
LOWEST: 62 ON 29,15 3 = THUNDER
SNOW, ICE PELLETS, HAIL 4 = ICE PELLETS
TOTAL MONTH: 0.0 INCH 5 = HAIL
GRTST 24HR 0.0 6 = FREEZING RAIN OR DRIZZLE
GRTST DEPTH: 0 7 = DUSTSTORM OR SANDSTORM:
VSBY 1/2 MILE OR LESS
8 = SMOKE OR HAZE
[NO. OF DAYS WITH] [WEATHER - DAYS WITH] 9 = BLOWING SNOW
X = TORNADO
MAX 32 OR BELOW: 0 0.01 INCH OR MORE: 4
MAX 90 OR ABOVE: 23 0.10 INCH OR MORE: 3
MIN 32 OR BELOW: 0 0.50 INCH OR MORE: 0
MIN 0 OR BELOW: 0 1.00 INCH OR MORE: 0
[HDD (BASE 65) ]
TOTAL THIS MO. 0 CLEAR (SCALE 0-3) 24
DPTR FM NORMAL 0 PTCLDY (SCALE 4-7) 0
TOTAL FM JUL 1 0 CLOUDY (SCALE 8-10) 7
DPTR FM NORMAL 0
[CDD (BASE 65) ]
TOTAL THIS MO. 523
DPTR FM NORMAL -47 [PRESSURE DATA]
TOTAL FM JAN 1 1715 HIGHEST SLP M ON M
DPTR FM NORMAL -186 LOWEST SLP 29.63 ON 11
[REMARKS]
#FINAL-08-23#