000
CXUS53 KBIS 010830
CF6HEI
PRELIMINARY LOCAL CLIMATOLOGICAL DATA (WS FORM: F-6)
STATION: HETTINGER ND
MONTH: AUGUST
YEAR: 2023
LATITUDE: 46 0 N
LONGITUDE: 102 39 W
TEMPERATURE IN F: :PCPN: SNOW: WIND :SUNSHINE: SKY :PK WND
================================================================================
1 2 3 4 5 6A 6B 7 8 9 10 11 12 13 14 15 16 17 18
12Z AVG MX 2MIN
DY MAX MIN AVG DEP HDD CDD WTR SNW DPTH SPD SPD DIR MIN PSBL S-S WX SPD DR
================================================================================
1 96 62 79 9 0 14 0.00 M M 9.1 26 40 M M 0 36 40
2 89 64 77 7 0 12 0.00 M M 9.3 17 100 M M 4 27 110
3 90 64 77 7 0 12 0.57 M M 9.1 35 140 M M 3 13 52 130
4 69 60 65 -5 0 0 0.73 M M 14.2 25 60 M M 10 1 35 70
5 67 59 63 -7 2 0 1.23 M M 9.8 22 40 M M 8 1 36 40
6 80 52 66 -4 0 1 0.00 M M 5.7 13 340 M M 1 17 350
7 78 52 65 -5 0 0 T M M 3.1 13 170 M M 2 16 170
8 83 50 67 -3 0 2 0.00 M M 2.7 9 290 M M 0 1 14 210
9 86 53 70 1 0 5 0.00 M M 4.8 17 210 M M 1 22 210
10 83 55 69 0 0 4 0.00 M M 9.4 25 280 M M 1 32 310
11 80 49 65 -4 0 0 0.00 M M 9.4 24 330 M M 1 32 330
12 85 46 66 -3 0 1 0.12 M M 6.0 18 30 M M 1 13 26 30
13 69 50 60 -9 5 0 0.91 M M 12.2 23 320 M M 8 138 32 310
14 80 47 64 -4 1 0 0.00 M M 4.2 13 240 M M 0 17 320
15 91 50 71 3 0 6 0.00 M M 4.1 9 190 M M 0 14 130
16 83 49 66 -2 0 1 0.00 M M 12.1 29 310 M M 0 43 330
17 81 44 63 -5 2 0 0.00 M M 7.9 16 150 M M 0 23 160
18 94 57 76 8 0 11 0.00 M M 7.4 25 290 M M 0 18 37 280
19 77 59 68 1 0 3 0.00 M M 11.1 23 330 M M 0 8 29 310
20 67 55 61 -6 4 0 0.03 M M 12.4 22 100 M M 9 28 100
21 68 58 63 -4 2 0 0.00 M M 10.0 16 70 M M 5 12 21 80
22 92 64 78 11 0 13 0.00 M M 5.0 22 210 M M 3 12 32 200
23 91 59 75 9 0 10 0.00 M M 8.3 21 280 M M 0 12 27 270
24 92 54 73 7 0 8 T M M 8.7 26 190 M M 1 3 39 200
25 77 50 64 -2 1 0 0.00 M M 8.8 18 330 M M 0 25 330
26 81 46 64 -2 1 0 0.00 M M 10.0 17 140 M M 0 1 28 110
27 89 54 72 7 0 7 0.00 M M 7.7 18 320 M M 0 26 340
28 86 48 67 2 0 2 0.00 M M 5.4 17 330 M M 0 18 24 310
29 86 49 68 3 0 3 0.00 M M 5.7 13 100 M M 0 18 18 100
30 91 60 76 12 0 11 0.00 M M 17.4 30 310 M M 0 18 42 310
31 85 47 66 2 0 1 0.00 M M 8.0 25 260 M M 0 18 35 280
================================================================================
SM 2566 1666 18 127 3.59 M 259.0 M 58
================================================================================
AV 82.8 53.7 8.4 FASTST M M 2 MAX(MPH)
MISC ----> 35 140 52 130
================================================================================
NOTES:
# LAST OF SEVERAL OCCURRENCES
COLUMN 17 PEAK WIND IN M.P.H.
PRELIMINARY LOCAL CLIMATOLOGICAL DATA (WS FORM: F-6) , PAGE 2
STATION: HETTINGER ND
MONTH: AUGUST
YEAR: 2023
LATITUDE: 46 0 N
LONGITUDE: 102 39 W
[TEMPERATURE DATA] [PRECIPITATION DATA] SYMBOLS USED IN COLUMN 16
AVERAGE MONTHLY: 68.3 TOTAL FOR MONTH: 3.59 1 = FOG OR MIST
DPTR FM NORMAL: 0.6 DPTR FM NORMAL: 2.04 2 = FOG REDUCING VISIBILITY
HIGHEST: 96 ON 1 GRTST 24HR 1.79 ON 4- 5 TO 1/4 MILE OR LESS
LOWEST: 44 ON 17 3 = THUNDER
SNOW, ICE PELLETS, HAIL 4 = ICE PELLETS
TOTAL MONTH: M 5 = HAIL
GRTST 24HR M ON M 6 = FREEZING RAIN OR DRIZZLE
GRTST DEPTH: M ON M 7 = DUSTSTORM OR SANDSTORM:
VSBY 1/2 MILE OR LESS
8 = SMOKE OR HAZE
[NO. OF DAYS WITH] [WEATHER - DAYS WITH] 9 = BLOWING SNOW
X = TORNADO
MAX 32 OR BELOW: 0 0.01 INCH OR MORE: 6
MAX 90 OR ABOVE: 8 0.10 INCH OR MORE: 5
MIN 32 OR BELOW: 0 0.50 INCH OR MORE: 4
MIN 0 OR BELOW: 0 1.00 INCH OR MORE: 1
[HDD (BASE 65) ]
TOTAL THIS MO. 18 CLEAR (SCALE 0-3) 24
DPTR FM NORMAL -36 PTCLDY (SCALE 4-7) 4
TOTAL FM JUL 1 61 CLOUDY (SCALE 8-10) 3
DPTR FM NORMAL -25
[CDD (BASE 65) ]
TOTAL THIS MO. 127
DPTR FM NORMAL -12 [PRESSURE DATA]
TOTAL FM JAN 1 391 HIGHEST SLP M ON M
DPTR FM NORMAL 38 LOWEST SLP 29.52 ON 30
[REMARKS]
#FINAL-08-23#