000
CXUS56 KPQR 011155
CF6HIO
PRELIMINARY LOCAL CLIMATOLOGICAL DATA (WS FORM: F-6)
STATION: HILLSBORO OR
MONTH: JANUARY
YEAR: 2022
LATITUDE: 45 32 N
LONGITUDE: 122 57 W
TEMPERATURE IN F: :PCPN: SNOW: WIND :SUNSHINE: SKY :PK WND
================================================================================
1 2 3 4 5 6A 6B 7 8 9 10 11 12 13 14 15 16 17 18
12Z AVG MX 2MIN
DY MAX MIN AVG DEP HDD CDD WTR SNW DPTH SPD SPD DIR MIN PSBL S-S WX SPD DR
================================================================================
1 33 21 27 -13 38 0 0.00 M M 0.6 6 130 M M 4 7 140
2 48 26 37 -3 28 0 0.47 M M 9.4 29 180 M M 9 1 44 180
3 44 33 39 -1 26 0 1.20 M M 7.4 22 170 M M 10 1 29 210
4 44 33 39 -1 26 0 0.33 M M 5.7 12 170 M M 9 1 14 170
5 41 38 40 0 25 0 0.57 M M 1.6 10 60 M M 10 1 12 60
6 54 39 47 7 18 0 0.38 M M 11.3 21 170 M M 9 18 29 200
7 49 38 44 4 21 0 0.44 M M 9.8 20 180 M M 10 1 27 210
8 48 30 39 -1 26 0 0.01 M M 2.8 8 150 M M 6 1 10 150
9 54 26 40 0 25 0 0.00 M M 3.4 12 110 M M 1 12 14 120
10 43 30 37 -3 28 0 0.11 M M 2.5 7 270 M M 7 1 8 250
11 51 40 46 6 19 0 0.08 M M 0.6 8 120 M M 10 1 9 120
12 61 37 49 9 16 0 T M M 4.2 12 170 M M 4 1 14 160
13 50 40 45 5 20 0 0.12 M M 6.4 14 170 M M 10 1 18 160
14 53 34 44 4 21 0 0.00 M M 1.7 8 320 M M 5 128 8 310
15 44 34 39 -1 26 0 0.00 M M 1.2 6 310 M M 8 12 7 320
16 43 36 40 0 25 0 0.00 M M 1.2 7 300 M M 9 12 8 320
17 40 37 39 -2 26 0 0.00 M M 1.7 7 160 M M 10 12 9 160
18 45 38 42 1 23 0 0.06 M M 1.8 5 330 M M 10 12 6 50
19 52 42 47 6 18 0 0.33 M M 2.3 8 160 M M 10 12 11 170
20 58 40 49 8 16 0 0.06 M M 6.3 16 240 M M 8 1 22 250
21 46 33 40 -1 25 0 0.00 M M 3.3 10 50 M M 9 12 13 60
22 49 29 39 -2 26 0 0.00 M M 2.7 7 320 M M 6 12 10 300
23 54 25 40 -1 25 0 0.00 M M 0.3 5 320 M M 3 12 6 320
24 39 27 33 -8 32 0 0.00 M M 1.2 7 320 M M 9 12 9 300
25 51 25 38 -3 27 0 0.00 M M 3.3 10 60 M M 2 12 12 50
26 50 22 36 -5 29 0 0.00 M M 2.7 9 60 M M 1 128 10 80
27 48 24 36 -5 29 0 0.00 M M 6.2 17 100 M M 0 1 21 80
28 50 22 36 -5 29 0 0.00 M M 2.3 9 130 M M 0 11 130
29 51 21 36 -5 29 0 0.00 M M 1.9 7 330 M M 0 1 9 120
30 49 31 40 -1 25 0 0.13 M M 4.0 20 180 M M 8 18 23 180
31 48 29 39 -2 26 0 T M M 4.2 14 300 M M 6 16 300
================================================================================
SM 1490 980 773 0 4.29 M 114.0 M 203
================================================================================
AV 48.1 31.6 3.7 FASTST M M 7 MAX(MPH)
MISC ----> 29 180 44 180
================================================================================
NOTES:
# LAST OF SEVERAL OCCURRENCES
COLUMN 17 PEAK WIND IN M.P.H.
PRELIMINARY LOCAL CLIMATOLOGICAL DATA (WS FORM: F-6) , PAGE 2
STATION: HILLSBORO OR
MONTH: JANUARY
YEAR: 2022
LATITUDE: 45 32 N
LONGITUDE: 122 57 W
[TEMPERATURE DATA] [PRECIPITATION DATA] SYMBOLS USED IN COLUMN 16
AVERAGE MONTHLY: 39.8 TOTAL FOR MONTH: 4.29 1 = FOG OR MIST
DPTR FM NORMAL: -0.6 DPTR FM NORMAL: -0.98 2 = FOG REDUCING VISIBILITY
HIGHEST: 61 ON 12 GRTST 24HR 1.54 ON 5- 6 TO 1/4 MILE OR LESS
LOWEST: 21 ON 29, 1 3 = THUNDER
SNOW, ICE PELLETS, HAIL 4 = ICE PELLETS
TOTAL MONTH: M 5 = HAIL
GRTST 24HR M ON M 6 = FREEZING RAIN OR DRIZZLE
GRTST DEPTH: M ON M 7 = DUSTSTORM OR SANDSTORM:
VSBY 1/2 MILE OR LESS
8 = SMOKE OR HAZE
[NO. OF DAYS WITH] [WEATHER - DAYS WITH] 9 = BLOWING SNOW
X = TORNADO
MAX 32 OR BELOW: 0 0.01 INCH OR MORE: 14
MAX 90 OR ABOVE: 0 0.10 INCH OR MORE: 10
MIN 32 OR BELOW: 15 0.50 INCH OR MORE: 2
MIN 0 OR BELOW: 0 1.00 INCH OR MORE: 1
[HDD (BASE 65) ]
TOTAL THIS MO. 773 CLEAR (SCALE 0-3) 7
DPTR FM NORMAL 12 PTCLDY (SCALE 4-7) 8
TOTAL FM JUL 1 2691 CLOUDY (SCALE 8-10) 16
DPTR FM NORMAL -56
[CDD (BASE 65) ]
TOTAL THIS MO. 0
DPTR FM NORMAL 0 [PRESSURE DATA]
TOTAL FM JAN 1 0 HIGHEST SLP 30.66 ON 21
DPTR FM NORMAL 0 LOWEST SLP 29.30 ON 7
[REMARKS]
#FINAL-01-22#