000
CXUS54 KJAN 011451
CF6HKS
PRELIMINARY LOCAL CLIMATOLOGICAL DATA (WS FORM: F-6)
STATION: JACKSON HAWKINS
MONTH: AUGUST
YEAR: 2023
LATITUDE: 32 20 N
LONGITUDE: 90 14 W
TEMPERATURE IN F: :PCPN: SNOW: WIND :SUNSHINE: SKY :PK WND
================================================================================
1 2 3 4 5 6A 6B 7 8 9 10 11 12 13 14 15 16 17 18
12Z AVG MX 2MIN
DY MAX MIN AVG DEP HDD CDD WTR SNW DPTH SPD SPD DIR MIN PSBL S-S WX SPD DR
================================================================================
1 98 75 87 4 0 22 0.00 0.0 0 3.0 14 10 M M 1 19 80
2 100 77 89 6 0 24 0.00 0.0 0 4.2 13 130 M M 0 18 100
3 99 78 89 6 0 24 0.00 0.0 0 5.0 14 270 M M 0 20 270
4 100 80 90 7 0 25 0.00 0.0 0 7.2 15 260 M M 0 21 280
5 101 78 90 7 0 25 0.00 0.0 0 6.8 14 280 M M 0 20 300
6 98 77 88 5 0 23 0.00 0.0 0 6.9 17 270 M M 0 23 260
7 96 79 88 5 0 23 0.00 0.0 0 8.0 18 280 M M 1 27 230
8 90 75 83 0 0 18 T 0.0 0 6.3 16 270 M M 1 3 28 340
9 100 75 88 5 0 23 0.00 0.0 0 8.5 18 260 M M 2 30 280
10 99 80 90 7 0 25 0.00 0.0 0 8.9 17 260 M M 3 23 250
11 100 81 91 8 0 26 0.00 0.0 0 7.7 17 250 M M 1 26 260
12 102 79 91 8 0 26 0.00 0.0 0 5.3 15 280 M M 0 20 240
13 102 75 89 6 0 24 0.00 0.0 0 4.5 13 280 M M 0 18 270
14 102 79 91 8 0 26 0.00 0.0 0 5.9 15 290 M M 0 22 300
15 92 72 82 -1 0 17 0.00 0.0 0 6.7 17 300 M M 1 23 290
16 89 65 77 -6 0 12 0.00 0.0 0 3.6 13 330 M M 2 22 350
17 93 65 79 -4 0 14 0.00 0.0 0 2.4 14 250 M M 0 22 310
18 101 68 85 2 0 20 0.00 0.0 0 3.9 12 300 M M 0 16 310
19 103 74 89 7 0 24 0.00 0.0 0 5.4 12 30 M M 1 18 20
20 102 76 89 7 0 24 0.00 0.0 0 5.9 13 60 M M 0 20 40
21 102 75 89 7 0 24 0.00 0.0 0 3.6 13 130 M M 2 22 110
22 102 76 89 7 0 24 0.00 0.0 0 2.5 12 30 M M 1 17 10
23 102 79 91 9 0 26 0.00 0.0 0 4.4 13 320 M M 0 20 340
24 105 76 91 9 0 26 0.00 0.0 0 2.6 18 240 M M 1 1 25 250
25 102 76 89 7 0 24 0.00 0.0 0 3.6 23 150 M M 0 8 33 140
26 103 73 88 6 0 23 0.00 0.0 0 3.6 13 300 M M 0 17 330
27 96 75 86 4 0 21 0.00 0.0 0 4.6 14 60 M M 0 23 10
28 91 76 84 2 0 19 T 0.0 0 6.5 12 340 M M 7 19 20
29 92 75 84 2 0 19 T 0.0 0 6.5 14 350 M M 8 21 30
30 94 69 82 1 0 17 0.00 0.0 0 7.1 16 350 M M 0 23 360
31 93 68 81 0 0 16 0.00 0.0 0 5.3 13 350 M M 1 18 360
================================================================================
SM 3049 2326 0 684 T 0.0 166.4 M 33
================================================================================
AV 98.4 75.0 5.4 FASTST M M 1 MAX(MPH)
MISC ----> 23 150 33 140
================================================================================
NOTES:
# LAST OF SEVERAL OCCURRENCES
COLUMN 17 PEAK WIND IN M.P.H.
PRELIMINARY LOCAL CLIMATOLOGICAL DATA (WS FORM: F-6) , PAGE 2
STATION: JACKSON HAWKINS
MONTH: AUGUST
YEAR: 2023
LATITUDE: 32 20 N
LONGITUDE: 90 14 W
[TEMPERATURE DATA] [PRECIPITATION DATA] SYMBOLS USED IN COLUMN 16
AVERAGE MONTHLY: 86.7 TOTAL FOR MONTH: T 1 = FOG OR MIST
DPTR FM NORMAL: 4.2 DPTR FM NORMAL: -3.44 2 = FOG REDUCING VISIBILITY
HIGHEST: 105 ON 24 GRTST 24HR T ON 8- 8 TO 1/4 MILE OR LESS
LOWEST: 65 ON 17,16 3 = THUNDER
SNOW, ICE PELLETS, HAIL 4 = ICE PELLETS
TOTAL MONTH: 0.0 INCH 5 = HAIL
GRTST 24HR 0.0 6 = FREEZING RAIN OR DRIZZLE
GRTST DEPTH: 0 7 = DUSTSTORM OR SANDSTORM:
VSBY 1/2 MILE OR LESS
8 = SMOKE OR HAZE
[NO. OF DAYS WITH] [WEATHER - DAYS WITH] 9 = BLOWING SNOW
X = TORNADO
MAX 32 OR BELOW: 0 0.01 INCH OR MORE: 0
MAX 90 OR ABOVE: 30 0.10 INCH OR MORE: 0
MIN 32 OR BELOW: 0 0.50 INCH OR MORE: 0
MIN 0 OR BELOW: 0 1.00 INCH OR MORE: 0
[HDD (BASE 65) ]
TOTAL THIS MO. 0 CLEAR (SCALE 0-3) 28
DPTR FM NORMAL 0 PTCLDY (SCALE 4-7) 3
TOTAL FM JUL 1 0 CLOUDY (SCALE 8-10) 0
DPTR FM NORMAL 0
[CDD (BASE 65) ]
TOTAL THIS MO. 684
DPTR FM NORMAL 142 [PRESSURE DATA]
TOTAL FM JAN 1 2198 HIGHEST SLP 30.11 ON 8
DPTR FM NORMAL 225 LOWEST SLP 29.73 ON 27
[REMARKS]
#FINAL-08-23#