000
CXUS51 KPBZ 010730
CF6HLG
PRELIMINARY LOCAL CLIMATOLOGICAL DATA (WS FORM: F-6)
STATION: WHEELING WV
MONTH: APRIL
YEAR: 2020
LATITUDE: 40 10 N
LONGITUDE: 80 39 W
TEMPERATURE IN F: :PCPN: SNOW: WIND :SUNSHINE: SKY :PK WND
================================================================================
1 2 3 4 5 6A 6B 7 8 9 10 11 12 13 14 15 16 17 18
12Z AVG MX 2MIN
DY MAX MIN AVG DEP HDD CDD WTR SNW DPTH SPD SPD DIR MIN PSBL S-S WX SPD DR
================================================================================
1 51 39 45 -1 20 0 0.08 M M 8.1 18 340 M M 8 1 23 340
2 58 34 46 -1 19 0 0.00 M M 10.6 23 300 M M 1 30 310
3 62 35 49 2 16 0 0.00 M M 10.2 23 300 M M 0 30 330
4 65 35 50 3 15 0 0.00 M M 4.4 14 290 M M 0 16 300
5 66 43 55 7 10 0 0.02 M M 5.9 14 330 M M 8 17 320
6 66 35 51 3 14 0 T M M 4.0 9 110 M M 2 13 50
7 65 46 56 8 9 0 0.39 M M 5.6 18 230 M M 7 13 27 220
8 71 53 62 13 3 0 0.48 M M 8.3 40 350 M M 4 13 54 360
9 57 39 48 -1 17 0 0.40 M M 15.8 29 270 M M 7 1 45 290
10 46 31 39 -11 26 0 T M M 14.6 26 280 M M 10 35 270
11 55 35 45 -5 20 0 0.00 M M 8.9 18 230 M M 3 25 270
12 66 42 54 4 11 0 0.20 M M 9.6 25 180 M M 8 1 35 190
13 64 39 52 1 13 0 0.31 M M 14.4 35 280 M M 9 1 45 270
14 44 33 39 -12 26 0 T M M 8.2 20 250 M M 6 25 250
15 49 28 39 -12 26 0 0.01 M M 9.0 30 230 M M 4 1 42 220
16 46 29 38 -14 27 0 0.00 M M 10.6 24 270 M M 5 30 260
17 48 32 40 -12 25 0 0.45 M M 7.1 21 200 M M 8 1 27 210
18 50 34 42 -10 23 0 0.02 M M 8.9 18 300 M M 8 1 23 330
19 57 35 46 -7 19 0 0.00 M M 10.0 20 200 M M 3 24 220
20 60 38 49 -4 16 0 0.00 M M 8.2 16 250 M M 0 22 240
21 52 35 44 -9 21 0 0.06 M M 17.3 35 270 M M 7 46 280
22 46 30 38 -16 27 0 0.00 M M 8.1 17 270 M M 5 23 230
23 61 39 50 -4 15 0 0.06 M M 7.0 16 120 M M 8 18 19 220
24 65 48 57 3 8 0 0.05 M M 8.8 16 340 M M 8 1 20 340
25 69 41 55 1 10 0 0.24 M M 7.7 26 150 M M 6 1 35 150
26 56 42 49 -6 16 0 1.08 M M 11.4 20 350 M M 10 1 27 360
27 61 40 51 -4 14 0 0.00 M M 8.4 17 330 M M 5 23 340
28 60 46 53 -2 12 0 0.06 M M 7.0 14 240 M M 9 20 190
29 78 51 65 9 0 0 0.79 M M 12.4 30 160 M M 7 1 39 170
30 58 46 52 -4 13 0 0.12 M M 9.8 25 240 M M 10 1 31 240
================================================================================
SM 1752 1153 491 0 4.82 M 280.3 M 176
================================================================================
AV 58.4 38.4 9.3 FASTST M M 6 MAX(MPH)
MISC ----> 40 350 54 360
================================================================================
NOTES:
# LAST OF SEVERAL OCCURRENCES
COLUMN 17 PEAK WIND IN M.P.H.
PRELIMINARY LOCAL CLIMATOLOGICAL DATA (WS FORM: F-6) , PAGE 2
STATION: WHEELING WV
MONTH: APRIL
YEAR: 2020
LATITUDE: 40 10 N
LONGITUDE: 80 39 W
[TEMPERATURE DATA] [PRECIPITATION DATA] SYMBOLS USED IN COLUMN 16
AVERAGE MONTHLY: 48.4 TOTAL FOR MONTH: 4.82 1 = FOG OR MIST
DPTR FM NORMAL: -3.0 DPTR FM NORMAL: 1.74 2 = FOG REDUCING VISIBILITY
HIGHEST: 78 ON 29 GRTST 24HR 1.26 ON 25-26 TO 1/4 MILE OR LESS
LOWEST: 28 ON 15 3 = THUNDER
SNOW, ICE PELLETS, HAIL 4 = ICE PELLETS
TOTAL MONTH: M 5 = HAIL
GRTST 24HR M ON M 6 = FREEZING RAIN OR DRIZZLE
GRTST DEPTH: M ON M 7 = DUSTSTORM OR SANDSTORM:
VSBY 1/2 MILE OR LESS
8 = SMOKE OR HAZE
[NO. OF DAYS WITH] [WEATHER - DAYS WITH] 9 = BLOWING SNOW
X = TORNADO
MAX 32 OR BELOW: 0 0.01 INCH OR MORE: 18
MAX 90 OR ABOVE: 0 0.10 INCH OR MORE: 10
MIN 32 OR BELOW: 5 0.50 INCH OR MORE: 2
MIN 0 OR BELOW: 0 1.00 INCH OR MORE: 1
[HDD (BASE 65) ]
TOTAL THIS MO. 491 CLEAR (SCALE 0-3) 6
DPTR FM NORMAL 73 PTCLDY (SCALE 4-7) 19
TOTAL FM JUL 1 4704 CLOUDY (SCALE 8-10) 5
DPTR FM NORMAL -656
[CDD (BASE 65) ]
TOTAL THIS MO. 0
DPTR FM NORMAL -9 [PRESSURE DATA]
TOTAL FM JAN 1 6 HIGHEST SLP 30.31 ON 17
DPTR FM NORMAL -4 LOWEST SLP 29.33 ON 13
[REMARKS]
#FINAL-04-20#