000
CXHW50 PHFO 011250
CF6HNL
PRELIMINARY LOCAL CLIMATOLOGICAL DATA (WS FORM: F-6)
STATION: HONOLULU HI
MONTH: JULY
YEAR: 2022
LATITUDE: 21 21 N
LONGITUDE: 157 56 W
TEMPERATURE IN F: :PCPN: SNOW: WIND :SUNSHINE: SKY :PK WND
================================================================================
1 2 3 4 5 6A 6B 7 8 9 10 11 12 13 14 15 16 17 18
12Z AVG MX 2MIN
DY MAX MIN AVG DEP HDD CDD WTR SNW DPTH SPD SPD DIR MIN PSBL S-S WX SPD DR
================================================================================
1 88 77 83 2 0 18 T M M 17.1 29 60 M M 5 37 70
2 87 77 82 1 0 17 T M M 16.7 25 70 M M 5 35 80
3 83 73 78 -3 0 13 0.17 M M 15.3 26 70 M M 7 1 33 70
4 84 75 80 -1 0 15 T M M 16.9 29 60 M M 7 36 60
5 85 74 80 -1 0 15 0.01 M M 14.5 26 80 M M 6 30 80
6 87 74 81 0 0 16 T M M 13.2 23 70 M M 5 31 40
7 86 72 79 -2 0 14 0.01 M M 12.3 22 40 M M 6 1 28 30
8 84 74 79 -2 0 14 T M M 12.6 22 50 M M 6 28 70
9 87 73 80 -1 0 15 0.01 M M 15.1 26 80 M M 5 1 36 60
10 87 76 82 1 0 17 T M M 15.8 25 60 M M 5 32 50
11 88 76 82 1 0 17 T M M 14.4 24 70 M M 6 30 70
12 87 73 80 -2 0 15 T M M 12.3 24 60 M M 6 31 60
13 88 76 82 0 0 17 0.00 M M 14.7 26 60 M M 4 32 70
14 88 76 82 0 0 17 T M M 14.0 23 60 M M 6 29 70
15 87 76 82 0 0 17 0.00 M M 13.9 25 70 M M 5 29 80
16 89 78 84 2 0 19 0.00 M M 15.6 25 80 M M 6 32 60
17 88 78 83 1 0 18 T M M 16.0 26 70 M M 7 36 80
18 87 76 82 0 0 17 T M M 15.0 32 70 M M 5 38 80
19 87 75 81 -1 0 16 T M M 12.4 23 60 M M 5 31 50
20 86 75 81 -1 0 16 T M M 14.1 28 70 M M 4 33 80
21 88 73 81 -1 0 16 0.04 M M 14.6 26 80 M M 4 1 35 60
22 88 76 82 0 0 17 T M M 13.6 23 60 M M 3 29 50
23 89 75 82 0 0 17 0.00 M M 14.1 24 70 M M 3 29 70
24 88 76 82 0 0 17 0.00 M M 13.4 22 60 M M 3 30 20
25 88 74 81 -1 0 16 T M M 12.9 26 80 M M 4 32 80
26 87 76 82 0 0 17 0.00 M M 13.2 25 70 M M 5 33 70
27 89 75 82 0 0 17 0.00 M M 13.0 23 70 M M 3 29 70
28 87 74 81 -1 0 16 0.00 M M 9.1 21 150 M M 3 8 25 130
29 87 72 80 -2 0 15 0.00 M M 7.4 21 130 M M 3 24 130
30 89 76 83 1 0 18 0.00 M M 14.2 25 60 M M 3 30 60
31 88 77 83 1 0 18 T M M 16.5 26 70 M M 4 33 80
================================================================================
SM 2701 2328 0 507 0.24 M 433.9 M 149
================================================================================
AV 87.1 75.1 14.0 FASTST M M 5 MAX(MPH)
MISC ----> 32 70 38 80
================================================================================
NOTES:
# LAST OF SEVERAL OCCURRENCES
COLUMN 17 PEAK WIND IN M.P.H.
PRELIMINARY LOCAL CLIMATOLOGICAL DATA (WS FORM: F-6) , PAGE 2
STATION: HONOLULU HI
MONTH: JULY
YEAR: 2022
LATITUDE: 21 21 N
LONGITUDE: 157 56 W
[TEMPERATURE DATA] [PRECIPITATION DATA] SYMBOLS USED IN COLUMN 16
AVERAGE MONTHLY: 81.1 TOTAL FOR MONTH: 0.24 1 = FOG OR MIST
DPTR FM NORMAL: -0.5 DPTR FM NORMAL: -0.28 2 = FOG REDUCING VISIBILITY
HIGHEST: 89 ON 30,27 GRTST 24HR 0.17 ON 2- 3 TO 1/4 MILE OR LESS
LOWEST: 72 ON 29, 7 3 = THUNDER
SNOW, ICE PELLETS, HAIL 4 = ICE PELLETS
TOTAL MONTH: M 5 = HAIL
GRTST 24HR M ON M 6 = FREEZING RAIN OR DRIZZLE
GRTST DEPTH: M ON M 7 = DUSTSTORM OR SANDSTORM:
VSBY 1/2 MILE OR LESS
8 = SMOKE OR HAZE
[NO. OF DAYS WITH] [WEATHER - DAYS WITH] 9 = BLOWING SNOW
X = TORNADO
MAX 32 OR BELOW: 0 0.01 INCH OR MORE: 5
MAX 90 OR ABOVE: 0 0.10 INCH OR MORE: 1
MIN 32 OR BELOW: 0 0.50 INCH OR MORE: 0
MIN 0 OR BELOW: 0 1.00 INCH OR MORE: 0
[HDD (BASE 65) ]
TOTAL THIS MO. 0 CLEAR (SCALE 0-3) 5
DPTR FM NORMAL 0 PTCLDY (SCALE 4-7) 26
TOTAL FM JUL 1 0 CLOUDY (SCALE 8-10) 0
DPTR FM NORMAL 0
[CDD (BASE 65) ]
TOTAL THIS MO. 507
DPTR FM NORMAL -8 [PRESSURE DATA]
TOTAL FM JAN 1 2688 HIGHEST SLP 30.14 ON 10
DPTR FM NORMAL 144 LOWEST SLP 29.98 ON 27
[REMARKS]
#FINAL-07-22#