000
CXHW50 PHFO 011250
CF6HNL
PRELIMINARY LOCAL CLIMATOLOGICAL DATA (WS FORM: F-6)
STATION: HONOLULU HI
MONTH: MARCH
YEAR: 2020
LATITUDE: 21 21 N
LONGITUDE: 157 56 W
TEMPERATURE IN F: :PCPN: SNOW: WIND :SUNSHINE: SKY :PK WND
================================================================================
1 2 3 4 5 6A 6B 7 8 9 10 11 12 13 14 15 16 17 18
12Z AVG MX 2MIN
DY MAX MIN AVG DEP HDD CDD WTR SNW DPTH SPD SPD DIR MIN PSBL S-S WX SPD DR
================================================================================
1 80 70 75 1 0 10 0.02 0.0 M 16.1 32 60 M M M 8 41 50
2 81 69 75 1 0 10 0.01 0.0 M 10.7 22 60 M M M 28 60
3 83 68 76 2 0 11 0.00 0.0 M 5.7 15 230 M M M 18 240
4 84 69 77 3 0 12 0.01 0.0 M 7.8 18 230 M M M 21 230
5 84 66 75 1 0 10 0.03 0.0 M 9.2 22 60 M M M 1 26 60
6 82 70 76 2 0 11 0.03 0.0 M 16.4 30 60 M M M 42 80
7 82 70 76 2 0 11 0.01 0.0 M 17.6 29 70 M M M 36 60
8 81 71 76 2 0 11 0.00 0.0 M 14.9 24 70 M M M 30 70
9 80 68 74 0 0 9 T 0.0 M 10.1 22 70 M M M 26 30
10 82 66 74 0 0 9 0.00 0.0 M 4.8 17 140 M M M 21 130
11 82 65 74 0 0 9 T 0.0 M 6.5 20 230 M M M 25 230
12 77 69 73 -1 0 8 0.32 0.0 M 4.5 13 170 M M M 1 17 160
13 80 68 74 0 0 9 0.00 0.0 M 4.9 12 20 M M M 16 10
14 83 69 76 2 0 11 0.00 0.0 M 7.1 16 40 M M M 21 40
15 81 71 76 2 0 11 0.01 0.0 M 7.2 18 130 M M M 22 130
16 81 72 77 3 0 12 0.35 0.0 M 11.5 21 130 M M M 18 29 160
17 76 68 72 -3 0 7 2.42 0.0 M 8.0 31 260 M M M 1 40 260
18 81 68 75 0 0 10 0.26 0.0 M 6.5 21 340 M M M 18 28 340
19 76 69 73 -2 0 8 T 0.0 M 7.6 18 120 M M M 23 140
20 80 67 74 -1 0 9 0.01 0.0 M 5.9 13 210 M M M 1 16 220
21 83 69 76 1 0 11 T 0.0 M 7.8 18 70 M M M 23 70
22 83 73 78 3 0 13 0.00 0.0 M 13.9 24 60 M M M 32 70
23 82 71 77 2 0 12 T 0.0 M 18.1 28 60 M M M 36 60
24 80 70 75 0 0 10 0.01 0.0 M 18.2 28 70 M M M 36 70
25 80 68 74 -1 0 9 0.02 0.0 M 18.7 30 60 M M M 1 39 70
26 79 70 75 0 0 10 T 0.0 M 16.2 30 70 M M M 37 80
27 79 68 74 -1 0 9 0.22 0.0 M 8.9 20 80 M M M 1 23 70
28 82 66 74 -1 0 9 T 0.0 M 9.6 24 70 M M M 32 80
29 82 70 76 1 0 11 0.03 0.0 M 11.5 24 60 M M M 30 80
30 82 72 77 2 0 12 0.00 0.0 M 12.2 21 70 M M M 26 80
31 82 70 76 0 0 11 0.00 0.0 M 8.3 17 70 M M M 22 50
================================================================================
SM 2510 2140 0 315 3.76 0.0 326.4 M M
================================================================================
AV 81.0 69.0 10.5 FASTST M M 0 MAX(MPH)
MISC ----> # 32 60 # 42 80
================================================================================
NOTES:
# LAST OF SEVERAL OCCURRENCES
COLUMN 17 PEAK WIND IN M.P.H.
PRELIMINARY LOCAL CLIMATOLOGICAL DATA (WS FORM: F-6) , PAGE 2
STATION: HONOLULU HI
MONTH: MARCH
YEAR: 2020
LATITUDE: 21 21 N
LONGITUDE: 157 56 W
[TEMPERATURE DATA] [PRECIPITATION DATA] SYMBOLS USED IN COLUMN 16
AVERAGE MONTHLY: 75.0 TOTAL FOR MONTH: 3.76 1 = FOG OR MIST
DPTR FM NORMAL: 0.5 DPTR FM NORMAL: 1.74 2 = FOG REDUCING VISIBILITY
HIGHEST: 84 ON 5, 4 GRTST 24HR 2.42 ON 17-17 TO 1/4 MILE OR LESS
LOWEST: 65 ON 11 3 = THUNDER
SNOW, ICE PELLETS, HAIL 4 = ICE PELLETS
TOTAL MONTH: 0.0 INCH 5 = HAIL
GRTST 24HR 0.0 6 = FREEZING RAIN OR DRIZZLE
GRTST DEPTH: M ON M 7 = DUSTSTORM OR SANDSTORM:
VSBY 1/2 MILE OR LESS
8 = SMOKE OR HAZE
[NO. OF DAYS WITH] [WEATHER - DAYS WITH] 9 = BLOWING SNOW
X = TORNADO
MAX 32 OR BELOW: 0 0.01 INCH OR MORE: 16
MAX 90 OR ABOVE: 0 0.10 INCH OR MORE: 5
MIN 32 OR BELOW: 0 0.50 INCH OR MORE: 1
MIN 0 OR BELOW: 0 1.00 INCH OR MORE: 1
[HDD (BASE 65) ]
TOTAL THIS MO. 0 CLEAR (SCALE 0-3) 0
DPTR FM NORMAL 0 PTCLDY (SCALE 4-7) 0
TOTAL FM JUL 1 0 CLOUDY (SCALE 8-10) 0
DPTR FM NORMAL 0
[CDD (BASE 65) ]
TOTAL THIS MO. 315
DPTR FM NORMAL 22 [PRESSURE DATA]
TOTAL FM JAN 1 950 HIGHEST SLP 30.25 ON 7
DPTR FM NORMAL 175 LOWEST SLP 29.87 ON 12
[REMARKS]
#FINAL-03-20#