000
CDUS43 KFSD 240633
CLIHON


CLIMATE REPORT
NATIONAL WEATHER SERVICE SIOUX FALLS SD
132 AM CDT SUN JUL 24 2016


...................................

...THE HURON SD CLIMATE SUMMARY FOR JULY 23 2016...

CLIMATE NORMAL PERIOD 1981 TO 2010
CLIMATE RECORD PERIOD 1881 TO 2016


WEATHER ITEM   OBSERVED TIME   RECORD YEAR NORMAL DEPARTURE LAST
                VALUE   (LST)  VALUE       VALUE  FROM      YEAR
                                                  NORMAL
..................................................................
TEMPERATURE (F)
 YESTERDAY
  MAXIMUM         94    547 PM 109    2005  87      7       92
  MINIMUM         67   1159 PM  44    1904  62      5       65
                                      1887
  AVERAGE         81                        74      7       79

PRECIPITATION (IN)
  YESTERDAY        0.50          1.57 1926   0.11   0.39     0.08
  MONTH TO DATE    0.99                      2.09  -1.10     1.81
  SINCE JUN 1      2.90                      6.02  -3.12     6.41
  SINCE JAN 1     11.71                     14.00  -2.29    12.35

SNOWFALL (IN)
  YESTERDAY        0.0           0.0    MM   0.0    0.0      0.0
  MONTH TO DATE    0.0                       0.0    0.0      0.0
  SINCE JUN 1      0.0                       0.0    0.0       T
  SINCE JUL 1      0.0                       0.0    0.0      0.0
  SNOW DEPTH       0

DEGREE DAYS
 HEATING
  YESTERDAY        0                         0      0        0
  MONTH TO DATE    6                         0      6        4
  SINCE JUN 1     23                        51    -28       15
  SINCE JUL 1      6                         0      6        4

 COOLING
  YESTERDAY       16                         9      7       14
  MONTH TO DATE  224                       201     23      204
  SINCE JUN 1    452                       334    118      354
  SINCE JAN 1    483                       367    116      374
..................................................................


WIND (MPH)
  HIGHEST WIND SPEED    26   HIGHEST WIND DIRECTION    NW (330)
  HIGHEST GUST SPEED    33   HIGHEST GUST DIRECTION    NW (330)
  AVERAGE WIND SPEED    10.6


SKY COVER
  POSSIBLE SUNSHINE  MM
  AVERAGE SKY COVER 0.2


WEATHER CONDITIONS
 THE FOLLOWING WEATHER WAS RECORDED YESTERDAY.
  THUNDERSTORM
  HEAVY RAIN
  RAIN
  LIGHT RAIN
  FOG


RELATIVE HUMIDITY (PERCENT)
 HIGHEST    93           800 AM
 LOWEST     46           300 PM
 AVERAGE    70

..........................................................


THE HURON SD CLIMATE NORMALS FOR TODAY
                         NORMAL    RECORD    YEAR
 MAXIMUM TEMPERATURE (F)   86       110      1940
 MINIMUM TEMPERATURE (F)   62        41      1891


SUNRISE AND SUNSET
JULY 24 2016..........SUNRISE   612 AM CDT   SUNSET   906 PM CDT
JULY 25 2016..........SUNRISE   613 AM CDT   SUNSET   905 PM CDT


-  INDICATES NEGATIVE NUMBERS.
R  INDICATES RECORD WAS SET OR TIED.
MM INDICATES DATA IS MISSING.
T  INDICATES TRACE AMOUNT.




$$
