000
CDUS43 KFSD 310628
CLIHON


CLIMATE REPORT
NATIONAL WEATHER SERVICE SIOUX FALLS SD
126 AM CDT MON AUG 31 2015


...................................

...THE HURON SD CLIMATE SUMMARY FOR AUGUST 30 2015...

CLIMATE NORMAL PERIOD 1981 TO 2010
CLIMATE RECORD PERIOD 1881 TO 2015


WEATHER ITEM   OBSERVED TIME   RECORD YEAR NORMAL DEPARTURE LAST
                VALUE   (LST)  VALUE       VALUE  FROM      YEAR
                                                  NORMAL
..................................................................
TEMPERATURE (F)
 YESTERDAY
  MAXIMUM         85    309 PM 102    1898  81      4       72
  MINIMUM         63    749 AM  36    1893  56      7       59
  AVERAGE         74                        69      5       66

PRECIPITATION (IN)
  YESTERDAY        0.00          1.29 1999   0.07  -0.07     0.00
  MONTH TO DATE    5.04                      2.36   2.68     3.03
  SINCE JUN 1     13.25                      9.21   4.04     9.07
  SINCE JAN 1     19.19                     17.19   2.00    13.56

SNOWFALL (IN)
  YESTERDAY        0.0           0.0    MM   0.0    0.0      0.0
  MONTH TO DATE    0.0                       0.0    0.0      0.0
  SINCE JUN 1      T                         0.0    0.0      0.0
  SINCE JUL 1      0.0                       0.0    0.0      0.0
  SNOW DEPTH       0

DEGREE DAYS
 HEATING
  YESTERDAY        0                         2     -2        0
  MONTH TO DATE   36                        16     20       10
  SINCE JUN 1     51                        75    -24       73
  SINCE JUL 1     40                        24     16       33

 COOLING
  YESTERDAY        9                         5      4        1
  MONTH TO DATE  193                       221    -28      176
  SINCE JUN 1    625                       631     -6      456
  SINCE JAN 1    645                       664    -19      518
..................................................................


WIND (MPH)
  HIGHEST WIND SPEED    23   HIGHEST WIND DIRECTION    SE (150)
  HIGHEST GUST SPEED    30   HIGHEST GUST DIRECTION     S (170)
  AVERAGE WIND SPEED    14.4


SKY COVER
  POSSIBLE SUNSHINE  MM
  AVERAGE SKY COVER 0.0


WEATHER CONDITIONS
 THE FOLLOWING WEATHER WAS RECORDED YESTERDAY.
  NO SIGNIFICANT WEATHER WAS OBSERVED.


RELATIVE HUMIDITY (PERCENT)
 HIGHEST   100           300 AM
 LOWEST     55           200 PM
 AVERAGE    78

..........................................................


THE HURON SD CLIMATE NORMALS FOR TODAY
                         NORMAL    RECORD    YEAR
 MAXIMUM TEMPERATURE (F)   81        99      1948
 MINIMUM TEMPERATURE (F)   56        33      1886


SUNRISE AND SUNSET
AUGUST 31 2015........SUNRISE   654 AM CDT   SUNSET   811 PM CDT
SEPTEMBER  1 2015.....SUNRISE   655 AM CDT   SUNSET   810 PM CDT


-  INDICATES NEGATIVE NUMBERS.
R  INDICATES RECORD WAS SET OR TIED.
MM INDICATES DATA IS MISSING.
T  INDICATES TRACE AMOUNT.




$$
