000
CDUS43 KFSD 300640
CLIHON


CLIMATE REPORT
NATIONAL WEATHER SERVICE SIOUX FALLS SD
140 AM CDT WED JUL 30 2014


...................................

...THE HURON SD CLIMATE SUMMARY FOR JULY 29 2014...

CLIMATE NORMAL PERIOD 1981 TO 2010
CLIMATE RECORD PERIOD 1881 TO 2014


WEATHER ITEM   OBSERVED TIME   RECORD YEAR NORMAL DEPARTURE LAST
                VALUE   (LST)  VALUE       VALUE  FROM      YEAR
                                                  NORMAL
..................................................................
TEMPERATURE (F)
 YESTERDAY
  MAXIMUM         79    424 PM 110    1933  86     -7       70
  MINIMUM         48    555 AM  42    1971  62    -14       55
  AVERAGE         64                        74    -10       63

PRECIPITATION (IN)
  YESTERDAY        0.00          2.06 1882   0.10  -0.10     0.08
  MONTH TO DATE    3.67                      2.71   0.96     1.93
  SINCE JUN 1      6.04                      6.64  -0.60     5.39
  SINCE JAN 1     10.53                     14.62  -4.09    15.98

SNOWFALL (IN)
  YESTERDAY        0.0           0.0    MM   0.0    0.0      0.0
  MONTH TO DATE    0.0                       0.0    0.0      0.0
  SINCE JUN 1      0.0                       0.0    0.0      0.0
  SINCE JUL 1      0.0                       0.0    0.0      0.0
  SNOW DEPTH       0

DEGREE DAYS
 HEATING
  YESTERDAY        1                         0      1        2
  MONTH TO DATE   23                         0     23       21
  SINCE JUN 1     63                        51     12       87
  SINCE JUL 1     23                         0     23       21

 COOLING
  YESTERDAY        0                         9     -9        0
  MONTH TO DATE  170                       255    -85      250
  SINCE JUN 1    273                       388   -115      385
  SINCE JAN 1    335                       421    -86      423
..................................................................


WIND (MPH)
  HIGHEST WIND SPEED    14   HIGHEST WIND DIRECTION     N (360)
  HIGHEST GUST SPEED    19   HIGHEST GUST DIRECTION     N (10)
  AVERAGE WIND SPEED     2.7


SKY COVER
  POSSIBLE SUNSHINE  MM
  AVERAGE SKY COVER 0.3


WEATHER CONDITIONS
 THE FOLLOWING WEATHER WAS RECORDED YESTERDAY.
  FOG
  FOG W/VISIBILITY <= 1/4 MILE


RELATIVE HUMIDITY (PERCENT)
 HIGHEST    93           200 AM
 LOWEST     36           200 PM
 AVERAGE    65

..........................................................


THE HURON SD CLIMATE NORMALS FOR TODAY
                         NORMAL    RECORD    YEAR
 MAXIMUM TEMPERATURE (F)   86       108      2006
 MINIMUM TEMPERATURE (F)   62        37      1971


SUNRISE AND SUNSET
JULY 30 2014..........SUNRISE   618 AM CDT   SUNSET   900 PM CDT
JULY 31 2014..........SUNRISE   619 AM CDT   SUNSET   859 PM CDT


-  INDICATES NEGATIVE NUMBERS.
R  INDICATES RECORD WAS SET OR TIED.
MM INDICATES DATA IS MISSING.
T  INDICATES TRACE AMOUNT.




$$
