000
CDUS43 KFSD 010643
CLIHON


CLIMATE REPORT
NATIONAL WEATHER SERVICE SIOUX FALLS SD
143 AM CDT WED OCT 1 2014


...................................

...THE HURON SD CLIMATE SUMMARY FOR SEPTEMBER 30 2014...

CLIMATE NORMAL PERIOD 1981 TO 2010
CLIMATE RECORD PERIOD 1881 TO 2014


WEATHER ITEM   OBSERVED TIME   RECORD YEAR NORMAL DEPARTURE LAST
                VALUE   (LST)  VALUE       VALUE  FROM      YEAR
                                                  NORMAL
..................................................................
TEMPERATURE (F)
 YESTERDAY
  MAXIMUM         77    438 PM  92    1989  68      9       86
  MINIMUM         54    608 AM  19    1974  42     12       53
  AVERAGE         66                        55     11       70

PRECIPITATION (IN)
  YESTERDAY        0.36          1.07 1995   0.07   0.29     0.00
  MONTH TO DATE    1.10                      2.46  -1.36     1.41
  SINCE SEP 1      1.10                      2.46  -1.36     1.41
  SINCE JAN 1     14.66                     19.72  -5.06    18.61

SNOWFALL (IN)
  YESTERDAY        0.0           T    1944   0.0    0.0      0.0
  MONTH TO DATE    0.0                       0.0    0.0      0.0
  SINCE SEP 1      0.0                       0.0    0.0      0.0
  SINCE JUL 1      0.0                       0.0    0.0      0.0
  SNOW DEPTH       0

DEGREE DAYS
 HEATING
  YESTERDAY        0                        11    -11        0
  MONTH TO DATE  139                       167    -28       53
  SINCE SEP 1    139                       167    -28       53
  SINCE JUL 1    172                       196    -24       75

 COOLING
  YESTERDAY        1                         0      1        5
  MONTH TO DATE   74                        69      5      160
  SINCE SEP 1     74                        69      5      160
  SINCE JAN 1    597                       738   -141      848
..................................................................


WIND (MPH)
  HIGHEST WIND SPEED    25   HIGHEST WIND DIRECTION    SE (150)
  HIGHEST GUST SPEED    35   HIGHEST GUST DIRECTION    SE (140)
  AVERAGE WIND SPEED    15.0


SKY COVER
  POSSIBLE SUNSHINE  MM
  AVERAGE SKY COVER 0.6


WEATHER CONDITIONS
 THE FOLLOWING WEATHER WAS RECORDED YESTERDAY.
  HEAVY RAIN
  RAIN
  LIGHT RAIN
  FOG


RELATIVE HUMIDITY (PERCENT)
 HIGHEST    93           900 AM
 LOWEST     38           400 PM
 AVERAGE    66

..........................................................


THE HURON SD CLIMATE NORMALS FOR TODAY
                         NORMAL    RECORD    YEAR
 MAXIMUM TEMPERATURE (F)   68        94      1892
 MINIMUM TEMPERATURE (F)   41        20      2003


SUNRISE AND SUNSET
OCTOBER  1 2014.......SUNRISE   731 AM CDT   SUNSET   714 PM CDT
OCTOBER  2 2014.......SUNRISE   732 AM CDT   SUNSET   712 PM CDT


-  INDICATES NEGATIVE NUMBERS.
R  INDICATES RECORD WAS SET OR TIED.
MM INDICATES DATA IS MISSING.
T  INDICATES TRACE AMOUNT.




$$
