000
CDUS43 KFSD 132222
CLIHON


CLIMATE REPORT
NATIONAL WEATHER SERVICE SIOUX FALLS SD
421 PM CST MON NOV 13 2017


...................................

...THE HURON SD CLIMATE SUMMARY FOR NOVEMBER 13 2017...
VALID TODAY AS OF 0400 PM LOCAL TIME.

CLIMATE NORMAL PERIOD 1981 TO 2010
CLIMATE RECORD PERIOD 1881 TO 2017


WEATHER ITEM   OBSERVED TIME   RECORD YEAR NORMAL DEPARTURE LAST
                VALUE   (LST)  VALUE       VALUE  FROM      YEAR
                                                  NORMAL
..................................................................
TEMPERATURE (F)
 TODAY
  MAXIMUM         56    334 PM  75    1999  45     11       73
  MINIMUM         31    231 AM -11    1940  24      7       34
  AVERAGE         44                        34     10       54

PRECIPITATION (IN)
  TODAY            0.00          0.68 1922   0.03  -0.03     0.00
  MONTH TO DATE    0.08                      0.44  -0.36      T
  SINCE SEP 1      7.83                      4.69   3.14     2.34
  SINCE JAN 1     20.14                     21.95  -1.81    16.89

SNOWFALL (IN)
  TODAY            0.0           6.0  1922   0.2   -0.2      0.0
  MONTH TO DATE    1.3                       2.2   -0.9      0.0
  SINCE SEP 1      1.3                       3.3   -2.0      0.0
  SINCE JUL 1      1.3                       3.3   -2.0      0.0
  SNOW DEPTH       0

DEGREE DAYS
 HEATING
  TODAY           21                        31    -10       11
  MONTH TO DATE  444                       357     87      185
  SINCE SEP 1   1079                      1058     21      677
  SINCE JUL 1   1088                      1087      1      694

 COOLING
  TODAY            0                         0      0        0
  MONTH TO DATE    0                         0      0        0
  SINCE SEP 1    110                        73     37       81
  SINCE JAN 1    730                       742    -12      887
..................................................................


WIND (MPH)
  HIGHEST WIND SPEED    21   HIGHEST WIND DIRECTION     S (170)
  HIGHEST GUST SPEED    28   HIGHEST GUST DIRECTION    SE (140)
  AVERAGE WIND SPEED    14.0


SKY COVER
  POSSIBLE SUNSHINE  MM
  AVERAGE SKY COVER 0.0


WEATHER CONDITIONS
 THE FOLLOWING WEATHER WAS RECORDED TODAY.
  NO SIGNIFICANT WEATHER WAS OBSERVED.


RELATIVE HUMIDITY (PERCENT)
 HIGHEST    85           200 AM
 LOWEST     55           300 PM
 AVERAGE    70

..........................................................


THE HURON SD CLIMATE NORMALS FOR TOMORROW
                         NORMAL    RECORD    YEAR
 MAXIMUM TEMPERATURE (F)   44        71      1942
                                             1939
 MINIMUM TEMPERATURE (F)   23       -18      1959


SUNRISE AND SUNSET
NOVEMBER 13 2017......SUNRISE   727 AM CST   SUNSET   507 PM CST
NOVEMBER 14 2017......SUNRISE   728 AM CST   SUNSET   506 PM CST


-  INDICATES NEGATIVE NUMBERS.
R  INDICATES RECORD WAS SET OR TIED.
MM INDICATES DATA IS MISSING.
T  INDICATES TRACE AMOUNT.




$$
