000
CDUS43 KFSD 222230
CLIHON


CLIMATE REPORT
NATIONAL WEATHER SERVICE SIOUX FALLS SD
530 PM CDT FRI MAY 22 2015


...................................

...THE HURON SD CLIMATE SUMMARY FOR MAY 22 2015...
VALID TODAY AS OF 0500 PM LOCAL TIME.

CLIMATE NORMAL PERIOD 1981 TO 2010
CLIMATE RECORD PERIOD 1881 TO 2015


WEATHER ITEM   OBSERVED TIME   RECORD YEAR NORMAL DEPARTURE LAST
                VALUE   (LST)  VALUE       VALUE  FROM      YEAR
                                                  NORMAL
..................................................................
TEMPERATURE (F)
 TODAY
  MAXIMUM         75    300 PM  92    1967  72      3       78
  MINIMUM         42    543 AM  21    1963  48     -6       44
  AVERAGE         59                        60     -1       61

PRECIPITATION (IN)
  TODAY            0.00          1.43 2010   0.10  -0.10     0.00
  MONTH TO DATE    4.45                      2.13   2.32     1.24
  SINCE MAR 1      5.21                      5.90  -0.69     3.12
  SINCE JAN 1      5.82                      7.00  -1.18     3.68

SNOWFALL (IN)
  TODAY            0.0           0.0    MM   0.0    0.0      0.0
  MONTH TO DATE    0.0                       0.1   -0.1      0.0
  SINCE MAR 1      1.2                      13.0  -11.8      6.9
  SINCE JUL 1     22.8                      44.0  -21.2     28.6
  SNOW DEPTH       0

DEGREE DAYS
 HEATING
  TODAY            6                         6      0        4
  MONTH TO DATE  205                       199      6      274
  SINCE MAR 1   1506                      1745   -239     1967
  SINCE JUL 1   7443                      7577   -134     8287

 COOLING
  TODAY            0                         1     -1        0
  MONTH TO DATE    8                        19    -11        4
  SINCE MAR 1     10                        23    -13        4
  SINCE JAN 1     10                        23    -13        4
..................................................................


WIND (MPH)
  HIGHEST WIND SPEED    17   HIGHEST WIND DIRECTION     S (190)
  HIGHEST GUST SPEED    23   HIGHEST GUST DIRECTION     S (200)
  AVERAGE WIND SPEED     4.2


SKY COVER
  POSSIBLE SUNSHINE  MM
  AVERAGE SKY COVER 0.0


WEATHER CONDITIONS
 THE FOLLOWING WEATHER WAS RECORDED TODAY.
  NO SIGNIFICANT WEATHER WAS OBSERVED.


RELATIVE HUMIDITY (PERCENT)
 HIGHEST    89           200 AM
 LOWEST     25           100 PM
 AVERAGE    57

..........................................................


THE HURON SD CLIMATE NORMALS FOR TOMORROW
                         NORMAL    RECORD    YEAR
 MAXIMUM TEMPERATURE (F)   72        97      1926
 MINIMUM TEMPERATURE (F)   49        32      1947


SUNRISE AND SUNSET
MAY 22 2015...........SUNRISE   559 AM CDT   SUNSET   901 PM CDT
MAY 23 2015...........SUNRISE   558 AM CDT   SUNSET   902 PM CDT


-  INDICATES NEGATIVE NUMBERS.
R  INDICATES RECORD WAS SET OR TIED.
MM INDICATES DATA IS MISSING.
T  INDICATES TRACE AMOUNT.




$$
