494
CDUS43 KFSD 240626
CLIHON


CLIMATE REPORT
NATIONAL WEATHER SERVICE SIOUX FALLS SD
125 AM CDT MON APR 24 2017


...................................

...THE HURON SD CLIMATE SUMMARY FOR APRIL 23 2017...

CLIMATE NORMAL PERIOD 1981 TO 2010
CLIMATE RECORD PERIOD 1881 TO 2017


WEATHER ITEM   OBSERVED TIME   RECORD YEAR NORMAL DEPARTURE LAST
                VALUE   (LST)  VALUE       VALUE  FROM      YEAR
                                                  NORMAL
..................................................................
TEMPERATURE (F)
 YESTERDAY
  MAXIMUM         74    313 PM  91    2009  63     11       80
  MINIMUM         35    532 AM   8    2013  37     -2       49
  AVERAGE         55                        50      5       65

PRECIPITATION (IN)
  YESTERDAY        0.00          1.23 2010   0.08  -0.08     0.00
  MONTH TO DATE    1.18                      1.69  -0.51     1.73
  SINCE MAR 1      1.95                      3.15  -1.20     2.80
  SINCE JAN 1      2.75                      4.25  -1.50     3.67

SNOWFALL (IN)
  YESTERDAY        0.0           2.8  2001   0.1   -0.1      0.0
  MONTH TO DATE    T                         3.6   -3.6       T
  SINCE MAR 1     13.9                      12.5    1.4      2.3
  SINCE JUL 1     35.9                      43.5   -7.6     33.0
  SNOW DEPTH       0

DEGREE DAYS
 HEATING
  YESTERDAY       10                        15     -5        0
  MONTH TO DATE  376                       462    -86      409
  SINCE MAR 1   1323                      1449   -126     1156
  SINCE JUL 1   6472                      7281   -809     6232

 COOLING
  YESTERDAY        0                         0      0        0
  MONTH TO DATE    0                         0      0        0
  SINCE MAR 1      0                         0      0        0
  SINCE JAN 1      0                         0      0        0
..................................................................


WIND (MPH)
  HIGHEST WIND SPEED    26   HIGHEST WIND DIRECTION    SW (210)
  HIGHEST GUST SPEED    34   HIGHEST GUST DIRECTION    SW (220)
  AVERAGE WIND SPEED    11.6


SKY COVER
  POSSIBLE SUNSHINE  MM
  AVERAGE SKY COVER 0.0


WEATHER CONDITIONS
 THE FOLLOWING WEATHER WAS RECORDED YESTERDAY.
  NO SIGNIFICANT WEATHER WAS OBSERVED.


RELATIVE HUMIDITY (PERCENT)
 HIGHEST    92           600 AM
 LOWEST     20           300 PM
 AVERAGE    56

..........................................................


THE HURON SD CLIMATE NORMALS FOR TODAY
                         NORMAL    RECORD    YEAR
 MAXIMUM TEMPERATURE (F)   63        90      1906
 MINIMUM TEMPERATURE (F)   37        21      2005


SUNRISE AND SUNSET
APRIL 24 2017.........SUNRISE   634 AM CDT   SUNSET   829 PM CDT
APRIL 25 2017.........SUNRISE   632 AM CDT   SUNSET   830 PM CDT


-  INDICATES NEGATIVE NUMBERS.
R  INDICATES RECORD WAS SET OR TIED.
MM INDICATES DATA IS MISSING.
T  INDICATES TRACE AMOUNT.




$$
