000
CDUS43 KFSD 240637
CLIHON


CLIMATE REPORT
NATIONAL WEATHER SERVICE SIOUX FALLS SD
1235 AM CST MON NOV 24 2014


...................................

...THE HURON SD CLIMATE SUMMARY FOR NOVEMBER 23 2014...

CLIMATE NORMAL PERIOD 1981 TO 2010
CLIMATE RECORD PERIOD 1881 TO 2014


WEATHER ITEM   OBSERVED TIME   RECORD YEAR NORMAL DEPARTURE LAST
                VALUE   (LST)  VALUE       VALUE  FROM      YEAR
                                                  NORMAL
..................................................................
TEMPERATURE (F)
 YESTERDAY
  MAXIMUM         42    245 PM  59    1902  38      4       18
  MINIMUM         22   1159 PM -19    1985  18      4       -1
  AVERAGE         32                        28      4        9

PRECIPITATION (IN)
  YESTERDAY        0.00          0.91 2001   0.03  -0.03     0.00
  MONTH TO DATE    0.72                      0.72   0.00     0.16
  SINCE SEP 1      2.10                      4.97  -2.87     6.98
  SINCE JAN 1     15.66                     22.23  -6.57    24.18

SNOWFALL (IN)
  YESTERDAY        0.0           2.5  2003   0.3   -0.3      0.0
  MONTH TO DATE    7.7                       5.2    2.5      1.6
  SINCE SEP 1      7.7                       6.3    1.4      2.5
  SINCE JUL 1      7.7                       6.3    1.4      2.5
  SNOW DEPTH       2

DEGREE DAYS
 HEATING
  YESTERDAY       33                        37     -4       56
  MONTH TO DATE  876                       699    177      719
  SINCE SEP 1   1490                      1400     90     1336
  SINCE JUL 1   1523                      1429     94     1358

 COOLING
  YESTERDAY        0                         0      0        0
  MONTH TO DATE    0                         0      0        0
  SINCE SEP 1     74                        73      1      160
  SINCE JAN 1    597                       742   -145      848
..................................................................


WIND (MPH)
  HIGHEST WIND SPEED    33   HIGHEST WIND DIRECTION    NW (330)
  HIGHEST GUST SPEED    41   HIGHEST GUST DIRECTION    NW (330)
  AVERAGE WIND SPEED    16.1


SKY COVER
  POSSIBLE SUNSHINE  MM
  AVERAGE SKY COVER 0.9


WEATHER CONDITIONS
 THE FOLLOWING WEATHER WAS RECORDED YESTERDAY.
  NO SIGNIFICANT WEATHER WAS OBSERVED.


RELATIVE HUMIDITY (PERCENT)
 HIGHEST    89           400 AM
 LOWEST     59           300 PM
 AVERAGE    74

..........................................................


THE HURON SD CLIMATE NORMALS FOR TODAY
                         NORMAL    RECORD    YEAR
 MAXIMUM TEMPERATURE (F)   38        70      1923
 MINIMUM TEMPERATURE (F)   18       -15      1985


SUNRISE AND SUNSET
NOVEMBER 24 2014......SUNRISE   740 AM CST   SUNSET   458 PM CST
NOVEMBER 25 2014......SUNRISE   742 AM CST   SUNSET   458 PM CST


-  INDICATES NEGATIVE NUMBERS.
R  INDICATES RECORD WAS SET OR TIED.
MM INDICATES DATA IS MISSING.
T  INDICATES TRACE AMOUNT.




$$
