000
CDUS43 KFSD 212225
CLIHON


CLIMATE REPORT
NATIONAL WEATHER SERVICE SIOUX FALLS SD
525 PM CDT MON APR 21 2014


...................................

...THE HURON SD CLIMATE SUMMARY FOR APRIL 21 2014...
VALID TODAY AS OF 0500 PM LOCAL TIME.

CLIMATE NORMAL PERIOD 1981 TO 2010
CLIMATE RECORD PERIOD 1881 TO 2014


WEATHER ITEM   OBSERVED TIME   RECORD YEAR NORMAL DEPARTURE LAST
                VALUE   (LST)  VALUE       VALUE  FROM      YEAR
                                                  NORMAL
..................................................................
TEMPERATURE (F)
 TODAY
  MAXIMUM         66    323 PM  97    1980  62      4       45
  MINIMUM         39    546 AM  13    1927  36      3       26
  AVERAGE         53                        49      4       36

PRECIPITATION (IN)
  TODAY            0.00          1.19 1964   0.08  -0.08     0.09
  MONTH TO DATE    0.18                      1.53  -1.35     2.55
  SINCE MAR 1      0.65                      2.99  -2.34     3.33
  SINCE JAN 1      1.21                      4.09  -2.88     4.71

SNOWFALL (IN)
  TODAY            0.0           1.4  2002   0.1   -0.1      0.0
  MONTH TO DATE    2.2                       3.4   -1.2     15.9
  SINCE MAR 1      6.9                      12.3   -5.4     23.1
  SINCE JUL 1     28.6                      43.3  -14.7     56.3
  SNOW DEPTH       0

DEGREE DAYS
 HEATING
  TODAY           12                        16     -4       29
  MONTH TO DATE  468                       431     37      652
  SINCE MAR 1   1569                      1418    151     1890
  SINCE JUL 1   7889                      7250    639     7716

 COOLING
  TODAY            0                         0      0        0
  MONTH TO DATE    0                         0      0        0
  SINCE MAR 1      0                         0      0        0
  SINCE JAN 1      0                         0      0        0
..................................................................


WIND (MPH)
  HIGHEST WIND SPEED    26   HIGHEST WIND DIRECTION     N (350)
  HIGHEST GUST SPEED    33   HIGHEST GUST DIRECTION    NW (320)
  AVERAGE WIND SPEED    16.1


SKY COVER
  POSSIBLE SUNSHINE  MM
  AVERAGE SKY COVER 0.0


WEATHER CONDITIONS
 THE FOLLOWING WEATHER WAS RECORDED TODAY.
  NO SIGNIFICANT WEATHER WAS OBSERVED.


RELATIVE HUMIDITY (PERCENT)
 HIGHEST    76           400 AM
 LOWEST     30           400 PM
 AVERAGE    53

..........................................................


THE HURON SD CLIMATE NORMALS FOR TOMORROW
                         NORMAL    RECORD    YEAR
 MAXIMUM TEMPERATURE (F)   62        92      1990
 MINIMUM TEMPERATURE (F)   37        23      1927
                                             1909


SUNRISE AND SUNSET
APRIL 21 2014.........SUNRISE   639 AM CDT   SUNSET   825 PM CDT
APRIL 22 2014.........SUNRISE   637 AM CDT   SUNSET   826 PM CDT


-  INDICATES NEGATIVE NUMBERS.
R  INDICATES RECORD WAS SET OR TIED.
MM INDICATES DATA IS MISSING.
T  INDICATES TRACE AMOUNT.




$$
