000
CDUS43 KFSD 260638
CLIHON


CLIMATE REPORT
NATIONAL WEATHER SERVICE SIOUX FALLS SD
137 AM CDT WED AUG 26 2015


...................................

...THE HURON SD CLIMATE SUMMARY FOR AUGUST 25 2015...

CLIMATE NORMAL PERIOD 1981 TO 2010
CLIMATE RECORD PERIOD 1881 TO 2015


WEATHER ITEM   OBSERVED TIME   RECORD YEAR NORMAL DEPARTURE LAST
                VALUE   (LST)  VALUE       VALUE  FROM      YEAR
                                                  NORMAL
..................................................................
TEMPERATURE (F)
 YESTERDAY
  MAXIMUM         74    442 PM 106    1991  83     -9       75
  MINIMUM         44    557 AM  42    1934  58    -14       51
                                      1911
  AVERAGE         59                        70    -11       63

PRECIPITATION (IN)
  YESTERDAY        0.00          2.19 1960   0.07  -0.07     0.00
  MONTH TO DATE    4.96                      2.02   2.94     2.36
  SINCE JUN 1     13.17                      8.87   4.30     8.40
  SINCE JAN 1     19.11                     16.85   2.26    12.89

SNOWFALL (IN)
  YESTERDAY        0.0           0.0    MM   0.0    0.0      0.0
  MONTH TO DATE    0.0                       0.0    0.0      0.0
  SINCE JUN 1      T                         0.0    0.0      0.0
  SINCE JUL 1      0.0                       0.0    0.0      0.0
  SNOW DEPTH       0

DEGREE DAYS
 HEATING
  YESTERDAY        6                         1      5        2
  MONTH TO DATE   36                         9     27        3
  SINCE JUN 1     51                        68    -17       66
  SINCE JUL 1     40                        17     23       26

 COOLING
  YESTERDAY        0                         6     -6        0
  MONTH TO DATE  162                       193    -31      156
  SINCE JUN 1    594                       603     -9      436
  SINCE JAN 1    614                       636    -22      498
..................................................................


WIND (MPH)
  HIGHEST WIND SPEED    13   HIGHEST WIND DIRECTION    SE (130)
  HIGHEST GUST SPEED    16   HIGHEST GUST DIRECTION    SE (140)
  AVERAGE WIND SPEED     3.9


SKY COVER
  POSSIBLE SUNSHINE  MM
  AVERAGE SKY COVER 0.0


WEATHER CONDITIONS
 THE FOLLOWING WEATHER WAS RECORDED YESTERDAY.
  NO SIGNIFICANT WEATHER WAS OBSERVED.


RELATIVE HUMIDITY (PERCENT)
 HIGHEST   100           300 AM
 LOWEST     41           200 PM
 AVERAGE    71

..........................................................


THE HURON SD CLIMATE NORMALS FOR TODAY
                         NORMAL    RECORD    YEAR
 MAXIMUM TEMPERATURE (F)   82       104      1976
 MINIMUM TEMPERATURE (F)   57        38      1910


SUNRISE AND SUNSET
AUGUST 26 2015........SUNRISE   648 AM CDT   SUNSET   820 PM CDT
AUGUST 27 2015........SUNRISE   650 AM CDT   SUNSET   818 PM CDT


-  INDICATES NEGATIVE NUMBERS.
R  INDICATES RECORD WAS SET OR TIED.
MM INDICATES DATA IS MISSING.
T  INDICATES TRACE AMOUNT.




$$
