000
CDUS43 KFSD 172226
CLIHON


CLIMATE REPORT
NATIONAL WEATHER SERVICE SIOUX FALLS SD
525 PM CDT THU APR 17 2014


...................................

...THE HURON SD CLIMATE SUMMARY FOR APRIL 17 2014...
VALID TODAY AS OF 0500 PM LOCAL TIME.

CLIMATE NORMAL PERIOD 1981 TO 2010
CLIMATE RECORD PERIOD 1881 TO 2014


WEATHER ITEM   OBSERVED TIME   RECORD YEAR NORMAL DEPARTURE LAST
                VALUE   (LST)  VALUE       VALUE  FROM      YEAR
                                                  NORMAL
..................................................................
TEMPERATURE (F)
 TODAY
  MAXIMUM         45    357 PM  87    1987  60    -15       36
                                      1985
  MINIMUM         13    513 AM  12    1953  35    -22       28
  AVERAGE         29                        47    -18       32

PRECIPITATION (IN)
  TODAY            0.00          1.12 1896   0.07  -0.07     0.05
  MONTH TO DATE    0.17                      1.21  -1.04     2.05
  SINCE MAR 1      0.64                      2.67  -2.03     2.83
  SINCE JAN 1      1.20                      3.77  -2.57     4.21

SNOWFALL (IN)
  TODAY            0.0           2.2  1910   0.2   -0.2      0.5
  MONTH TO DATE    2.2                       2.9   -0.7     11.6
  SINCE MAR 1      6.9                      11.8   -4.9     18.8
  SINCE JUL 1     28.6                      42.8  -14.2     52.0
  SNOW DEPTH       1

DEGREE DAYS
 HEATING
  TODAY           36                        18     18       33
  MONTH TO DATE  426                       364     62      515
  SINCE MAR 1   1527                      1351    176     1753
  SINCE JUL 1   7847                      7183    664     7579

 COOLING
  TODAY            0                         0      0        0
  MONTH TO DATE    0                         0      0        0
  SINCE MAR 1      0                         0      0        0
  SINCE JAN 1      0                         0      0        0
..................................................................


WIND (MPH)
  HIGHEST WIND SPEED    12   HIGHEST WIND DIRECTION    SE (130)
  HIGHEST GUST SPEED    15   HIGHEST GUST DIRECTION    SW (210)
  AVERAGE WIND SPEED     5.5


SKY COVER
  POSSIBLE SUNSHINE  MM
  AVERAGE SKY COVER 0.0


WEATHER CONDITIONS
 THE FOLLOWING WEATHER WAS RECORDED TODAY.
  NO SIGNIFICANT WEATHER WAS OBSERVED.


RELATIVE HUMIDITY (PERCENT)
 HIGHEST    92          1200 AM
 LOWEST     33           300 PM
 AVERAGE    63

..........................................................


THE HURON SD CLIMATE NORMALS FOR TOMORROW
                         NORMAL    RECORD    YEAR
 MAXIMUM TEMPERATURE (F)   60        91      1985
 MINIMUM TEMPERATURE (F)   35        14      1988


SUNRISE AND SUNSET
APRIL 17 2014.........SUNRISE   646 AM CDT   SUNSET   820 PM CDT
APRIL 18 2014.........SUNRISE   644 AM CDT   SUNSET   821 PM CDT


-  INDICATES NEGATIVE NUMBERS.
R  INDICATES RECORD WAS SET OR TIED.
MM INDICATES DATA IS MISSING.
T  INDICATES TRACE AMOUNT.




$$
