000
CDUS43 KFSD 150630
CLIHON


CLIMATE REPORT
NATIONAL WEATHER SERVICE SIOUX FALLS SD
1226 AM CST MON DEC 15 2014


...................................

...THE HURON SD CLIMATE SUMMARY FOR DECEMBER 14 2014...

CLIMATE NORMAL PERIOD 1981 TO 2010
CLIMATE RECORD PERIOD 1881 TO 2014


WEATHER ITEM   OBSERVED TIME   RECORD YEAR NORMAL DEPARTURE LAST
                VALUE   (LST)  VALUE       VALUE  FROM      YEAR
                                                  NORMAL
..................................................................
TEMPERATURE (F)
 YESTERDAY
  MAXIMUM         52    949 AM  64    1998  29     23       15
  MINIMUM         32   1159 PM -22    1901   9     23        3
  AVERAGE         42                        19     23        9

PRECIPITATION (IN)
  YESTERDAY        0.01          0.46 1996   0.01   0.00      T
  MONTH TO DATE    0.01                      0.24  -0.23     0.48
  SINCE DEC 1      0.01                      0.24  -0.23     0.48
  SINCE JAN 1     15.69                     22.62  -6.93    24.66

SNOWFALL (IN)
  YESTERDAY        0.0           7.7  1996   0.3   -0.3      0.1
  MONTH TO DATE    0.0                       3.7   -3.7      5.3
  SINCE DEC 1      0.0                       3.7   -3.7      5.3
  SINCE JUL 1      7.9                      12.0   -4.1      7.8
  SNOW DEPTH       0

DEGREE DAYS
 HEATING
  YESTERDAY       23                        46    -23       56
  MONTH TO DATE  502                       611   -109      768
  SINCE DEC 1    502                       611   -109      768
  SINCE JUL 1   2359                      2313     46     2405

 COOLING
  YESTERDAY        0                         0      0        0
  MONTH TO DATE    0                         0      0        0
  SINCE DEC 1      0                         0      0        0
  SINCE JAN 1    597                       742   -145      848
..................................................................


WIND (MPH)
  HIGHEST WIND SPEED    22   HIGHEST WIND DIRECTION    NW (300)
  HIGHEST GUST SPEED    26   HIGHEST GUST DIRECTION     N (340)
  AVERAGE WIND SPEED    13.0


SKY COVER
  POSSIBLE SUNSHINE  MM
  AVERAGE SKY COVER 1.0


WEATHER CONDITIONS
 THE FOLLOWING WEATHER WAS RECORDED YESTERDAY.
  LIGHT RAIN
  FOG
  HAZE


RELATIVE HUMIDITY (PERCENT)
 HIGHEST   100           300 AM
 LOWEST     82           500 PM
 AVERAGE    91

..........................................................


THE HURON SD CLIMATE NORMALS FOR TODAY
                         NORMAL    RECORD    YEAR
 MAXIMUM TEMPERATURE (F)   29        61      1939
 MINIMUM TEMPERATURE (F)    9       -23      1963


SUNRISE AND SUNSET
DECEMBER 15 2014......SUNRISE   802 AM CST   SUNSET   454 PM CST
DECEMBER 16 2014......SUNRISE   803 AM CST   SUNSET   454 PM CST


-  INDICATES NEGATIVE NUMBERS.
R  INDICATES RECORD WAS SET OR TIED.
MM INDICATES DATA IS MISSING.
T  INDICATES TRACE AMOUNT.




$$
