000
CDUS43 KFSD 031223
CLIHON


CLIMATE REPORT
NATIONAL WEATHER SERVICE SIOUX FALLS SD
623 AM CST SAT DEC 3 2016


...................................

...THE HURON SD CLIMATE SUMMARY FOR DECEMBER 2 2016...

CLIMATE NORMAL PERIOD 1981 TO 2010
CLIMATE RECORD PERIOD 1881 TO 2016


WEATHER ITEM   OBSERVED TIME   RECORD YEAR NORMAL DEPARTURE LAST
                VALUE   (LST)  VALUE       VALUE  FROM      YEAR
                                                  NORMAL
..................................................................
TEMPERATURE (F)
 YESTERDAY
  MAXIMUM         32    248 PM  64    1998  33     -1       33
  MINIMUM         27    819 PM -15    2005  14     13        6
                                      1985
  AVERAGE         30                        24      6       20

PRECIPITATION (IN)
  YESTERDAY        T             0.40 1902   0.02  -0.02     0.00
  MONTH TO DATE    T                         0.04  -0.04     0.33
  SINCE DEC 1      T                         0.04  -0.04     0.33
  SINCE JAN 1     18.13                     22.42  -4.29    24.63

SNOWFALL (IN)
  YESTERDAY        T             4.0  1902   0.2   -0.2      0.0
  MONTH TO DATE    T                         0.5   -0.5      5.0
  SINCE DEC 1      T                         0.5   -0.5      5.0
  SINCE JUL 1      4.7                       8.8   -4.1     10.6
  SNOW DEPTH       0

DEGREE DAYS
 HEATING
  YESTERDAY       35                        41     -6       45
  MONTH TO DATE   69                        82    -13       80
  SINCE DEC 1     69                        82    -13       80
  SINCE JUL 1   1277                      1784   -507     1370

 COOLING
  YESTERDAY        0                         0      0        0
  MONTH TO DATE    0                         0      0        0
  SINCE DEC 1      0                         0      0        0
  SINCE JAN 1    887                       742    145      797
..................................................................


WIND (MPH)
  HIGHEST WIND SPEED    12   HIGHEST WIND DIRECTION     N (340)
  HIGHEST GUST SPEED    13   HIGHEST GUST DIRECTION     N (340)
  AVERAGE WIND SPEED     5.0


SKY COVER
  POSSIBLE SUNSHINE  MM
  AVERAGE SKY COVER 1.0


WEATHER CONDITIONS
 THE FOLLOWING WEATHER WAS RECORDED YESTERDAY.
  LT FREEZING RAIN
  FOG


RELATIVE HUMIDITY (PERCENT)
 HIGHEST   100           300 AM
 LOWEST     72           200 PM
 AVERAGE    86

..........................................................


THE HURON SD CLIMATE NORMALS FOR TODAY
                         NORMAL    RECORD    YEAR
 MAXIMUM TEMPERATURE (F)   33        69      1941
 MINIMUM TEMPERATURE (F)   13       -14      1897


SUNRISE AND SUNSET
DECEMBER  3 2016......SUNRISE   752 AM CST   SUNSET   454 PM CST
DECEMBER  4 2016......SUNRISE   753 AM CST   SUNSET   454 PM CST


-  INDICATES NEGATIVE NUMBERS.
R  INDICATES RECORD WAS SET OR TIED.
MM INDICATES DATA IS MISSING.
T  INDICATES TRACE AMOUNT.




$$
