000
CDUS43 KFSD 200639
CLIHON


CLIMATE REPORT
NATIONAL WEATHER SERVICE SIOUX FALLS SD
138 AM CDT TUE JUN 20 2017


...................................

...THE HURON SD CLIMATE SUMMARY FOR JUNE 19 2017...

CLIMATE NORMAL PERIOD 1981 TO 2010
CLIMATE RECORD PERIOD 1881 TO 2017


WEATHER ITEM   OBSERVED TIME   RECORD YEAR NORMAL DEPARTURE LAST
                VALUE   (LST)  VALUE       VALUE  FROM      YEAR
                                                  NORMAL
..................................................................
TEMPERATURE (F)
 YESTERDAY
  MAXIMUM         81    452 PM 102    1988  81      0       97
                                      1933
  MINIMUM         50    449 AM  38    2004  57     -7       71
                                      1976
  AVERAGE         66                        69     -3       84

PRECIPITATION (IN)
  YESTERDAY        0.00          2.09 1919   0.13  -0.13     0.00
  MONTH TO DATE    2.13                      2.63  -0.50     1.88
  SINCE JUN 1      2.13                      2.63  -0.50     1.88
  SINCE JAN 1      6.22                     10.61  -4.39    10.69

SNOWFALL (IN)
  YESTERDAY        0.0           0.0    MM   0.0    0.0      0.0
  MONTH TO DATE    0.0                       0.0    0.0      0.0
  SINCE JUN 1      0.0                       0.0    0.0      0.0
  SINCE JUL 1     35.9                      43.9   -8.0     33.0
  SNOW DEPTH       0

DEGREE DAYS
 HEATING
  YESTERDAY        0                         1     -1        0
  MONTH TO DATE    2                        42    -40       17
  SINCE JUN 1      2                        42    -40       17
  SINCE JUL 1   6882                      7663   -781     6569

 COOLING
  YESTERDAY        1                         5     -4       19
  MONTH TO DATE  131                        63     68      159
  SINCE JUN 1    131                        63     68      159
  SINCE JAN 1    152                        96     56      190
..................................................................


WIND (MPH)
  HIGHEST WIND SPEED    18   HIGHEST WIND DIRECTION    NW (330)
  HIGHEST GUST SPEED    22   HIGHEST GUST DIRECTION     N (350)
  AVERAGE WIND SPEED     6.5


SKY COVER
  POSSIBLE SUNSHINE  MM
  AVERAGE SKY COVER 0.1


WEATHER CONDITIONS
 THE FOLLOWING WEATHER WAS RECORDED YESTERDAY.
  NO SIGNIFICANT WEATHER WAS OBSERVED.


RELATIVE HUMIDITY (PERCENT)
 HIGHEST    96           400 AM
 LOWEST     28           500 PM
 AVERAGE    62

..........................................................


THE HURON SD CLIMATE NORMALS FOR TODAY
                         NORMAL    RECORD    YEAR
 MAXIMUM TEMPERATURE (F)   81       103      1988
 MINIMUM TEMPERATURE (F)   57        39      1969


SUNRISE AND SUNSET
JUNE 20 2017..........SUNRISE   548 AM CDT   SUNSET   921 PM CDT
JUNE 21 2017..........SUNRISE   549 AM CDT   SUNSET   921 PM CDT


-  INDICATES NEGATIVE NUMBERS.
R  INDICATES RECORD WAS SET OR TIED.
MM INDICATES DATA IS MISSING.
T  INDICATES TRACE AMOUNT.




$$
