000
CDUS43 KFSD 290040
CLIHON

CLIMATE REPORT
NATIONAL WEATHER SERVICE SIOUX FALLS SD
740 PM CDT MON JUL 28 2014


...................................

...THE HURON SD CLIMATE SUMMARY FOR JULY 28 2014...
VALID AS OF 0700 PM LOCAL TIME.

CLIMATE NORMAL PERIOD 1981 TO 2010
CLIMATE RECORD PERIOD 1881 TO 2014


WEATHER ITEM   OBSERVED TIME   RECORD YEAR NORMAL DEPARTURE LAST
                VALUE   (LST)  VALUE       VALUE  FROM      YEAR
                                                  NORMAL
..................................................................
TEMPERATURE (F)
 TODAY
  MAXIMUM         76    338 PM 109    1975  86    -10       75
  MINIMUM         48    530 AM  41    2013  62    -14       41
  AVERAGE         62                        74    -12       58

PRECIPITATION (IN)
  TODAY            0.00          1.71 1942   0.11  -0.11     0.00
  MONTH TO DATE    3.67                      2.61   1.06     1.85
  SINCE JUN 1      6.04                      6.54  -0.50     5.31
  SINCE JAN 1     10.53                     14.52  -3.99    15.90

SNOWFALL (IN)
  TODAY            0.0           0.0    MM   0.0    0.0      0.0
  MONTH TO DATE    0.0                       0.0    0.0      0.0
  SINCE JUN 1      0.0                       0.0    0.0      0.0
  SINCE JUL 1      0.0                       0.0    0.0      0.0
  SNOW DEPTH       0

DEGREE DAYS
 HEATING
  TODAY            3                         0      3        7
  MONTH TO DATE   22                         0     22       19
  SINCE JUN 1     62                        51     11       85
  SINCE JUL 1     22                         0     22       19

 COOLING
  TODAY            0                         9     -9        0
  MONTH TO DATE  170                       246    -76      250
  SINCE JUN 1    273                       379   -106      385
  SINCE JAN 1    335                       412    -77      423
..................................................................


WIND (MPH)
  HIGHEST WIND SPEED    13   HIGHEST WIND DIRECTION     N (350)
  HIGHEST GUST SPEED    17   HIGHEST GUST DIRECTION     N (360)
  AVERAGE WIND SPEED     7.6


SKY COVER
  POSSIBLE SUNSHINE  MM
  AVERAGE SKY COVER 0.3


WEATHER CONDITIONS
 THE FOLLOWING WEATHER WAS RECORDED TODAY.
  NO SIGNIFICANT WEATHER WAS OBSERVED.


RELATIVE HUMIDITY (PERCENT)
 HIGHEST   100           200 AM
 LOWEST     43           200 PM
 AVERAGE    72

..........................................................


THE HURON SD CLIMATE NORMALS FOR TOMORROW
                         NORMAL    RECORD    YEAR
 MAXIMUM TEMPERATURE (F)   86       110      1933
 MINIMUM TEMPERATURE (F)   62        42      1971


SUNRISE AND SUNSET
JULY 28 2014..........SUNRISE   616 AM CDT   SUNSET   902 PM CDT
JULY 29 2014..........SUNRISE   617 AM CDT   SUNSET   901 PM CDT


-  INDICATES NEGATIVE NUMBERS.
R  INDICATES RECORD WAS SET OR TIED.
MM INDICATES DATA IS MISSING.
T  INDICATES TRACE AMOUNT.




&&
.........................................................

ADDITIONAL WEATHER INFORMATION FOR TODAY
        TEMPERATURE / HUMIDITY
AT  4 AM      50    /    96%
AT  7 AM      50    /    92%
AT 10 AM      64    /    78%
AT  1 PM      71    /    49%
AT  4 PM      72    /    49%
AT  7 PM      73    /    46%

$$
