000
CDUS43 KFSD 190040
CLIHON


CLIMATE REPORT
NATIONAL WEATHER SERVICE SIOUX FALLS SD
735 PM CDT MON AUG 18 2014


...................................

...THE HURON SD CLIMATE SUMMARY FOR AUGUST 18 2014...
VALID AS OF 0700 PM LOCAL TIME.

CLIMATE NORMAL PERIOD 1981 TO 2010
CLIMATE RECORD PERIOD 1881 TO 2014


WEATHER ITEM   OBSERVED TIME   RECORD YEAR NORMAL DEPARTURE LAST
                VALUE   (LST)  VALUE       VALUE  FROM      YEAR
                                                  NORMAL
..................................................................
TEMPERATURE (F)
 TODAY
  MAXIMUM         87    202 PM 102    1976  84      3       82
                                      1959
  MINIMUM         57    612 AM  42    2002  59     -2       61
  AVERAGE         72                        72      0       72

PRECIPITATION (IN)
  TODAY            0.00          2.09 1904   0.06  -0.06      T
  MONTH TO DATE    0.69                      1.53  -0.84     1.20
  SINCE JUN 1      6.73                      8.38  -1.65     6.59
  SINCE JAN 1     11.22                     16.36  -5.14    17.18

SNOWFALL (IN)
  TODAY            0.0           0.0    MM   0.0    0.0      0.0
  MONTH TO DATE    0.0                       0.0    0.0      0.0
  SINCE JUN 1      0.0                       0.0    0.0      0.0
  SINCE JUL 1      0.0                       0.0    0.0      0.0
  SNOW DEPTH       0

DEGREE DAYS
 HEATING
  TODAY            0                         1     -1        0
  MONTH TO DATE    1                         2     -1        1
  SINCE JUN 1     64                        61      3       88
  SINCE JUL 1     24                        10     14       22

 COOLING
  TODAY            7                         7      0        7
  MONTH TO DATE  104                       147    -43       54
  SINCE JUN 1    384                       557   -173      444
  SINCE JAN 1    446                       590   -144      482
..................................................................


WIND (MPH)
  HIGHEST WIND SPEED    23   HIGHEST WIND DIRECTION    NW (310)
  HIGHEST GUST SPEED    28   HIGHEST GUST DIRECTION    NW (310)
  AVERAGE WIND SPEED     8.7


SKY COVER
  POSSIBLE SUNSHINE  MM
  AVERAGE SKY COVER 0.2


WEATHER CONDITIONS
 THE FOLLOWING WEATHER WAS RECORDED TODAY.
  NO SIGNIFICANT WEATHER WAS OBSERVED.


RELATIVE HUMIDITY (PERCENT)
 HIGHEST    93           500 AM
 LOWEST     42           200 PM
 AVERAGE    68

..........................................................


THE HURON SD CLIMATE NORMALS FOR TOMORROW
                         NORMAL    RECORD    YEAR
 MAXIMUM TEMPERATURE (F)   84       102      1976
 MINIMUM TEMPERATURE (F)   59        40      1967
                                             1890


SUNRISE AND SUNSET
AUGUST 18 2014........SUNRISE   639 AM CDT   SUNSET   833 PM CDT
AUGUST 19 2014........SUNRISE   641 AM CDT   SUNSET   831 PM CDT


-  INDICATES NEGATIVE NUMBERS.
R  INDICATES RECORD WAS SET OR TIED.
MM INDICATES DATA IS MISSING.
T  INDICATES TRACE AMOUNT.




&&
.........................................................

ADDITIONAL WEATHER INFORMATION FOR TODAY
        TEMPERATURE / HUMIDITY
AT  4 AM      62    /    83%
AT  7 AM      57    /    93%
AT 10 AM      74    /    57%
AT  1 PM      83    /    45%
AT  4 PM      85    /    41%
AT  7 PM      81    /    47%

$$
