000
CDUS43 KFSD 190713
CLIHON


CLIMATE REPORT
NATIONAL WEATHER SERVICE SIOUX FALLS SD
212 AM CDT FRI MAY 19 2017


...................................

...THE HURON SD CLIMATE SUMMARY FOR MAY 18 2017...

CLIMATE NORMAL PERIOD 1981 TO 2010
CLIMATE RECORD PERIOD 1881 TO 2017


WEATHER ITEM   OBSERVED TIME   RECORD YEAR NORMAL DEPARTURE LAST
                VALUE   (LST)  VALUE       VALUE  FROM      YEAR
                                                  NORMAL
..................................................................
TEMPERATURE (F)
 YESTERDAY
  MAXIMUM         63    254 PM 100    1934  71     -8       72
  MINIMUM         43    609 AM  26    2002  47     -4       41
  AVERAGE         53                        59     -6       57

PRECIPITATION (IN)
  YESTERDAY        0.06          1.44 1882   0.11  -0.05     0.00
  MONTH TO DATE    0.53                      1.71  -1.18     0.94
  SINCE MAR 1      2.48                      5.48  -3.00     6.15
  SINCE JAN 1      3.28                      6.58  -3.30     7.02

SNOWFALL (IN)
  YESTERDAY        0.0           0.3  1968   0.0    0.0      0.0
  MONTH TO DATE    0.0                       0.1   -0.1      0.0
  SINCE MAR 1     13.9                      13.0    0.9      2.3
  SINCE JUL 1     35.9                      44.0   -8.1     33.0
  SNOW DEPTH       0

DEGREE DAYS
 HEATING
  YESTERDAY       12                         7      5        8
  MONTH TO DATE  109                       173    -64      178
  SINCE MAR 1   1599                      1719   -120     1454
  SINCE JUL 1   6748                      7551   -803     6530

 COOLING
  YESTERDAY        0                         1     -1        0
  MONTH TO DATE   21                        15      6       10
  SINCE MAR 1     21                        19      2       11
  SINCE JAN 1     21                        19      2       11
..................................................................


WIND (MPH)
  HIGHEST WIND SPEED    25   HIGHEST WIND DIRECTION     N (360)
  HIGHEST GUST SPEED    33   HIGHEST GUST DIRECTION     N (360)
  AVERAGE WIND SPEED    14.7


SKY COVER
  POSSIBLE SUNSHINE  MM
  AVERAGE SKY COVER 0.6


WEATHER CONDITIONS
 THE FOLLOWING WEATHER WAS RECORDED YESTERDAY.
  RAIN
  LIGHT RAIN
  FOG


RELATIVE HUMIDITY (PERCENT)
 HIGHEST    93           100 AM
 LOWEST     51           100 PM
 AVERAGE    72

..........................................................


THE HURON SD CLIMATE NORMALS FOR TODAY
                         NORMAL    RECORD    YEAR
 MAXIMUM TEMPERATURE (F)   71        99      1934
 MINIMUM TEMPERATURE (F)   47        26      1895


SUNRISE AND SUNSET
MAY 19 2017...........SUNRISE   601 AM CDT   SUNSET   858 PM CDT
MAY 20 2017...........SUNRISE   600 AM CDT   SUNSET   859 PM CDT


-  INDICATES NEGATIVE NUMBERS.
R  INDICATES RECORD WAS SET OR TIED.
MM INDICATES DATA IS MISSING.
T  INDICATES TRACE AMOUNT.




$$
