000
CDUS43 KFSD 142231
CLIHON


CLIMATE REPORT
NATIONAL WEATHER SERVICE SIOUX FALLS SD
521 PM CDT MON AUG 14 2017


...................................

...THE HURON SD CLIMATE SUMMARY FOR AUGUST 14 2017...
VALID TODAY AS OF 0500 PM LOCAL TIME.

CLIMATE NORMAL PERIOD 1981 TO 2010
CLIMATE RECORD PERIOD 1881 TO 2017


WEATHER ITEM   OBSERVED TIME   RECORD YEAR NORMAL DEPARTURE LAST
                VALUE   (LST)  VALUE       VALUE  FROM      YEAR
                                                  NORMAL
..................................................................
TEMPERATURE (F)
 TODAY
  MAXIMUM         78    327 PM 102    2000  85     -7       84
                                      1935
  MINIMUM         53    302 AM  42    1979  60     -7       55
                                      1929
  AVERAGE         66                        72     -6       70

PRECIPITATION (IN)
  TODAY            0.00          1.88 2008   0.07  -0.07      T
  MONTH TO DATE    0.71                      1.24  -0.53     1.97
  SINCE JUN 1      7.15                      8.09  -0.94     4.88
  SINCE JAN 1     11.24                     16.07  -4.83    13.69

SNOWFALL (IN)
  TODAY            0.0           0.0    MM   0.0    0.0      0.0
  MONTH TO DATE    0.0                       0.0    0.0      0.0
  SINCE JUN 1      0.0                       0.0    0.0      0.0
  SINCE JUL 1      0.0                       0.0    0.0      0.0
  SNOW DEPTH       0

DEGREE DAYS
 HEATING
  TODAY            0                         0      0        0
  MONTH TO DATE    6                         0      6        0
  SINCE JUN 1     37                        59    -22       23
  SINCE JUL 1      6                         8     -2        6

 COOLING
  TODAY            1                         8     -7        5
  MONTH TO DATE   29                       118    -89      141
  SINCE JUN 1    532                       528      4      663
  SINCE JAN 1    553                       561     -8      694
..................................................................


WIND (MPH)
  HIGHEST WIND SPEED    12   HIGHEST WIND DIRECTION     N (360)
  HIGHEST GUST SPEED    14   HIGHEST GUST DIRECTION     N (360)
  AVERAGE WIND SPEED     6.5


SKY COVER
  POSSIBLE SUNSHINE  MM
  AVERAGE SKY COVER 0.7


WEATHER CONDITIONS
 THE FOLLOWING WEATHER WAS RECORDED TODAY.
  FOG
  FOG W/VISIBILITY <= 1/4 MILE


RELATIVE HUMIDITY (PERCENT)
 HIGHEST   100          1200 AM
 LOWEST     60           300 PM
 AVERAGE    80

..........................................................


THE HURON SD CLIMATE NORMALS FOR TOMORROW
                         NORMAL    RECORD    YEAR
 MAXIMUM TEMPERATURE (F)   85       109      1937
 MINIMUM TEMPERATURE (F)   60        42      1895


SUNRISE AND SUNSET
AUGUST 14 2017........SUNRISE   635 AM CDT   SUNSET   839 PM CDT
AUGUST 15 2017........SUNRISE   636 AM CDT   SUNSET   837 PM CDT


-  INDICATES NEGATIVE NUMBERS.
R  INDICATES RECORD WAS SET OR TIED.
MM INDICATES DATA IS MISSING.
T  INDICATES TRACE AMOUNT.




$$
