000
CDUS43 KFSD 140658
CLIHON


CLIMATE REPORT
NATIONAL WEATHER SERVICE SIOUX FALLS SD
158 AM CDT MON APR 14 2014


...................................

...THE HURON SD CLIMATE SUMMARY FOR APRIL 13 2014...

CLIMATE NORMAL PERIOD 1981 TO 2010
CLIMATE RECORD PERIOD 1881 TO 2014


WEATHER ITEM   OBSERVED TIME   RECORD YEAR NORMAL DEPARTURE LAST
                VALUE   (LST)  VALUE       VALUE  FROM      YEAR
                                                  NORMAL
..................................................................
TEMPERATURE (F)
 YESTERDAY
  MAXIMUM         45    124 AM  90    1908  58    -13       36
  MINIMUM         26   1159 PM  14    1950  33     -7       20
                                      1928
  AVERAGE         36                        45     -9       28

PRECIPITATION (IN)
  YESTERDAY        0.00          1.98 1892   0.08  -0.08     0.15
  MONTH TO DATE    T                         0.91  -0.91     1.31
  SINCE MAR 1      0.47                      2.37  -1.90     2.09
  SINCE JAN 1      1.03                      3.47  -2.44     3.47

SNOWFALL (IN)
  YESTERDAY        0.0           4.6  1928   0.2   -0.2      0.6
  MONTH TO DATE    T                         2.3   -2.3     10.6
  SINCE MAR 1      4.7                      11.2   -6.5     17.8
  SINCE JUL 1     26.4                      42.2  -15.8     51.0
  SNOW DEPTH       0

DEGREE DAYS
 HEATING
  YESTERDAY       29                        20      9       37
  MONTH TO DATE  286                       290     -4      386
  SINCE MAR 1   1387                      1277    110     1624
  SINCE JUL 1   7707                      7109    598     7450

 COOLING
  YESTERDAY        0                         0      0        0
  MONTH TO DATE    0                         0      0        0
  SINCE MAR 1      0                         0      0        0
  SINCE JAN 1      0                         0      0        0
..................................................................


WIND (MPH)
  HIGHEST WIND SPEED    36   HIGHEST WIND DIRECTION     N (360)
  HIGHEST GUST SPEED    45   HIGHEST GUST DIRECTION     N (350)
  AVERAGE WIND SPEED    24.3


SKY COVER
  POSSIBLE SUNSHINE  MM
  AVERAGE SKY COVER 0.6


WEATHER CONDITIONS
 THE FOLLOWING WEATHER WAS RECORDED YESTERDAY.
  NO SIGNIFICANT WEATHER WAS OBSERVED.


RELATIVE HUMIDITY (PERCENT)
 HIGHEST    82           600 AM
 LOWEST     38           200 PM
 AVERAGE    60

..........................................................


THE HURON SD CLIMATE NORMALS FOR TODAY
                         NORMAL    RECORD    YEAR
 MAXIMUM TEMPERATURE (F)   59        91      2003
 MINIMUM TEMPERATURE (F)   33         6      1928


SUNRISE AND SUNSET
APRIL 14 2014.........SUNRISE   651 AM CDT   SUNSET   816 PM CDT
APRIL 15 2014.........SUNRISE   649 AM CDT   SUNSET   817 PM CDT


-  INDICATES NEGATIVE NUMBERS.
R  INDICATES RECORD WAS SET OR TIED.
MM INDICATES DATA IS MISSING.
T  INDICATES TRACE AMOUNT.




$$
