000
CDUS43 KFSD 120631
CLIHON


CLIMATE REPORT
NATIONAL WEATHER SERVICE SIOUX FALLS SD
130 AM CDT SAT AUG 12 2017


...................................

...THE HURON SD CLIMATE SUMMARY FOR AUGUST 11 2017...

CLIMATE NORMAL PERIOD 1981 TO 2010
CLIMATE RECORD PERIOD 1881 TO 2017


WEATHER ITEM   OBSERVED TIME   RECORD YEAR NORMAL DEPARTURE LAST
                VALUE   (LST)  VALUE       VALUE  FROM      YEAR
                                                  NORMAL
..................................................................
TEMPERATURE (F)
 YESTERDAY
  MAXIMUM         81    251 PM 105    1965  85     -4       86
  MINIMUM         51    543 AM  37    1902  60     -9       65
  AVERAGE         66                        73     -7       76

PRECIPITATION (IN)
  YESTERDAY        T             1.05 1932   0.08  -0.08     0.46
  MONTH TO DATE    0.27                      1.01  -0.74     1.97
  SINCE JUN 1      6.71                      7.86  -1.15     4.88
  SINCE JAN 1     10.80                     15.84  -5.04    13.69

SNOWFALL (IN)
  YESTERDAY        0.0           0.0    MM   0.0    0.0      0.0
  MONTH TO DATE    0.0                       0.0    0.0      0.0
  SINCE JUN 1      0.0                       0.0    0.0      0.0
  SINCE JUL 1      0.0                       0.0    0.0      0.0
  SNOW DEPTH       0

DEGREE DAYS
 HEATING
  YESTERDAY        0                         0      0        0
  MONTH TO DATE    6                         0      6        0
  SINCE JUN 1     37                        59    -22       23
  SINCE JUL 1      6                         8     -2        6

 COOLING
  YESTERDAY        1                         8     -7       11
  MONTH TO DATE   23                        94    -71      120
  SINCE JUN 1    526                       504     22      642
  SINCE JAN 1    547                       537     10      673
..................................................................


WIND (MPH)
  HIGHEST WIND SPEED    15   HIGHEST WIND DIRECTION     E (90)
  HIGHEST GUST SPEED    19   HIGHEST GUST DIRECTION     E (90)
  AVERAGE WIND SPEED     4.3


SKY COVER
  POSSIBLE SUNSHINE  MM
  AVERAGE SKY COVER 0.2


WEATHER CONDITIONS
 THE FOLLOWING WEATHER WAS RECORDED YESTERDAY.
  LIGHT RAIN


RELATIVE HUMIDITY (PERCENT)
 HIGHEST   100           200 AM
 LOWEST     45           300 PM
 AVERAGE    73

..........................................................


THE HURON SD CLIMATE NORMALS FOR TODAY
                         NORMAL    RECORD    YEAR
 MAXIMUM TEMPERATURE (F)   85       103      1965
 MINIMUM TEMPERATURE (F)   60        38      1964


SUNRISE AND SUNSET
AUGUST 12 2017........SUNRISE   633 AM CDT   SUNSET   842 PM CDT
AUGUST 13 2017........SUNRISE   634 AM CDT   SUNSET   841 PM CDT


-  INDICATES NEGATIVE NUMBERS.
R  INDICATES RECORD WAS SET OR TIED.
MM INDICATES DATA IS MISSING.
T  INDICATES TRACE AMOUNT.




$$
