000
CDUS43 KFSD 102230
CLIHON


CLIMATE REPORT
NATIONAL WEATHER SERVICE SIOUX FALLS SD
430 PM CST SUN DEC 10 2017


...................................

...THE HURON SD CLIMATE SUMMARY FOR DECEMBER 10 2017...
VALID TODAY AS OF 0400 PM LOCAL TIME.

CLIMATE NORMAL PERIOD 1981 TO 2010
CLIMATE RECORD PERIOD 1881 TO 2017


WEATHER ITEM   OBSERVED TIME   RECORD YEAR NORMAL DEPARTURE LAST
                VALUE   (LST)  VALUE       VALUE  FROM      YEAR
                                                  NORMAL
..................................................................
TEMPERATURE (F)
 TODAY
  MAXIMUM         47    151 PM  59    1979  30     17       17
  MINIMUM         23    809 AM -21    1917  11     12       -1
  AVERAGE         35                        20     15        8

PRECIPITATION (IN)
  TODAY            0.00          0.70 1949   0.02  -0.02     0.32
  MONTH TO DATE    0.16                      0.18  -0.02     0.34
  SINCE DEC 1      0.16                      0.18  -0.02     0.34
  SINCE JAN 1     20.30                     22.56  -2.26    18.47

SNOWFALL (IN)
  TODAY            0.0           5.0  1970   0.3   -0.3      3.5
  MONTH TO DATE    2.1                       2.6   -0.5      3.5
  SINCE DEC 1      2.1                       2.6   -0.5      3.5
  SINCE JUL 1      3.4                      10.9   -7.5      8.2
  SNOW DEPTH       1

DEGREE DAYS
 HEATING
  TODAY           30                        45    -15       57
  MONTH TO DATE  365                       429    -64      451
  SINCE DEC 1    365                       429    -64      451
  SINCE JUL 1   1930                      2131   -201     1659

 COOLING
  TODAY            0                         0      0        0
  MONTH TO DATE    0                         0      0        0
  SINCE DEC 1      0                         0      0        0
  SINCE JAN 1    730                       742    -12      887
..................................................................


WIND (MPH)
  HIGHEST WIND SPEED    16   HIGHEST WIND DIRECTION    NW (310)
  HIGHEST GUST SPEED    19   HIGHEST GUST DIRECTION    NW (310)
  AVERAGE WIND SPEED     9.7


SKY COVER
  POSSIBLE SUNSHINE  MM
  AVERAGE SKY COVER 0.0


WEATHER CONDITIONS
 THE FOLLOWING WEATHER WAS RECORDED TODAY.
  NO SIGNIFICANT WEATHER WAS OBSERVED.


RELATIVE HUMIDITY (PERCENT)
 HIGHEST    96           800 AM
 LOWEST     49           200 PM
 AVERAGE    73

..........................................................


THE HURON SD CLIMATE NORMALS FOR TOMORROW
                         NORMAL    RECORD    YEAR
 MAXIMUM TEMPERATURE (F)   30        59      1939
 MINIMUM TEMPERATURE (F)   10       -18      2013


SUNRISE AND SUNSET
DECEMBER 10 2017......SUNRISE   758 AM CST   SUNSET   453 PM CST
DECEMBER 11 2017......SUNRISE   759 AM CST   SUNSET   453 PM CST


-  INDICATES NEGATIVE NUMBERS.
R  INDICATES RECORD WAS SET OR TIED.
MM INDICATES DATA IS MISSING.
T  INDICATES TRACE AMOUNT.




$$
