000
CDUS43 KFSD 270626
CLIHON


CLIMATE REPORT
NATIONAL WEATHER SERVICE SIOUX FALLS SD
124 AM CDT SAT JUN 27 2015


...................................

...THE HURON SD CLIMATE SUMMARY FOR JUNE 26 2015...

CLIMATE NORMAL PERIOD 1981 TO 2010
CLIMATE RECORD PERIOD 1881 TO 2015


WEATHER ITEM   OBSERVED TIME   RECORD YEAR NORMAL DEPARTURE LAST
                VALUE   (LST)  VALUE       VALUE  FROM      YEAR
                                                  NORMAL
..................................................................
TEMPERATURE (F)
 YESTERDAY
  MAXIMUM         84    443 PM 108    1933  83      1       88
  MINIMUM         61    608 AM  41    2004  59      2       64
  AVERAGE         73                        71      2       76

PRECIPITATION (IN)
  YESTERDAY        T             1.72 1980   0.12  -0.12     0.66
  MONTH TO DATE    3.79                      3.51   0.28     2.27
  SINCE JUN 1      3.79                      3.51   0.28     2.27
  SINCE JAN 1      9.73                     11.49  -1.76     6.76

SNOWFALL (IN)
  YESTERDAY        0.0           0.0    MM   0.0    0.0      0.0
  MONTH TO DATE    T                         0.0    0.0      0.0
  SINCE JUN 1      T                         0.0    0.0      0.0
  SINCE JUL 1     22.8                      43.9  -21.1     28.6
  SNOW DEPTH       0

DEGREE DAYS
 HEATING
  YESTERDAY        0                         1     -1        0
  MONTH TO DATE   11                        49    -38       40
  SINCE JUN 1     11                        49    -38       40
  SINCE JUL 1   7505                      7670   -165     8327

 COOLING
  YESTERDAY        8                         7      1       11
  MONTH TO DATE  120                       105     15       71
  SINCE JUN 1    120                       105     15       71
  SINCE JAN 1    140                       138      2      133
..................................................................


WIND (MPH)
  HIGHEST WIND SPEED    20   HIGHEST WIND DIRECTION    NW (310)
  HIGHEST GUST SPEED    24   HIGHEST GUST DIRECTION    NW (310)
  AVERAGE WIND SPEED     3.8


SKY COVER
  POSSIBLE SUNSHINE  MM
  AVERAGE SKY COVER 0.3


WEATHER CONDITIONS
 THE FOLLOWING WEATHER WAS RECORDED YESTERDAY.
  LIGHT RAIN


RELATIVE HUMIDITY (PERCENT)
 HIGHEST   100           600 AM
 LOWEST     39          1200 PM
 AVERAGE    70

..........................................................


THE HURON SD CLIMATE NORMALS FOR TODAY
                         NORMAL    RECORD    YEAR
 MAXIMUM TEMPERATURE (F)   83       106      1931
 MINIMUM TEMPERATURE (F)   59        44      1976
                                             1898


SUNRISE AND SUNSET
JUNE 27 2015..........SUNRISE   550 AM CDT   SUNSET   921 PM CDT
JUNE 28 2015..........SUNRISE   551 AM CDT   SUNSET   921 PM CDT


-  INDICATES NEGATIVE NUMBERS.
R  INDICATES RECORD WAS SET OR TIED.
MM INDICATES DATA IS MISSING.
T  INDICATES TRACE AMOUNT.




$$
