000
CDUS43 KFSD 180651
CLIHON


CLIMATE REPORT
NATIONAL WEATHER SERVICE SIOUX FALLS SD
151 AM CDT SAT OCT 18 2014


...................................

...THE HURON SD CLIMATE SUMMARY FOR OCTOBER 17 2014...

CLIMATE NORMAL PERIOD 1981 TO 2010
CLIMATE RECORD PERIOD 1881 TO 2014


WEATHER ITEM   OBSERVED TIME   RECORD YEAR NORMAL DEPARTURE LAST
                VALUE   (LST)  VALUE       VALUE  FROM      YEAR
                                                  NORMAL
..................................................................
TEMPERATURE (F)
 YESTERDAY
  MAXIMUM         54   1226 AM  86    1910  60     -6       46
  MINIMUM         37    721 PM  15    1948  35      2       30
  AVERAGE         46                        48     -2       38

PRECIPITATION (IN)
  YESTERDAY        0.00          0.97 1996   0.06  -0.06     0.08
  MONTH TO DATE    0.06                      1.09  -1.03     4.97
  SINCE SEP 1      1.16                      3.55  -2.39     6.38
  SINCE JAN 1     14.72                     20.81  -6.09    23.58

SNOWFALL (IN)
  YESTERDAY        0.0           1.8  1990   0.0    0.0      0.0
  MONTH TO DATE    0.0                       0.3   -0.3      0.0
  SINCE SEP 1      0.0                       0.3   -0.3      0.0
  SINCE JUL 1      0.0                       0.3   -0.3      0.0
  SNOW DEPTH       0

DEGREE DAYS
 HEATING
  YESTERDAY       19                        18      1       27
  MONTH TO DATE  255                       243     12      206
  SINCE SEP 1    394                       410    -16      259
  SINCE JUL 1    427                       439    -12      281

 COOLING
  YESTERDAY        0                         0      0        0
  MONTH TO DATE    0                         0      0        0
  SINCE SEP 1     74                        69      5      160
  SINCE JAN 1    597                       738   -141      848
..................................................................


WIND (MPH)
  HIGHEST WIND SPEED    31   HIGHEST WIND DIRECTION     N (340)
  HIGHEST GUST SPEED    40   HIGHEST GUST DIRECTION     N (340)
  AVERAGE WIND SPEED    16.5


SKY COVER
  POSSIBLE SUNSHINE  MM
  AVERAGE SKY COVER 1.0


WEATHER CONDITIONS
 THE FOLLOWING WEATHER WAS RECORDED YESTERDAY.
  NO SIGNIFICANT WEATHER WAS OBSERVED.


RELATIVE HUMIDITY (PERCENT)
 HIGHEST    85           900 PM
 LOWEST     59           200 AM
 AVERAGE    72

..........................................................


THE HURON SD CLIMATE NORMALS FOR TODAY
                         NORMAL    RECORD    YEAR
 MAXIMUM TEMPERATURE (F)   60        84      2003
                                             2000
 MINIMUM TEMPERATURE (F)   35        15      1989


SUNRISE AND SUNSET
OCTOBER 18 2014.......SUNRISE   752 AM CDT   SUNSET   644 PM CDT
OCTOBER 19 2014.......SUNRISE   753 AM CDT   SUNSET   642 PM CDT


-  INDICATES NEGATIVE NUMBERS.
R  INDICATES RECORD WAS SET OR TIED.
MM INDICATES DATA IS MISSING.
T  INDICATES TRACE AMOUNT.




$$
