000
CDUS43 KFSD 220648
CLIHON


CLIMATE REPORT
NATIONAL WEATHER SERVICE SIOUX FALLS SD
148 AM CDT WED MAR 22 2017


...................................

...THE HURON SD CLIMATE SUMMARY FOR MARCH 21 2017...

CLIMATE NORMAL PERIOD 1981 TO 2010
CLIMATE RECORD PERIOD 1881 TO 2017


WEATHER ITEM   OBSERVED TIME   RECORD YEAR NORMAL DEPARTURE LAST
                VALUE   (LST)  VALUE       VALUE  FROM      YEAR
                                                  NORMAL
..................................................................
TEMPERATURE (F)
 YESTERDAY
  MAXIMUM         39   1218 AM  84    1907  46     -7       62
  MINIMUM         26   1159 PM  -6    1965  25      1       28
  AVERAGE         33                        35     -2       45

PRECIPITATION (IN)
  YESTERDAY        0.00          0.74 1993   0.05  -0.05     0.00
  MONTH TO DATE    0.76                      0.85  -0.09     0.12
  SINCE MAR 1      0.76                      0.85  -0.09     0.12
  SINCE JAN 1      1.56                      1.95  -0.39     0.99

SNOWFALL (IN)
  YESTERDAY        0.0           6.4  1993   0.3   -0.3      0.0
  MONTH TO DATE   13.9                       6.5    7.4      1.5
  SINCE MAR 1     13.9                       6.5    7.4      1.5
  SINCE JUL 1     35.9                      37.5   -1.6     32.2
  SNOW DEPTH       0

DEGREE DAYS
 HEATING
  YESTERDAY       32                        30      2       20
  MONTH TO DATE  732                       714     18      499
  SINCE MAR 1    732                       714     18      499
  SINCE JUL 1   5881                      6546   -665     5575

 COOLING
  YESTERDAY        0                         0      0        0
  MONTH TO DATE    0                         0      0        0
  SINCE MAR 1      0                         0      0        0
  SINCE JAN 1      0                         0      0        0
..................................................................


WIND (MPH)
  HIGHEST WIND SPEED    17   HIGHEST WIND DIRECTION    NE (30)
  HIGHEST GUST SPEED    24   HIGHEST GUST DIRECTION    NE (30)
  AVERAGE WIND SPEED    11.1


SKY COVER
  POSSIBLE SUNSHINE  MM
  AVERAGE SKY COVER 0.9


WEATHER CONDITIONS
 THE FOLLOWING WEATHER WAS RECORDED YESTERDAY.
  NO SIGNIFICANT WEATHER WAS OBSERVED.


RELATIVE HUMIDITY (PERCENT)
 HIGHEST    85           500 AM
 LOWEST     44           200 PM
 AVERAGE    65

..........................................................


THE HURON SD CLIMATE NORMALS FOR TODAY
                         NORMAL    RECORD    YEAR
 MAXIMUM TEMPERATURE (F)   47        82      1939
 MINIMUM TEMPERATURE (F)   25        -8      1899


SUNRISE AND SUNSET
MARCH 22 2017.........SUNRISE   732 AM CDT   SUNSET   748 PM CDT
MARCH 23 2017.........SUNRISE   730 AM CDT   SUNSET   749 PM CDT


-  INDICATES NEGATIVE NUMBERS.
R  INDICATES RECORD WAS SET OR TIED.
MM INDICATES DATA IS MISSING.
T  INDICATES TRACE AMOUNT.




$$
