000
CDUS43 KFSD 252221
CLIHON


CLIMATE REPORT
NATIONAL WEATHER SERVICE SIOUX FALLS SD
420 PM CST FRI NOV 25 2016


...................................

...THE HURON SD CLIMATE SUMMARY FOR NOVEMBER 25 2016...
VALID TODAY AS OF 0400 PM LOCAL TIME.

CLIMATE NORMAL PERIOD 1981 TO 2010
CLIMATE RECORD PERIOD 1881 TO 2016


WEATHER ITEM   OBSERVED TIME   RECORD YEAR NORMAL DEPARTURE LAST
                VALUE   (LST)  VALUE       VALUE  FROM      YEAR
                                                  NORMAL
..................................................................
TEMPERATURE (F)
 TODAY
  MAXIMUM         48    250 PM  68    1960  37     11       38
  MINIMUM         20    718 AM -15    1977  17      3       28
  AVERAGE         34                        27      7       33

PRECIPITATION (IN)
  TODAY            0.00          0.63 1944   0.03  -0.03     0.00
  MONTH TO DATE    0.22                      0.77  -0.55     1.02
  SINCE SEP 1      2.56                      5.02  -2.46     4.69
  SINCE JAN 1     17.11                     22.28  -5.17    23.88

SNOWFALL (IN)
  TODAY            0.0           4.9  1897   0.3   -0.3      0.0
  MONTH TO DATE    3.9                       5.8   -1.9      0.0
  SINCE SEP 1      3.9                       6.9   -3.0       T
  SINCE JUL 1      3.9                       6.9   -3.0       T
  SNOW DEPTH       0

DEGREE DAYS
 HEATING
  TODAY           31                        38     -7       32
  MONTH TO DATE  547                       774   -227      572
  SINCE SEP 1   1039                      1475   -436     1046
  SINCE JUL 1   1056                      1504   -448     1086

 COOLING
  TODAY            0                         0      0        0
  MONTH TO DATE    0                         0      0        0
  SINCE SEP 1     81                        73      8      141
  SINCE JAN 1    887                       742    145      797
..................................................................


WIND (MPH)
  HIGHEST WIND SPEED    12   HIGHEST WIND DIRECTION     S (160)
  HIGHEST GUST SPEED    13   HIGHEST GUST DIRECTION     S (170)
  AVERAGE WIND SPEED     5.0


SKY COVER
  POSSIBLE SUNSHINE  MM
  AVERAGE SKY COVER 0.0


WEATHER CONDITIONS
 THE FOLLOWING WEATHER WAS RECORDED TODAY.
  NO SIGNIFICANT WEATHER WAS OBSERVED.


RELATIVE HUMIDITY (PERCENT)
 HIGHEST   100          1200 AM
 LOWEST     60           400 PM
 AVERAGE    80

..........................................................


THE HURON SD CLIMATE NORMALS FOR TOMORROW
                         NORMAL    RECORD    YEAR
 MAXIMUM TEMPERATURE (F)   36        67      1998
 MINIMUM TEMPERATURE (F)   17       -17      1985


SUNRISE AND SUNSET
NOVEMBER 25 2016......SUNRISE   742 AM CST   SUNSET   457 PM CST
NOVEMBER 26 2016......SUNRISE   744 AM CST   SUNSET   457 PM CST


-  INDICATES NEGATIVE NUMBERS.
R  INDICATES RECORD WAS SET OR TIED.
MM INDICATES DATA IS MISSING.
T  INDICATES TRACE AMOUNT.




$$
