086
CDUS43 KFSD 230649
CLIHON


CLIMATE REPORT
NATIONAL WEATHER SERVICE SIOUX FALLS SD
148 AM CDT SUN JUL 23 2017


...................................

...THE HURON SD CLIMATE SUMMARY FOR JULY 22 2017...

CLIMATE NORMAL PERIOD 1981 TO 2010
CLIMATE RECORD PERIOD 1881 TO 2017


WEATHER ITEM   OBSERVED TIME   RECORD YEAR NORMAL DEPARTURE LAST
                VALUE   (LST)  VALUE       VALUE  FROM      YEAR
                                                  NORMAL
..................................................................
TEMPERATURE (F)
 YESTERDAY
  MAXIMUM         90    436 PM 109    1936  87      3       99
  MINIMUM         65    608 AM  46    1904  62      3       74
  AVERAGE         78                        74      4       87

PRECIPITATION (IN)
  YESTERDAY        0.07          1.01 1911   0.10  -0.03     0.00
  MONTH TO DATE    3.25                      1.98   1.27     0.49
  SINCE JUN 1      6.29                      5.91   0.38     2.40
  SINCE JAN 1     10.38                     13.89  -3.51    11.21

SNOWFALL (IN)
  YESTERDAY        0.0           0.0    MM   0.0    0.0      0.0
  MONTH TO DATE    0.0                       0.0    0.0      0.0
  SINCE JUN 1      0.0                       0.0    0.0      0.0
  SINCE JUL 1      0.0                       0.0    0.0      0.0
  SNOW DEPTH       0

DEGREE DAYS
 HEATING
  YESTERDAY        0                         0      0        0
  MONTH TO DATE    0                         0      0        6
  SINCE JUN 1     31                        51    -20       23
  SINCE JUL 1      0                         0      0        6

 COOLING
  YESTERDAY       13                         9      4       22
  MONTH TO DATE  267                       192     75      208
  SINCE JUN 1    421                       325     96      436
  SINCE JAN 1    442                       358     84      467
..................................................................


WIND (MPH)
  HIGHEST WIND SPEED    17   HIGHEST WIND DIRECTION    NE (50)
  HIGHEST GUST SPEED    25   HIGHEST GUST DIRECTION     N (10)
  AVERAGE WIND SPEED     6.6


SKY COVER
  POSSIBLE SUNSHINE  MM
  AVERAGE SKY COVER 0.0


WEATHER CONDITIONS
 THE FOLLOWING WEATHER WAS RECORDED YESTERDAY.
  THUNDERSTORM
  LIGHT RAIN
  FOG


RELATIVE HUMIDITY (PERCENT)
 HIGHEST   100           200 AM
 LOWEST     34           300 PM
 AVERAGE    67

..........................................................


THE HURON SD CLIMATE NORMALS FOR TODAY
                         NORMAL    RECORD    YEAR
 MAXIMUM TEMPERATURE (F)   87       109      2005
 MINIMUM TEMPERATURE (F)   62        44      1904
                                             1887


SUNRISE AND SUNSET
JULY 23 2017..........SUNRISE   611 AM CDT   SUNSET   907 PM CDT
JULY 24 2017..........SUNRISE   612 AM CDT   SUNSET   906 PM CDT


-  INDICATES NEGATIVE NUMBERS.
R  INDICATES RECORD WAS SET OR TIED.
MM INDICATES DATA IS MISSING.
T  INDICATES TRACE AMOUNT.




$$
