000
CDUS43 KFSD 260651
CLIHON


CLIMATE REPORT
NATIONAL WEATHER SERVICE SIOUX FALLS SD
151 AM CDT THU MAR 26 2015


...................................

...THE HURON SD CLIMATE SUMMARY FOR MARCH 25 2015...

CLIMATE NORMAL PERIOD 1981 TO 2010
CLIMATE RECORD PERIOD 1881 TO 2015


WEATHER ITEM   OBSERVED TIME   RECORD YEAR NORMAL DEPARTURE LAST
                VALUE   (LST)  VALUE       VALUE  FROM      YEAR
                                                  NORMAL
..................................................................
TEMPERATURE (F)
 YESTERDAY
  MAXIMUM         46    349 PM  80    1908  48     -2       33
  MINIMUM         19   1159 PM -14    1893  26     -7       11
  AVERAGE         33                        37     -4       22

PRECIPITATION (IN)
  YESTERDAY        0.00          1.87 1942   0.06  -0.06     0.00
  MONTH TO DATE    0.13                      1.07  -0.94     0.40
  SINCE MAR 1      0.13                      1.07  -0.94     0.40
  SINCE JAN 1      0.74                      2.17  -1.43     0.96

SNOWFALL (IN)
  YESTERDAY        0.0           2.4  1901   0.3   -0.3      0.0
  MONTH TO DATE    1.2                       7.5   -6.3      3.8
  SINCE MAR 1      1.2                       7.5   -6.3      3.8
  SINCE JUL 1     22.8                      38.5  -15.7     25.5
  SNOW DEPTH       0

DEGREE DAYS
 HEATING
  YESTERDAY       32                        28      4       43
  MONTH TO DATE  719                       828   -109      932
  SINCE MAR 1    719                       828   -109      932
  SINCE JUL 1   6656                      6660     -4     7252

 COOLING
  YESTERDAY        0                         0      0        0
  MONTH TO DATE    2                         0      2        0
  SINCE MAR 1      2                         0      2        0
  SINCE JAN 1      2                         0      2        0
..................................................................


WIND (MPH)
  HIGHEST WIND SPEED    33   HIGHEST WIND DIRECTION    NW (330)
  HIGHEST GUST SPEED    39   HIGHEST GUST DIRECTION    NW (320)
  AVERAGE WIND SPEED    18.7


SKY COVER
  POSSIBLE SUNSHINE  MM
  AVERAGE SKY COVER 0.5


WEATHER CONDITIONS
 THE FOLLOWING WEATHER WAS RECORDED YESTERDAY.
  FOG


RELATIVE HUMIDITY (PERCENT)
 HIGHEST   100          1200 AM
 LOWEST     33           500 PM
 AVERAGE    67

..........................................................


THE HURON SD CLIMATE NORMALS FOR TODAY
                         NORMAL    RECORD    YEAR
 MAXIMUM TEMPERATURE (F)   49        74      1905
 MINIMUM TEMPERATURE (F)   26        -6      1894


SUNRISE AND SUNSET
MARCH 26 2015.........SUNRISE   725 AM CDT   SUNSET   753 PM CDT
MARCH 27 2015.........SUNRISE   724 AM CDT   SUNSET   754 PM CDT


-  INDICATES NEGATIVE NUMBERS.
R  INDICATES RECORD WAS SET OR TIED.
MM INDICATES DATA IS MISSING.
T  INDICATES TRACE AMOUNT.




$$
