000
CDUS43 KFSD 210634
CLIHON


CLIMATE REPORT
NATIONAL WEATHER SERVICE SIOUX FALLS SD
1232 AM CST FRI NOV 21 2014


...................................

...THE HURON SD CLIMATE SUMMARY FOR NOVEMBER 20 2014...

CLIMATE NORMAL PERIOD 1981 TO 2010
CLIMATE RECORD PERIOD 1881 TO 2014


WEATHER ITEM   OBSERVED TIME   RECORD YEAR NORMAL DEPARTURE LAST
                VALUE   (LST)  VALUE       VALUE  FROM      YEAR
                                                  NORMAL
..................................................................
TEMPERATURE (F)
 YESTERDAY
  MAXIMUM         20    218 PM  77    1962  40    -20       47
  MINIMUM         -1    710 AM  -9    1985  20    -21       26
  AVERAGE         10                        30    -20       37

PRECIPITATION (IN)
  YESTERDAY        0.00          0.88 1930   0.03  -0.03     0.00
  MONTH TO DATE    0.72                      0.64   0.08     0.15
  SINCE SEP 1      2.10                      4.89  -2.79     6.97
  SINCE JAN 1     15.66                     22.15  -6.49    24.17

SNOWFALL (IN)
  YESTERDAY        0.0          10.0  1953   0.4   -0.4      0.0
  MONTH TO DATE    7.7                       4.3    3.4      1.6
  SINCE SEP 1      7.7                       5.4    2.3      2.5
  SINCE JUL 1      7.7                       5.4    2.3      2.5
  SNOW DEPTH       4

DEGREE DAYS
 HEATING
  YESTERDAY       55                        35     20       28
  MONTH TO DATE  770                       590    180      569
  SINCE SEP 1   1384                      1291     93     1186
  SINCE JUL 1   1417                      1320     97     1208

 COOLING
  YESTERDAY        0                         0      0        0
  MONTH TO DATE    0                         0      0        0
  SINCE SEP 1     74                        73      1      160
  SINCE JAN 1    597                       742   -145      848
..................................................................


WIND (MPH)
  HIGHEST WIND SPEED    13   HIGHEST WIND DIRECTION    SE (150)
  HIGHEST GUST SPEED    18   HIGHEST GUST DIRECTION    SE (150)
  AVERAGE WIND SPEED     6.6


SKY COVER
  POSSIBLE SUNSHINE  MM
  AVERAGE SKY COVER 0.0


WEATHER CONDITIONS
 THE FOLLOWING WEATHER WAS RECORDED YESTERDAY.
  NO SIGNIFICANT WEATHER WAS OBSERVED.


RELATIVE HUMIDITY (PERCENT)
 HIGHEST    95           600 AM
 LOWEST     62           100 PM
 AVERAGE    79

..........................................................


THE HURON SD CLIMATE NORMALS FOR TODAY
                         NORMAL    RECORD    YEAR
 MAXIMUM TEMPERATURE (F)   39        68      2012
                                             1960
 MINIMUM TEMPERATURE (F)   19       -13      1964


SUNRISE AND SUNSET
NOVEMBER 21 2014......SUNRISE   737 AM CST   SUNSET   500 PM CST
NOVEMBER 22 2014......SUNRISE   738 AM CST   SUNSET   500 PM CST


-  INDICATES NEGATIVE NUMBERS.
R  INDICATES RECORD WAS SET OR TIED.
MM INDICATES DATA IS MISSING.
T  INDICATES TRACE AMOUNT.




$$
