000
CDUS43 KFSD 052239
CLIHON


CLIMATE REPORT
NATIONAL WEATHER SERVICE SIOUX FALLS SD
438 PM CST MON DEC 5 2016


...................................

...THE HURON SD CLIMATE SUMMARY FOR DECEMBER 5 2016...
VALID TODAY AS OF 0400 PM LOCAL TIME.

CLIMATE NORMAL PERIOD 1981 TO 2010
CLIMATE RECORD PERIOD 1881 TO 2016


WEATHER ITEM   OBSERVED TIME   RECORD YEAR NORMAL DEPARTURE LAST
                VALUE   (LST)  VALUE       VALUE  FROM      YEAR
                                                  NORMAL
..................................................................
TEMPERATURE (F)
 TODAY
  MAXIMUM         44    146 PM  61    1988  32     12       38
  MINIMUM         29    729 AM -18    1950  13     16       23
  AVERAGE         37                        22     15       31

PRECIPITATION (IN)
  TODAY            0.00          0.53 1906   0.02  -0.02     0.00
  MONTH TO DATE    0.01                      0.09  -0.08     0.33
  SINCE DEC 1      0.01                      0.09  -0.08     0.33
  SINCE JAN 1     18.14                     22.47  -4.33    24.63

SNOWFALL (IN)
  TODAY            0.0           4.5  1936   0.2   -0.2      0.0
  MONTH TO DATE    T                         1.2   -1.2      5.0
  SINCE DEC 1      T                         1.2   -1.2      5.0
  SINCE JUL 1      4.7                       9.5   -4.8     10.6
  SNOW DEPTH       0

DEGREE DAYS
 HEATING
  TODAY           28                        43    -15       34
  MONTH TO DATE  162                       209    -47      202
  SINCE DEC 1    162                       209    -47      202
  SINCE JUL 1   1370                      1911   -541     1492

 COOLING
  TODAY            0                         0      0        0
  MONTH TO DATE    0                         0      0        0
  SINCE DEC 1      0                         0      0        0
  SINCE JAN 1    887                       742    145      797
..................................................................


WIND (MPH)
  HIGHEST WIND SPEED    26   HIGHEST WIND DIRECTION     W (290)
  HIGHEST GUST SPEED    35   HIGHEST GUST DIRECTION     W (290)
  AVERAGE WIND SPEED    11.3


SKY COVER
  POSSIBLE SUNSHINE  MM
  AVERAGE SKY COVER 0.2


WEATHER CONDITIONS
 THE FOLLOWING WEATHER WAS RECORDED TODAY.
  HAZE


RELATIVE HUMIDITY (PERCENT)
 HIGHEST    92           100 AM
 LOWEST     62           100 PM
 AVERAGE    77

..........................................................


THE HURON SD CLIMATE NORMALS FOR TOMORROW
                         NORMAL    RECORD    YEAR
 MAXIMUM TEMPERATURE (F)   32        71      1939
 MINIMUM TEMPERATURE (F)   12       -24      1972


SUNRISE AND SUNSET
DECEMBER  5 2016......SUNRISE   754 AM CST   SUNSET   454 PM CST
DECEMBER  6 2016......SUNRISE   755 AM CST   SUNSET   454 PM CST


-  INDICATES NEGATIVE NUMBERS.
R  INDICATES RECORD WAS SET OR TIED.
MM INDICATES DATA IS MISSING.
T  INDICATES TRACE AMOUNT.




$$
