000
CDUS43 KFSD 080658
CLIHON


CLIMATE REPORT
NATIONAL WEATHER SERVICE SIOUX FALLS SD
1256 AM CST SUN JAN 8 2017


...................................

...THE HURON SD CLIMATE SUMMARY FOR JANUARY 7 2017...

CLIMATE NORMAL PERIOD 1981 TO 2010
CLIMATE RECORD PERIOD 1881 TO 2017


WEATHER ITEM   OBSERVED TIME   RECORD YEAR NORMAL DEPARTURE LAST
                VALUE   (LST)  VALUE       VALUE  FROM      YEAR
                                                  NORMAL
..................................................................
TEMPERATURE (F)
 YESTERDAY
  MAXIMUM          6    352 PM  60    2003  26    -20       30
  MINIMUM         -9    845 AM -34    1912   6    -15       26
  AVERAGE         -1                        16    -17       28

PRECIPITATION (IN)
  YESTERDAY        0.00          0.68 1975   0.02  -0.02     0.02
  MONTH TO DATE    0.07                      0.12  -0.05     0.02
  SINCE DEC 1      1.46                      0.64   0.82     1.30
  SINCE JAN 1      0.07                      0.12  -0.05     0.02

SNOWFALL (IN)
  YESTERDAY        0.0          11.1  1975   0.2   -0.2       T
  MONTH TO DATE    0.8                       1.7   -0.9       T
  SINCE DEC 1     10.8                       9.7    1.1     14.3
  SINCE JUL 1     15.5                      18.0   -2.5     19.9
  SNOW DEPTH       1

DEGREE DAYS
 HEATING
  YESTERDAY       66                        49     17       37
  MONTH TO DATE  419                       341     78      313
  SINCE DEC 1   1918                      1759    159     1571
  SINCE JUL 1   3126                      3461   -335     2861

 COOLING
  YESTERDAY        0                         0      0        0
  MONTH TO DATE    0                         0      0        0
  SINCE DEC 1      0                         0      0        0
  SINCE JAN 1      0                         0      0        0
..................................................................


WIND (MPH)
  HIGHEST WIND SPEED    13   HIGHEST WIND DIRECTION    NW (330)
  HIGHEST GUST SPEED    19   HIGHEST GUST DIRECTION     S (180)
  AVERAGE WIND SPEED     6.3


SKY COVER
  POSSIBLE SUNSHINE  MM
  AVERAGE SKY COVER 0.0


WEATHER CONDITIONS
 THE FOLLOWING WEATHER WAS RECORDED YESTERDAY.
  NO SIGNIFICANT WEATHER WAS OBSERVED.


RELATIVE HUMIDITY (PERCENT)
 HIGHEST    92           600 AM
 LOWEST     68           100 PM
 AVERAGE    80

..........................................................


THE HURON SD CLIMATE NORMALS FOR TODAY
                         NORMAL    RECORD    YEAR
 MAXIMUM TEMPERATURE (F)   26        61      1963
 MINIMUM TEMPERATURE (F)    6       -43      1887


SUNRISE AND SUNSET
JANUARY  8 2017.......SUNRISE   808 AM CST   SUNSET   512 PM CST
JANUARY  9 2017.......SUNRISE   808 AM CST   SUNSET   513 PM CST


-  INDICATES NEGATIVE NUMBERS.
R  INDICATES RECORD WAS SET OR TIED.
MM INDICATES DATA IS MISSING.
T  INDICATES TRACE AMOUNT.




$$
