000
CDUS43 KFSD 270624
CLIHON


CLIMATE REPORT
NATIONAL WEATHER SERVICE SIOUX FALLS SD
124 AM CDT SAT SEP 27 2014


...................................

...THE HURON SD CLIMATE SUMMARY FOR SEPTEMBER 26 2014...

CLIMATE NORMAL PERIOD 1981 TO 2010
CLIMATE RECORD PERIOD 1881 TO 2014


WEATHER ITEM   OBSERVED TIME   RECORD YEAR NORMAL DEPARTURE LAST
                VALUE   (LST)  VALUE       VALUE  FROM      YEAR
                                                  NORMAL
..................................................................
TEMPERATURE (F)
 YESTERDAY
  MAXIMUM         86    401 PM  98    1974  70     16       84
  MINIMUM         61    651 AM  23    1965  44     17       63
  AVERAGE         74                        57     17       74

PRECIPITATION (IN)
  YESTERDAY        0.00          0.56 1966   0.07  -0.07     0.00
  MONTH TO DATE    0.75                      2.17  -1.42     0.23
  SINCE SEP 1      0.75                      2.17  -1.42     0.23
  SINCE JAN 1     14.31                     19.43  -5.12    17.43

SNOWFALL (IN)
  YESTERDAY        0.0           T    1965   0.0    0.0      0.0
  MONTH TO DATE    0.0                       0.1   -0.1      0.0
  SINCE SEP 1      0.0                       0.1   -0.1      0.0
  SINCE JUL 1      0.0                       0.1   -0.1      0.0
  SNOW DEPTH       0

DEGREE DAYS
 HEATING
  YESTERDAY        0                         9     -9        0
  MONTH TO DATE  137                       127     10       42
  SINCE SEP 1    137                       127     10       42
  SINCE JUL 1    170                       156     14       64

 COOLING
  YESTERDAY        9                         1      8        9
  MONTH TO DATE   59                        67     -8      155
  SINCE SEP 1     59                        67     -8      155
  SINCE JAN 1    582                       736   -154      843
..................................................................


WIND (MPH)
  HIGHEST WIND SPEED    18   HIGHEST WIND DIRECTION     S (160)
  HIGHEST GUST SPEED    25   HIGHEST GUST DIRECTION    SE (140)
  AVERAGE WIND SPEED    11.1


SKY COVER
  POSSIBLE SUNSHINE  MM
  AVERAGE SKY COVER 0.0


WEATHER CONDITIONS
 THE FOLLOWING WEATHER WAS RECORDED YESTERDAY.
  NO SIGNIFICANT WEATHER WAS OBSERVED.


RELATIVE HUMIDITY (PERCENT)
 HIGHEST    93           400 AM
 LOWEST     44           500 PM
 AVERAGE    69

..........................................................


THE HURON SD CLIMATE NORMALS FOR TODAY
                         NORMAL    RECORD    YEAR
 MAXIMUM TEMPERATURE (F)   70        98      1956
                                             1894
 MINIMUM TEMPERATURE (F)   43        18      1893


SUNRISE AND SUNSET
SEPTEMBER 27 2014.....SUNRISE   726 AM CDT   SUNSET   721 PM CDT
SEPTEMBER 28 2014.....SUNRISE   727 AM CDT   SUNSET   719 PM CDT


-  INDICATES NEGATIVE NUMBERS.
R  INDICATES RECORD WAS SET OR TIED.
MM INDICATES DATA IS MISSING.
T  INDICATES TRACE AMOUNT.




$$
