000
CDUS43 KFSD 152220
CLIHON


CLIMATE REPORT
NATIONAL WEATHER SERVICE SIOUX FALLS SD
419 PM CST WED FEB 15 2017


...................................

...THE HURON SD CLIMATE SUMMARY FOR FEBRUARY 15 2017...
VALID TODAY AS OF 0400 PM LOCAL TIME.

CLIMATE NORMAL PERIOD 1981 TO 2010
CLIMATE RECORD PERIOD 1881 TO 2017


WEATHER ITEM   OBSERVED TIME   RECORD YEAR NORMAL DEPARTURE LAST
                VALUE   (LST)  VALUE       VALUE  FROM      YEAR
                                                  NORMAL
..................................................................
TEMPERATURE (F)
 TODAY
  MAXIMUM         50    319 PM  66    1921  32     18       42
  MINIMUM         23    741 AM -28    1958  11     12       14
  AVERAGE         37                        21     16       28

PRECIPITATION (IN)
  TODAY            0.00          0.46 1990   0.02  -0.02     0.04
  MONTH TO DATE    0.14                      0.29  -0.15     0.21
  SINCE DEC 1      2.11                      1.31   0.80     1.78
  SINCE JAN 1      0.72                      0.79  -0.07     0.50

SNOWFALL (IN)
  TODAY            0.0          10.7  1990   0.3   -0.3      0.0
  MONTH TO DATE    T                         3.7   -3.7      1.8
  SINCE DEC 1     17.0                      19.0   -2.0     21.4
  SINCE JUL 1     21.7                      27.3   -5.6     27.0
  SNOW DEPTH       0

DEGREE DAYS
 HEATING
  TODAY           28                        44    -16       37
  MONTH TO DATE  602                       682    -80      632
  SINCE DEC 1   3597                      3597      0     3380
  SINCE JUL 1   4805                      5299   -494     4670

 COOLING
  TODAY            0                         0      0        0
  MONTH TO DATE    0                         0      0        0
  SINCE DEC 1      0                         0      0        0
  SINCE JAN 1      0                         0      0        0
..................................................................


WIND (MPH)
  HIGHEST WIND SPEED    16   HIGHEST WIND DIRECTION    SE (150)
  HIGHEST GUST SPEED    21   HIGHEST GUST DIRECTION     S (180)
  AVERAGE WIND SPEED     8.3


SKY COVER
  POSSIBLE SUNSHINE  MM
  AVERAGE SKY COVER 0.0


WEATHER CONDITIONS
 THE FOLLOWING WEATHER WAS RECORDED TODAY.
  NO SIGNIFICANT WEATHER WAS OBSERVED.


RELATIVE HUMIDITY (PERCENT)
 HIGHEST   100          1200 AM
 LOWEST     61           200 PM
 AVERAGE    81

..........................................................


THE HURON SD CLIMATE NORMALS FOR TOMORROW
                         NORMAL    RECORD    YEAR
 MAXIMUM TEMPERATURE (F)   32        57      1981
 MINIMUM TEMPERATURE (F)   12       -33      1936


SUNRISE AND SUNSET
FEBRUARY 15 2017......SUNRISE   732 AM CST   SUNSET   602 PM CST
FEBRUARY 16 2017......SUNRISE   731 AM CST   SUNSET   604 PM CST


-  INDICATES NEGATIVE NUMBERS.
R  INDICATES RECORD WAS SET OR TIED.
MM INDICATES DATA IS MISSING.
T  INDICATES TRACE AMOUNT.




$$
