000
CDUS43 KFSD 230626
CLIHON


CLIMATE REPORT
NATIONAL WEATHER SERVICE SIOUX FALLS SD
1225 AM CST FRI JAN 23 2015


...................................

...THE HURON SD CLIMATE SUMMARY FOR JANUARY 22 2015...

CLIMATE NORMAL PERIOD 1981 TO 2010
CLIMATE RECORD PERIOD 1881 TO 2015


WEATHER ITEM   OBSERVED TIME   RECORD YEAR NORMAL DEPARTURE LAST
                VALUE   (LST)  VALUE       VALUE  FROM      YEAR
                                                  NORMAL
..................................................................
TEMPERATURE (F)
 YESTERDAY
  MAXIMUM         38    406 PM  60    1900  27     11       18
  MINIMUM         12   1249 AM -31    1886   7      5       -7
  AVERAGE         25                        17      8        6

PRECIPITATION (IN)
  YESTERDAY        0.00          0.50 1982   0.01  -0.01      T
  MONTH TO DATE    0.32                      0.35  -0.03     0.10
  SINCE DEC 1      1.02                      0.87   0.15     1.11
  SINCE JAN 1      0.32                      0.35  -0.03     0.10

SNOWFALL (IN)
  YESTERDAY        0.0          10.1  1982   0.2   -0.2       T
  MONTH TO DATE    4.1                       5.1   -1.0      0.5
  SINCE DEC 1      9.5                      13.1   -3.6     13.4
  SINCE JUL 1     17.4                      21.4   -4.0     15.9
  SNOW DEPTH       1

DEGREE DAYS
 HEATING
  YESTERDAY       40                        48     -8       59
  MONTH TO DATE 1109                      1071     38     1096
  SINCE DEC 1   2407                      2489    -82     2782
  SINCE JUL 1   4264                      4191     73     4419

 COOLING
  YESTERDAY        0                         0      0        0
  MONTH TO DATE    0                         0      0        0
  SINCE DEC 1      0                         0      0        0
  SINCE JAN 1      0                         0      0        0
..................................................................


WIND (MPH)
  HIGHEST WIND SPEED    16   HIGHEST WIND DIRECTION     S (190)
  HIGHEST GUST SPEED    21   HIGHEST GUST DIRECTION     S (190)
  AVERAGE WIND SPEED     9.4


SKY COVER
  POSSIBLE SUNSHINE  MM
  AVERAGE SKY COVER 0.3


WEATHER CONDITIONS
 THE FOLLOWING WEATHER WAS RECORDED YESTERDAY.
  FOG
  FOG W/VISIBILITY <= 1/4 MILE


RELATIVE HUMIDITY (PERCENT)
 HIGHEST   100           900 AM
 LOWEST     69           800 PM
 AVERAGE    85

..........................................................


THE HURON SD CLIMATE NORMALS FOR TODAY
                         NORMAL    RECORD    YEAR
 MAXIMUM TEMPERATURE (F)   27        57      1981
 MINIMUM TEMPERATURE (F)    7       -24      2003
                                             1948
                                             1883


SUNRISE AND SUNSET
JANUARY 23 2015.......SUNRISE   800 AM CST   SUNSET   530 PM CST
JANUARY 24 2015.......SUNRISE   759 AM CST   SUNSET   531 PM CST


-  INDICATES NEGATIVE NUMBERS.
R  INDICATES RECORD WAS SET OR TIED.
MM INDICATES DATA IS MISSING.
T  INDICATES TRACE AMOUNT.




$$
