000
CDUS43 KFSD 280657
CLIHON


CLIMATE REPORT
NATIONAL WEATHER SERVICE SIOUX FALLS SD
1257 AM CST WED JAN 28 2015


...................................

...THE HURON SD CLIMATE SUMMARY FOR JANUARY 27 2015...

CLIMATE NORMAL PERIOD 1981 TO 2010
CLIMATE RECORD PERIOD 1881 TO 2015


WEATHER ITEM   OBSERVED TIME   RECORD YEAR NORMAL DEPARTURE LAST
                VALUE   (LST)  VALUE       VALUE  FROM      YEAR
                                                  NORMAL
..................................................................
TEMPERATURE (F)
 YESTERDAY
  MAXIMUM         46    223 PM  62    1989  28     18        3
  MINIMUM         24    434 AM -28    1963   7     17       -9
  AVERAGE         35                        17     18       -3

PRECIPITATION (IN)
  YESTERDAY        0.00          1.58 1944   0.02  -0.02     0.00
  MONTH TO DATE    0.35                      0.44  -0.09     0.13
  SINCE DEC 1      1.05                      0.96   0.09     1.14
  SINCE JAN 1      0.35                      0.44  -0.09     0.13

SNOWFALL (IN)
  YESTERDAY        0.0           8.2  1994   0.2   -0.2      0.0
  MONTH TO DATE    4.3                       6.3   -2.0      0.5
  SINCE DEC 1      9.7                      14.3   -4.6     13.4
  SINCE JUL 1     17.6                      22.6   -5.0     15.9
  SNOW DEPTH       0

DEGREE DAYS
 HEATING
  YESTERDAY       30                        48    -18       68
  MONTH TO DATE 1257                      1311    -54     1342
  SINCE DEC 1   2555                      2729   -174     3028
  SINCE JUL 1   4412                      4431    -19     4665

 COOLING
  YESTERDAY        0                         0      0        0
  MONTH TO DATE    0                         0      0        0
  SINCE DEC 1      0                         0      0        0
  SINCE JAN 1      0                         0      0        0
..................................................................


WIND (MPH)
  HIGHEST WIND SPEED    18   HIGHEST WIND DIRECTION    SE (150)
  HIGHEST GUST SPEED    25   HIGHEST GUST DIRECTION     S (160)
  AVERAGE WIND SPEED    10.8


SKY COVER
  POSSIBLE SUNSHINE  MM
  AVERAGE SKY COVER 0.0


WEATHER CONDITIONS
 THE FOLLOWING WEATHER WAS RECORDED YESTERDAY.
  FOG


RELATIVE HUMIDITY (PERCENT)
 HIGHEST   100           100 AM
 LOWEST     70           100 PM
 AVERAGE    85

..........................................................


THE HURON SD CLIMATE NORMALS FOR TODAY
                         NORMAL    RECORD    YEAR
 MAXIMUM TEMPERATURE (F)   28        54      1927
                                             1896
 MINIMUM TEMPERATURE (F)    7       -34      1966


SUNRISE AND SUNSET
JANUARY 28 2015.......SUNRISE   756 AM CST   SUNSET   536 PM CST
JANUARY 29 2015.......SUNRISE   755 AM CST   SUNSET   538 PM CST


-  INDICATES NEGATIVE NUMBERS.
R  INDICATES RECORD WAS SET OR TIED.
MM INDICATES DATA IS MISSING.
T  INDICATES TRACE AMOUNT.




$$
