000
CDUS43 KFSD 190630
CLIHON


CLIMATE REPORT
NATIONAL WEATHER SERVICE SIOUX FALLS SD
1229 AM CST FRI DEC 19 2014


...................................

...THE HURON SD CLIMATE SUMMARY FOR DECEMBER 18 2014...

CLIMATE NORMAL PERIOD 1981 TO 2010
CLIMATE RECORD PERIOD 1881 TO 2014


WEATHER ITEM   OBSERVED TIME   RECORD YEAR NORMAL DEPARTURE LAST
                VALUE   (LST)  VALUE       VALUE  FROM      YEAR
                                                  NORMAL
..................................................................
TEMPERATURE (F)
 YESTERDAY
  MAXIMUM         27   1159 PM  60    2011  28     -1       49
  MINIMUM         14   1246 AM -30    1985   9      5       23
  AVERAGE         21                        18      3       36

PRECIPITATION (IN)
  YESTERDAY        T             0.18 1901   0.01  -0.01     0.00
  MONTH TO DATE    0.30                      0.30   0.00     0.49
  SINCE DEC 1      0.30                      0.30   0.00     0.49
  SINCE JAN 1     15.98                     22.68  -6.70    24.67

SNOWFALL (IN)
  YESTERDAY        T             1.9  1915   0.2   -0.2      0.0
  MONTH TO DATE    1.4                       4.6   -3.2      5.5
  SINCE DEC 1      1.4                       4.6   -3.2      5.5
  SINCE JUL 1      9.3                      12.9   -3.6      8.0
  SNOW DEPTH       2

DEGREE DAYS
 HEATING
  YESTERDAY       44                        47     -3       29
  MONTH TO DATE  698                       797    -99      933
  SINCE DEC 1    698                       797    -99      933
  SINCE JUL 1   2555                      2499     56     2570

 COOLING
  YESTERDAY        0                         0      0        0
  MONTH TO DATE    0                         0      0        0
  SINCE DEC 1      0                         0      0        0
  SINCE JAN 1    597                       742   -145      848
..................................................................


WIND (MPH)
  HIGHEST WIND SPEED    14   HIGHEST WIND DIRECTION     S (170)
  HIGHEST GUST SPEED    17   HIGHEST GUST DIRECTION     S (160)
  AVERAGE WIND SPEED     7.7


SKY COVER
  POSSIBLE SUNSHINE  MM
  AVERAGE SKY COVER 1.0


WEATHER CONDITIONS
 THE FOLLOWING WEATHER WAS RECORDED YESTERDAY.
  FOG


RELATIVE HUMIDITY (PERCENT)
 HIGHEST    92          1200 AM
 LOWEST     80           100 AM
 AVERAGE    86

..........................................................


THE HURON SD CLIMATE NORMALS FOR TODAY
                         NORMAL    RECORD    YEAR
 MAXIMUM TEMPERATURE (F)   28        57      1894
 MINIMUM TEMPERATURE (F)    8       -24      1955
                                             1916


SUNRISE AND SUNSET
DECEMBER 19 2014......SUNRISE   805 AM CST   SUNSET   455 PM CST
DECEMBER 20 2014......SUNRISE   805 AM CST   SUNSET   456 PM CST


-  INDICATES NEGATIVE NUMBERS.
R  INDICATES RECORD WAS SET OR TIED.
MM INDICATES DATA IS MISSING.
T  INDICATES TRACE AMOUNT.




$$
