294
CDUS43 KFSD 090643
CLIHON


CLIMATE REPORT
NATIONAL WEATHER SERVICE SIOUX FALLS SD
1243 AM CST FRI DEC 9 2016


...................................

...THE HURON SD CLIMATE SUMMARY FOR DECEMBER 8 2016...

CLIMATE NORMAL PERIOD 1981 TO 2010
CLIMATE RECORD PERIOD 1881 TO 2016


WEATHER ITEM   OBSERVED TIME   RECORD YEAR NORMAL DEPARTURE LAST
                VALUE   (LST)  VALUE       VALUE  FROM      YEAR
                                                  NORMAL
..................................................................
TEMPERATURE (F)
 YESTERDAY
  MAXIMUM         17    305 PM  60    1939  31    -14       53
  MINIMUM         -2   1055 PM -22    1976  11    -13       29
                                      1927
  AVERAGE          8                        21    -13       41

PRECIPITATION (IN)
  YESTERDAY        T             0.52 2012   0.01  -0.01      T
  MONTH TO DATE    0.01                      0.14  -0.13     0.33
  SINCE DEC 1      0.01                      0.14  -0.13     0.33
  SINCE JAN 1     18.14                     22.52  -4.38    24.63

SNOWFALL (IN)
  YESTERDAY        T             6.5  2012   0.2   -0.2      0.0
  MONTH TO DATE    T                         2.0   -2.0      5.0
  SINCE DEC 1      T                         2.0   -2.0      5.0
  SINCE JUL 1      4.7                      10.3   -5.6     10.6
  SNOW DEPTH       0

DEGREE DAYS
 HEATING
  YESTERDAY       57                        44     13       24
  MONTH TO DATE  330                       340    -10      288
  SINCE DEC 1    330                       340    -10      288
  SINCE JUL 1   1538                      2042   -504     1578

 COOLING
  YESTERDAY        0                         0      0        0
  MONTH TO DATE    0                         0      0        0
  SINCE DEC 1      0                         0      0        0
  SINCE JAN 1    887                       742    145      797
..................................................................


WIND (MPH)
  HIGHEST WIND SPEED    26   HIGHEST WIND DIRECTION    NW (320)
  HIGHEST GUST SPEED    33   HIGHEST GUST DIRECTION    NW (320)
  AVERAGE WIND SPEED    15.8


SKY COVER
  POSSIBLE SUNSHINE  MM
  AVERAGE SKY COVER 0.3


WEATHER CONDITIONS
 THE FOLLOWING WEATHER WAS RECORDED YESTERDAY.
  LIGHT SNOW


RELATIVE HUMIDITY (PERCENT)
 HIGHEST    95           800 PM
 LOWEST     61           300 PM
 AVERAGE    78

..........................................................


THE HURON SD CLIMATE NORMALS FOR TODAY
                         NORMAL    RECORD    YEAR
 MAXIMUM TEMPERATURE (F)   30        64      1939
 MINIMUM TEMPERATURE (F)   11       -24      1955


SUNRISE AND SUNSET
DECEMBER  9 2016......SUNRISE   757 AM CST   SUNSET   453 PM CST
DECEMBER 10 2016......SUNRISE   758 AM CST   SUNSET   453 PM CST


-  INDICATES NEGATIVE NUMBERS.
R  INDICATES RECORD WAS SET OR TIED.
MM INDICATES DATA IS MISSING.
T  INDICATES TRACE AMOUNT.




$$
