000
CDUS43 KFSD 030659
CLIHON


CLIMATE REPORT
NATIONAL WEATHER SERVICE SIOUX FALLS SD
158 AM CDT TUE MAY 3 2016


...................................

...THE HURON SD CLIMATE SUMMARY FOR MAY 2 2016...

CLIMATE NORMAL PERIOD 1981 TO 2010
CLIMATE RECORD PERIOD 1881 TO 2016


WEATHER ITEM   OBSERVED TIME   RECORD YEAR NORMAL DEPARTURE LAST
                VALUE   (LST)  VALUE       VALUE  FROM      YEAR
                                                  NORMAL
..................................................................
TEMPERATURE (F)
 YESTERDAY
  MAXIMUM         66    125 PM  92    1955  66      0       85
  MINIMUM         37    457 AM  20    2005  41     -4       48
  AVERAGE         52                        54     -2       67

PRECIPITATION (IN)
  YESTERDAY        T             0.97 1997   0.10  -0.10     0.00
  MONTH TO DATE    T                         0.19  -0.19      T
  SINCE MAR 1      5.21                      3.96   1.25     0.76
  SINCE JAN 1      6.08                      5.06   1.02     1.37

SNOWFALL (IN)
  YESTERDAY        0.0           1.6  1954   0.1   -0.1      0.0
  MONTH TO DATE    0.0                       0.1   -0.1      0.0
  SINCE MAR 1      2.3                      13.0  -10.7      1.2
  SINCE JUL 1     33.0                      44.0  -11.0     22.8
  SNOW DEPTH       0

DEGREE DAYS
 HEATING
  YESTERDAY       13                        12      1        0
  MONTH TO DATE   30                        24      6        2
  SINCE MAR 1   1306                      1570   -264     1303
  SINCE JUL 1   6382                      7402  -1020     7240

 COOLING
  YESTERDAY        0                         0      0        2
  MONTH TO DATE    0                         0      0        2
  SINCE MAR 1      1                         4     -3        4
  SINCE JAN 1      1                         4     -3        4
..................................................................


WIND (MPH)
  HIGHEST WIND SPEED    15   HIGHEST WIND DIRECTION     W (280)
  HIGHEST GUST SPEED    20   HIGHEST GUST DIRECTION     S (200)
  AVERAGE WIND SPEED     5.0


SKY COVER
  POSSIBLE SUNSHINE  MM
  AVERAGE SKY COVER 0.3


WEATHER CONDITIONS
 THE FOLLOWING WEATHER WAS RECORDED YESTERDAY.
  LIGHT RAIN


RELATIVE HUMIDITY (PERCENT)
 HIGHEST    85           100 AM
 LOWEST     34           200 PM
 AVERAGE    60

..........................................................


THE HURON SD CLIMATE NORMALS FOR TODAY
                         NORMAL    RECORD    YEAR
 MAXIMUM TEMPERATURE (F)   67        94      1949
 MINIMUM TEMPERATURE (F)   41        16      2013


SUNRISE AND SUNSET
MAY  3 2016...........SUNRISE   620 AM CDT   SUNSET   840 PM CDT
MAY  4 2016...........SUNRISE   619 AM CDT   SUNSET   841 PM CDT


-  INDICATES NEGATIVE NUMBERS.
R  INDICATES RECORD WAS SET OR TIED.
MM INDICATES DATA IS MISSING.
T  INDICATES TRACE AMOUNT.




$$
