579
CDUS43 KFSD 270640
CLIHON


CLIMATE REPORT
NATIONAL WEATHER SERVICE SIOUX FALLS SD
139 AM CDT THU APR 27 2017


...................................

...THE HURON SD CLIMATE SUMMARY FOR APRIL 26 2017...

CLIMATE NORMAL PERIOD 1981 TO 2010
CLIMATE RECORD PERIOD 1881 TO 2017


WEATHER ITEM   OBSERVED TIME   RECORD YEAR NORMAL DEPARTURE LAST
                VALUE   (LST)  VALUE       VALUE  FROM      YEAR
                                                  NORMAL
..................................................................
TEMPERATURE (F)
 YESTERDAY
  MAXIMUM         39    207 PM  91    1901  64    -25       54
  MINIMUM         30   1159 PM  22    1931  38     -8       36
  AVERAGE         35                        51    -16       45

PRECIPITATION (IN)
  YESTERDAY        T             1.59 1938   0.09  -0.09      T
  MONTH TO DATE    1.18                      1.96  -0.78     1.98
  SINCE MAR 1      1.95                      3.42  -1.47     3.05
  SINCE JAN 1      2.75                      4.52  -1.77     3.92

SNOWFALL (IN)
  YESTERDAY        T             2.2  1988   0.1   -0.1      0.0
  MONTH TO DATE    T                         3.8   -3.8       T
  SINCE MAR 1     13.9                      12.7    1.2      2.3
  SINCE JUL 1     35.9                      43.7   -7.8     33.0
  SNOW DEPTH       0

DEGREE DAYS
 HEATING
  YESTERDAY       30                        14     16       20
  MONTH TO DATE  448                       506    -58      444
  SINCE MAR 1   1395                      1493    -98     1191
  SINCE JUL 1   6544                      7325   -781     6267

 COOLING
  YESTERDAY        0                         0      0        0
  MONTH TO DATE    0                         0      0        1
  SINCE MAR 1      0                         0      0        1
  SINCE JAN 1      0                         0      0        1
..................................................................


WIND (MPH)
  HIGHEST WIND SPEED    28   HIGHEST WIND DIRECTION     N (350)
  HIGHEST GUST SPEED    33   HIGHEST GUST DIRECTION     N (350)
  AVERAGE WIND SPEED    18.0


SKY COVER
  POSSIBLE SUNSHINE  MM
  AVERAGE SKY COVER 1.0


WEATHER CONDITIONS
 THE FOLLOWING WEATHER WAS RECORDED YESTERDAY.
  LIGHT SNOW
  FOG


RELATIVE HUMIDITY (PERCENT)
 HIGHEST   100           100 AM
 LOWEST     64          1200 PM
 AVERAGE    82

..........................................................


THE HURON SD CLIMATE NORMALS FOR TODAY
                         NORMAL    RECORD    YEAR
 MAXIMUM TEMPERATURE (F)   64        89      1952
 MINIMUM TEMPERATURE (F)   39        18      1909


SUNRISE AND SUNSET
APRIL 27 2017.........SUNRISE   629 AM CDT   SUNSET   833 PM CDT
APRIL 28 2017.........SUNRISE   628 AM CDT   SUNSET   834 PM CDT


-  INDICATES NEGATIVE NUMBERS.
R  INDICATES RECORD WAS SET OR TIED.
MM INDICATES DATA IS MISSING.
T  INDICATES TRACE AMOUNT.




$$
