000
CDUS43 KFSD 230708
CLIHON


CLIMATE REPORT
NATIONAL WEATHER SERVICE SIOUX FALLS SD
208 AM CDT MON MAR 23 2015


...................................

...THE HURON SD CLIMATE SUMMARY FOR MARCH 22 2015...

CLIMATE NORMAL PERIOD 1981 TO 2010
CLIMATE RECORD PERIOD 1881 TO 2015


WEATHER ITEM   OBSERVED TIME   RECORD YEAR NORMAL DEPARTURE LAST
                VALUE   (LST)  VALUE       VALUE  FROM      YEAR
                                                  NORMAL
..................................................................
TEMPERATURE (F)
 YESTERDAY
  MAXIMUM         46    344 PM  82    1939  47     -1       28
  MINIMUM         23   1159 PM  -8    1899  25     -2       14
  AVERAGE         35                        36     -1       21

PRECIPITATION (IN)
  YESTERDAY        0.00          0.49 1929   0.05  -0.05      T
  MONTH TO DATE    0.13                      0.90  -0.77     0.37
  SINCE MAR 1      0.13                      0.90  -0.77     0.37
  SINCE JAN 1      0.74                      2.00  -1.26     0.93

SNOWFALL (IN)
  YESTERDAY        0.0           3.7  1929   0.2   -0.2       T
  MONTH TO DATE    1.2                       6.7   -5.5      3.5
  SINCE MAR 1      1.2                       6.7   -5.5      3.5
  SINCE JUL 1     22.8                      37.7  -14.9     25.2
  SNOW DEPTH       0

DEGREE DAYS
 HEATING
  YESTERDAY       30                        29      1       44
  MONTH TO DATE  628                       743   -115      806
  SINCE MAR 1    628                       743   -115      806
  SINCE JUL 1   6565                      6575    -10     7126

 COOLING
  YESTERDAY        0                         0      0        0
  MONTH TO DATE    2                         0      2        0
  SINCE MAR 1      2                         0      2        0
  SINCE JAN 1      2                         0      2        0
..................................................................


WIND (MPH)
  HIGHEST WIND SPEED    23   HIGHEST WIND DIRECTION     E (110)
  HIGHEST GUST SPEED    31   HIGHEST GUST DIRECTION     E (110)
  AVERAGE WIND SPEED    13.4


SKY COVER
  POSSIBLE SUNSHINE  MM
  AVERAGE SKY COVER 0.2


WEATHER CONDITIONS
 THE FOLLOWING WEATHER WAS RECORDED YESTERDAY.
  NO SIGNIFICANT WEATHER WAS OBSERVED.


RELATIVE HUMIDITY (PERCENT)
 HIGHEST    85           900 PM
 LOWEST     30          1200 PM
 AVERAGE    58

..........................................................


THE HURON SD CLIMATE NORMALS FOR TODAY
                         NORMAL    RECORD    YEAR
 MAXIMUM TEMPERATURE (F)   47        85      1910
 MINIMUM TEMPERATURE (F)   25       -15      1899


SUNRISE AND SUNSET
MARCH 23 2015.........SUNRISE   731 AM CDT   SUNSET   749 PM CDT
MARCH 24 2015.........SUNRISE   729 AM CDT   SUNSET   750 PM CDT


-  INDICATES NEGATIVE NUMBERS.
R  INDICATES RECORD WAS SET OR TIED.
MM INDICATES DATA IS MISSING.
T  INDICATES TRACE AMOUNT.




$$
