685
CDUS43 KFSD 172222
CLIHON


CLIMATE REPORT
NATIONAL WEATHER SERVICE SIOUX FALLS SD
522 PM CDT SUN SEP 17 2017


...................................

...THE HURON SD CLIMATE SUMMARY FOR SEPTEMBER 17 2017...
VALID TODAY AS OF 0500 PM LOCAL TIME.

CLIMATE NORMAL PERIOD 1981 TO 2010
CLIMATE RECORD PERIOD 1881 TO 2017


WEATHER ITEM   OBSERVED TIME   RECORD YEAR NORMAL DEPARTURE LAST
                VALUE   (LST)  VALUE       VALUE  FROM      YEAR
                                                  NORMAL
..................................................................
TEMPERATURE (F)
 TODAY
  MAXIMUM         65    347 PM 103    1895  74     -9       79
  MINIMUM         38    641 AM  30    1900  48    -10       50
                                      1888
  AVERAGE         52                        61     -9       65

PRECIPITATION (IN)
  TODAY            0.00          1.00 1967   0.08  -0.08     0.00
  MONTH TO DATE    0.26                      1.48  -1.22     1.20
  SINCE SEP 1      0.26                      1.48  -1.22     1.20
  SINCE JAN 1     12.57                     18.74  -6.17    15.75

SNOWFALL (IN)
  TODAY            0.0           0.0    MM   0.0    0.0      0.0
  MONTH TO DATE    0.0                       0.0    0.0      0.0
  SINCE SEP 1      0.0                       0.0    0.0      0.0
  SINCE JUL 1      0.0                       0.0    0.0      0.0
  SNOW DEPTH       0

DEGREE DAYS
 HEATING
  TODAY           13                         6      7        0
  MONTH TO DATE   50                        60    -10       42
  SINCE SEP 1     50                        60    -10       42
  SINCE JUL 1     59                        89    -30       59

 COOLING
  TODAY            0                         2     -2        0
  MONTH TO DATE   87                        57     30       43
  SINCE SEP 1     87                        57     30       43
  SINCE JAN 1    707                       726    -19      849
..................................................................


WIND (MPH)
  HIGHEST WIND SPEED    14   HIGHEST WIND DIRECTION     S (190)
  HIGHEST GUST SPEED    18   HIGHEST GUST DIRECTION     S (190)
  AVERAGE WIND SPEED     5.5


SKY COVER
  POSSIBLE SUNSHINE  MM
  AVERAGE SKY COVER 0.0


WEATHER CONDITIONS
 THE FOLLOWING WEATHER WAS RECORDED TODAY.
  NO SIGNIFICANT WEATHER WAS OBSERVED.


RELATIVE HUMIDITY (PERCENT)
 HIGHEST   100           300 AM
 LOWEST     44           200 PM
 AVERAGE    72

..........................................................


THE HURON SD CLIMATE NORMALS FOR TOMORROW
                         NORMAL    RECORD    YEAR
 MAXIMUM TEMPERATURE (F)   74        96      1891
 MINIMUM TEMPERATURE (F)   48        27      1918
                                             1902


SUNRISE AND SUNSET
SEPTEMBER 17 2017.....SUNRISE   714 AM CDT   SUNSET   739 PM CDT
SEPTEMBER 18 2017.....SUNRISE   716 AM CDT   SUNSET   737 PM CDT


-  INDICATES NEGATIVE NUMBERS.
R  INDICATES RECORD WAS SET OR TIED.
MM INDICATES DATA IS MISSING.
T  INDICATES TRACE AMOUNT.




$$
