000
CDUS43 KFSD 220639
CLIHON


CLIMATE REPORT
NATIONAL WEATHER SERVICE SIOUX FALLS SD
1237 AM CST MON DEC 22 2014


...................................

...THE HURON SD CLIMATE SUMMARY FOR DECEMBER 21 2014...

CLIMATE NORMAL PERIOD 1981 TO 2010
CLIMATE RECORD PERIOD 1881 TO 2014


WEATHER ITEM   OBSERVED TIME   RECORD YEAR NORMAL DEPARTURE LAST
                VALUE   (LST)  VALUE       VALUE  FROM      YEAR
                                                  NORMAL
..................................................................
TEMPERATURE (F)
 YESTERDAY
  MAXIMUM         37   1129 PM  60    1933  27     10        8
  MINIMUM         30   1048 AM -27    1983   8     22      -16
  AVERAGE         34                        18     16       -4

PRECIPITATION (IN)
  YESTERDAY        0.00          0.38 1920   0.01  -0.01      T
  MONTH TO DATE    0.30                      0.35  -0.05     0.63
  SINCE DEC 1      0.30                      0.35  -0.05     0.63
  SINCE JAN 1     15.98                     22.73  -6.75    24.81

SNOWFALL (IN)
  YESTERDAY        0.0           4.8  1968   0.2   -0.2       T
  MONTH TO DATE    1.4                       5.4   -4.0      7.6
  SINCE DEC 1      1.4                       5.4   -4.0      7.6
  SINCE JUL 1      9.3                      13.7   -4.4     10.1
  SNOW DEPTH       2

DEGREE DAYS
 HEATING
  YESTERDAY       31                        47    -16       69
  MONTH TO DATE  803                       938   -135     1117
  SINCE DEC 1    803                       938   -135     1117
  SINCE JUL 1   2660                      2640     20     2754

 COOLING
  YESTERDAY        0                         0      0        0
  MONTH TO DATE    0                         0      0        0
  SINCE DEC 1      0                         0      0        0
  SINCE JAN 1    597                       742   -145      848
..................................................................


WIND (MPH)
  HIGHEST WIND SPEED    18   HIGHEST WIND DIRECTION     S (160)
  HIGHEST GUST SPEED    25   HIGHEST GUST DIRECTION    SE (150)
  AVERAGE WIND SPEED    11.6


SKY COVER
  POSSIBLE SUNSHINE  MM
  AVERAGE SKY COVER 0.9


WEATHER CONDITIONS
 THE FOLLOWING WEATHER WAS RECORDED YESTERDAY.
  FOG


RELATIVE HUMIDITY (PERCENT)
 HIGHEST   100           300 AM
 LOWEST     89           200 PM
 AVERAGE    95

..........................................................


THE HURON SD CLIMATE NORMALS FOR TODAY
                         NORMAL    RECORD    YEAR
 MAXIMUM TEMPERATURE (F)   27        58      1957
 MINIMUM TEMPERATURE (F)    8       -28      1989
                                             1884


SUNRISE AND SUNSET
DECEMBER 22 2014......SUNRISE   806 AM CST   SUNSET   457 PM CST
DECEMBER 23 2014......SUNRISE   807 AM CST   SUNSET   457 PM CST


-  INDICATES NEGATIVE NUMBERS.
R  INDICATES RECORD WAS SET OR TIED.
MM INDICATES DATA IS MISSING.
T  INDICATES TRACE AMOUNT.




$$
