000
CDUS43 KFSD 090629
CLIHON


CLIMATE REPORT
NATIONAL WEATHER SERVICE SIOUX FALLS SD
124 AM CDT WED JUL 9 2014


...................................

...THE HURON SD CLIMATE SUMMARY FOR JULY 8 2014...

CLIMATE NORMAL PERIOD 1981 TO 2010
CLIMATE RECORD PERIOD 1881 TO 2014


WEATHER ITEM   OBSERVED TIME   RECORD YEAR NORMAL DEPARTURE LAST
                VALUE   (LST)  VALUE       VALUE  FROM      YEAR
                                                  NORMAL
..................................................................
TEMPERATURE (F)
 YESTERDAY
  MAXIMUM         81    427 PM 101    2000  86     -5       86
  MINIMUM         57    445 AM  45    1971  61     -4       60
                                      1953
  AVERAGE         69                        73     -4       73

PRECIPITATION (IN)
  YESTERDAY        0.00          0.94 1898   0.09  -0.09      T
  MONTH TO DATE    0.09                      0.69  -0.60     0.28
  SINCE JUN 1      2.46                      4.62  -2.16     3.74
  SINCE JAN 1      6.95                     12.60  -5.65    14.33

SNOWFALL (IN)
  YESTERDAY        0.0           0.0    MM   0.0    0.0      0.0
  MONTH TO DATE    0.0                       0.0    0.0      0.0
  SINCE JUN 1      0.0                       0.0    0.0      0.0
  SINCE JUL 1      0.0                       0.0    0.0      0.0
  SNOW DEPTH       0

DEGREE DAYS
 HEATING
  YESTERDAY        0                         0      0        0
  MONTH TO DATE    6                         0      6        0
  SINCE JUN 1     46                        51     -5       66
  SINCE JUL 1      6                         0      6        0

 COOLING
  YESTERDAY        4                         9     -5        8
  MONTH TO DATE   53                        66    -13       79
  SINCE JUN 1    156                       199    -43      214
  SINCE JAN 1    218                       232    -14      252
..................................................................


WIND (MPH)
  HIGHEST WIND SPEED    26   HIGHEST WIND DIRECTION    NW (330)
  HIGHEST GUST SPEED    33   HIGHEST GUST DIRECTION    NW (320)
  AVERAGE WIND SPEED    13.1


SKY COVER
  POSSIBLE SUNSHINE  MM
  AVERAGE SKY COVER 0.1


WEATHER CONDITIONS
 THE FOLLOWING WEATHER WAS RECORDED YESTERDAY.
  NO SIGNIFICANT WEATHER WAS OBSERVED.


RELATIVE HUMIDITY (PERCENT)
 HIGHEST    86           400 AM
 LOWEST     36           200 PM
 AVERAGE    61

..........................................................


THE HURON SD CLIMATE NORMALS FOR TODAY
                         NORMAL    RECORD    YEAR
 MAXIMUM TEMPERATURE (F)   86       107      1936
 MINIMUM TEMPERATURE (F)   61        43      1895


SUNRISE AND SUNSET
JULY  9 2014..........SUNRISE   558 AM CDT   SUNSET   918 PM CDT
JULY 10 2014..........SUNRISE   558 AM CDT   SUNSET   918 PM CDT


-  INDICATES NEGATIVE NUMBERS.
R  INDICATES RECORD WAS SET OR TIED.
MM INDICATES DATA IS MISSING.
T  INDICATES TRACE AMOUNT.




$$
