000
CDUS43 KFSD 210636
CLIHON


CLIMATE REPORT
NATIONAL WEATHER SERVICE SIOUX FALLS SD
1235 AM CST SAT FEB 21 2015


...................................

...THE HURON SD CLIMATE SUMMARY FOR FEBRUARY 20 2015...

CLIMATE NORMAL PERIOD 1981 TO 2010
CLIMATE RECORD PERIOD 1881 TO 2015


WEATHER ITEM   OBSERVED TIME   RECORD YEAR NORMAL DEPARTURE LAST
                VALUE   (LST)  VALUE       VALUE  FROM      YEAR
                                                  NORMAL
..................................................................
TEMPERATURE (F)
 YESTERDAY
  MAXIMUM         50   1248 PM  65    1981  33     17       41
                                      1930
  MINIMUM         16    518 AM -22    1918  13      3       17
                                      1889
                                      1885
  AVERAGE         33                        23     10       29

PRECIPITATION (IN)
  YESTERDAY        T             1.12 2011   0.03  -0.03      T
  MONTH TO DATE    0.07                      0.40  -0.33     0.26
  SINCE DEC 1      1.12                      1.42  -0.30     1.42
  SINCE JAN 1      0.42                      0.90  -0.48     0.41

SNOWFALL (IN)
  YESTERDAY        0.0          10.0  2011   0.3   -0.3       T
  MONTH TO DATE    1.0                       5.1   -4.1      4.2
  SINCE DEC 1     10.7                      20.4   -9.7     17.7
  SINCE JUL 1     18.6                      28.7  -10.1     20.2
  SNOW DEPTH       0

DEGREE DAYS
 HEATING
  YESTERDAY       32                        42    -10       36
  MONTH TO DATE  940                       895     45     1002
  SINCE DEC 1   3640                      3810   -170     4242
  SINCE JUL 1   5497                      5512    -15     5879

 COOLING
  YESTERDAY        0                         0      0        0
  MONTH TO DATE    0                         0      0        0
  SINCE DEC 1      0                         0      0        0
  SINCE JAN 1      0                         0      0        0
..................................................................


WIND (MPH)
  HIGHEST WIND SPEED    21   HIGHEST WIND DIRECTION    NW (310)
  HIGHEST GUST SPEED    24   HIGHEST GUST DIRECTION    NW (320)
  AVERAGE WIND SPEED     9.9


SKY COVER
  POSSIBLE SUNSHINE  MM
  AVERAGE SKY COVER 0.9


WEATHER CONDITIONS
 THE FOLLOWING WEATHER WAS RECORDED YESTERDAY.
  FOG


RELATIVE HUMIDITY (PERCENT)
 HIGHEST    89           700 PM
 LOWEST     50          1200 PM
 AVERAGE    70

..........................................................


THE HURON SD CLIMATE NORMALS FOR TODAY
                         NORMAL    RECORD    YEAR
 MAXIMUM TEMPERATURE (F)   34        70      2000
 MINIMUM TEMPERATURE (F)   13       -22      1918


SUNRISE AND SUNSET
FEBRUARY 21 2015......SUNRISE   724 AM CST   SUNSET   610 PM CST
FEBRUARY 22 2015......SUNRISE   722 AM CST   SUNSET   611 PM CST


-  INDICATES NEGATIVE NUMBERS.
R  INDICATES RECORD WAS SET OR TIED.
MM INDICATES DATA IS MISSING.
T  INDICATES TRACE AMOUNT.




$$
